{"id":5,"date":"2023-05-26T11:27:32","date_gmt":"2023-05-26T09:27:32","guid":{"rendered":"https:\/\/scholar.semmelweis.hu\/valentnedralberteva\/bemutatkozas\/"},"modified":"2023-07-30T15:44:22","modified_gmt":"2023-07-30T13:44:22","slug":"bemutatkozas","status":"publish","type":"page","link":"https:\/\/scholar.semmelweis.hu\/valentnedralberteva\/","title":{"rendered":"Bemutatkoz\u00e1s"},"content":{"rendered":"<p style=\"text-align: justify\">1996-ban szereztem els\u0151 diplom\u00e1m az ELTE TTK fizika tan\u00e1r szak\u00e1n, 1994-2013 k\u00f6z\u00f6tt a Szent Istv\u00e1n K\u00f6zgazdas\u00e1gi Szakk\u00f6z\u00e9piskol\u00e1ban dolgoztam, el\u0151sz\u00f6r az esti tagozaton, azut\u00e1n a nappalin. 2005-2006 tan\u00e9vben, a Corvinus Egyetem \u00e1ltal ind\u00edtott, \u00e9s iskol\u00e1nkba kihelyezett, gazd\u00e1lkod\u00e1si menedzser-asszisztens k\u00e9pz\u00e9s\u00e9n: internet \u00e9s kommunik\u00e1ci\u00f3, multim\u00e9dia valamint adatb\u00e1zis-kezel\u00e9s (SQL) tant\u00e1rgyakat oktattam.\u00a0K\u00f6zben dolgoztam m\u00e9g az az\u00f3ta megsz\u0171nt Szab\u00f3ky Adolf M\u0171szaki Szakk\u00f6z\u00e9piskol\u00e1ban is.\u00a0<\/p>\n<p style=\"text-align: justify\">2013-2015 k\u00f6z\u00f6tt tagja lehettem a\u00a0<a href=\"https:\/\/www.geogebra.org\/u\/geomatech\">Geomatech<\/a> kreat\u00edv csapat\u00e1nak a Budapesti Kommunik\u00e1ci\u00f3s F\u0151iskola Alap\u00edtv\u00e1ynn\u00e1l.<\/p>\n<p style=\"text-align: justify\">2014-2020 k\u00f6z\u00f6tt a Pusk\u00e1s Tivadar T\u00e1vk\u00f6zl\u00e9si Technikumban tan\u00edtottam fizik\u00e1t \u00e9s informatik\u00e1t.<\/p>\n<p style=\"text-align: justify\">2020-t\u00f3l 2022-ig a Szent L\u0151rinc Katolikus \u00c1ltal\u00e1nos Iskol\u00e1ban is tan\u00edtottam.\u00a0<\/p>\n<p style=\"text-align: justify\">Szint\u00e9n 2020-t\u00f3l a Semmelweis Egyetem Pet\u0151 Andr\u00e1s kar\u00e1n tan\u00edtok. Az \u00e9let \u00fajabb aj\u00e1nd\u00e9ka ennyi lelkes j\u00f6vend\u0151 konduktorral tal\u00e1lkozni.<\/p>\n","protected":false},"excerpt":{"rendered":"<p>1996-ban szereztem els\u0151 diplom\u00e1m az ELTE TTK fizika tan\u00e1r szak\u00e1n, 1994-2013 k\u00f6z\u00f6tt a Szent Istv\u00e1n K\u00f6zgazdas\u00e1gi Szakk\u00f6z\u00e9piskol\u00e1ban dolgoztam, el\u0151sz\u00f6r az esti tagozaton, azut\u00e1n a nappalin. 2005-2006 tan\u00e9vben, a Corvinus Egyetem \u00e1ltal ind\u00edtott, \u00e9s iskol\u00e1nkba kihelyezett, &hellip;<\/p>\n","protected":false},"author":158,"featured_media":0,"parent":0,"menu_order":0,"comment_status":"closed","ping_status":"closed","template":"","meta":{"footnotes":""},"class_list":["post-5","page","type-page","status-publish","hentry"],"_links":{"self":[{"href":"https:\/\/scholar.semmelweis.hu\/valentnedralberteva\/wp-json\/wp\/v2\/pages\/5"}],"collection":[{"href":"https:\/\/scholar.semmelweis.hu\/valentnedralberteva\/wp-json\/wp\/v2\/pages"}],"about":[{"href":"https:\/\/scholar.semmelweis.hu\/valentnedralberteva\/wp-json\/wp\/v2\/types\/page"}],"author":[{"embeddable":true,"href":"https:\/\/scholar.semmelweis.hu\/valentnedralberteva\/wp-json\/wp\/v2\/users\/158"}],"replies":[{"embeddable":true,"href":"https:\/\/scholar.semmelweis.hu\/valentnedralberteva\/wp-json\/wp\/v2\/comments?post=5"}],"version-history":[{"count":4,"href":"https:\/\/scholar.semmelweis.hu\/valentnedralberteva\/wp-json\/wp\/v2\/pages\/5\/revisions"}],"predecessor-version":[{"id":36,"href":"https:\/\/scholar.semmelweis.hu\/valentnedralberteva\/wp-json\/wp\/v2\/pages\/5\/revisions\/36"}],"wp:attachment":[{"href":"https:\/\/scholar.semmelweis.hu\/valentnedralberteva\/wp-json\/wp\/v2\/media?parent=5"}],"curies":[{"name":"wp","href":"https:\/\/api.w.org\/{rel}","templated":true}]}}

Bemutatkozás

<p style="text-align: justify">1996-ban szereztem első diplomám az ELTE TTK fizika tanár szakán, 1994-2013 között a Szent István Közgazdasági Szakközépiskolában dolgoztam, először az esti tagozaton, azután a nappalin. 2005-2006 tanévben, a Corvinus Egyetem által indított, és iskolánkba kihelyezett, gazdálkodási menedzser-asszisztens képzésén: internet és kommunikáció, multimédia valamint adatbázis-kezelés (SQL) tantárgyakat oktattam. Közben dolgoztam még az azóta megszűnt Szabóky Adolf Műszaki Szakközépiskolában is. </p>
<p style="text-align: justify">2013-2015 között tagja lehettem a <a href="https://www.geogebra.org/u/geomatech">Geomatech</a> kreatív csapatának a Budapesti Kommunikációs Főiskola Alapítváynnál.</p>
<p style="text-align: justify">2014-2020 között a Puskás Tivadar Távközlési Technikumban tanítottam fizikát és informatikát.</p>
<p style="text-align: justify">2020-tól 2022-ig a Szent Lőrinc Katolikus Általános Iskolában is tanítottam. </p>
<p style="text-align: justify">Szintén 2020-tól a Semmelweis Egyetem Pető András karán tanítok. Az élet újabb ajándéka ennyi lelkes jövendő konduktorral találkozni.</p>

<p>1996-ban szereztem első diplomám az ELTE TTK fizika tanár szakán, 1994-2013 között a Szent István Közgazdasági Szakközépiskolában dolgoztam, először az esti tagozaton, azután a nappalin. 2005-2006 tanévben, a Corvinus Egyetem által indított, és iskolánkba kihelyezett, &hellip;</p>
