{"id":33,"date":"2023-07-30T15:40:27","date_gmt":"2023-07-30T13:40:27","guid":{"rendered":"https:\/\/scholar.semmelweis.hu\/valentnedralberteva\/?page_id=33"},"modified":"2024-05-29T23:48:46","modified_gmt":"2024-05-29T21:48:46","slug":"english-cv","status":"publish","type":"page","link":"https:\/\/scholar.semmelweis.hu\/valentnedralberteva\/english-cv\/","title":{"rendered":"English CV"},"content":{"rendered":"<p style=\"text-align: justify\"><strong>Data<\/strong><br \/><strong>Married Name:<\/strong>\u00a0<u>\u00c9va<\/u> M\u00e1ria VALENTN\u00c9 DR. ALBERT<br \/><strong>Maiden Name:\u00a0<\/strong><u>\u00c9va<\/u> M\u00e1ria DR. ALBERT<br \/><strong>E-mail: <\/strong>\u00a0\u00a0<a href=\"mailto:alberteva22@gmail.com\">alberteva22@gmail.com<\/a>\u00a0,\u00a0<a href=\"mailto:alberteva2@caesar.elte.hu\">alberteva2@caesar.elte.hu<\/a>,\u00a0<a href=\"mailto:valentne.albert.eva@semmelweis.hu\">valentne.albert.eva@semmelweis.hu<\/a><\/p>\n<p style=\"text-align: justify\"><strong>Web:\u00a0<\/strong><a href=\"http:\/\/alberteva2.web.elte.hu\/\">http:\/\/alberteva2.web.elte.hu\/<\/a><\/p>\n<p style=\"text-align: justify\"><strong>Degrees<\/strong><\/p>\n<ul style=\"text-align: justify\">\n<li>2020 Ph.D. (2012-2019) E\u00f6tv\u00f6s Lor\u00e1nd University, Faculty of Pedagogy and Psychology, Doctoral School of Education, Budapest, Hungary<br \/>Doctoral Programme: History of Education<br \/>Subprogram: School narratives in alumnae\u2019s life stories of the Sacr\u00e9 Coeur. Supervisor: \u00c1gnes Boreczky professor emerita<\/li>\n<\/ul>\n<ul style=\"text-align: justify\">\n<li>B.A. degree of English, E\u00f6tv\u00f6s Lor\u00e1nd University, Faculty of Humanities, Department of English for Teacher Education (2001-2004)<br \/>(Thesis:\u00a0<em>Pynchon: &#8222;Entropy&#8221; as a View of the Modern World<\/em>)<\/li>\n<li>M.S. degree of information technology, E\u00f6tv\u00f6s Lor\u00e1nd University, Faculty of Sciences, Department of Information Technology for Teacher Education (1996-1998) (Thesis:\u00a0<em>Adatb\u00e1zis-kezel\u00e9s Foxproban szoftver\u00fczemeltet\u0151knek. \/transl.: Database Managing in Foxpro for software operators\/)<\/em><\/li>\n<li>M.S. degree in physics, E\u00f6tv\u00f6s Lor\u00e1nd University, Faculty of Sciences, Department of Physics for Teacher Education (1991-1996) (Thesis:\u00a0<em>A fa fizikai tulajdons\u00e1gai<\/em>\u00a0\/transl.: Physical Characteristics of Wood\/)<\/li>\n<li>(Maturity Exam, 1991, P\u00e1l R\u00e1day Academic Grammar School (1987-1991)<br \/>Isaszegi \u00fat 27. P\u00e9cel H-2119)<\/li>\n<\/ul>\n<p style=\"text-align: justify\"><strong>Places of Work<\/strong><\/p>\n<ul style=\"text-align: justify\">\n<li>From 2020 Andr\u00e1s Pet\u0151 Faculty of Semmelweis University (K\u00fatv\u00f6lgyi \u00fat 8. Budapest H-1125)<br \/>college senior lecturer<\/li>\n<li>2020-2022 Saint Lawrance Catholic Elementary School (Gy\u00f6ngyvir\u00e1g utca 41. Budapest H-1183)<br \/>Teaching of Physics and Computer Studies<\/li>\n<li>2014-2020 Tivadar Pusk\u00e1s Technical School of Telecommunications<br \/>(Gy\u00e1li \u00fat 22. Budapest H-1097)<br \/>Teaching of Physics and Computer Studies<\/li>\n<li>2013-2015 BKF Communication Foundation<br \/>(Nagy\u00a0Lajos kir\u00e1ly \u00fatja 1-9. Budapest H-1148)<br \/>Developer of digital resources in STEM (science, technology, engineering, and mathematics) with Geogebra software in\u00a0<a href=\"https:\/\/www.geogebra.org\/u\/geomatech\">Geomatech Project<\/a><\/li>\n<\/ul>\n<ul style=\"text-align: justify\">\n<li>1994-2013 Saint Stephen Vocational Secondary School of Economics<br \/>(Mester u. 56-58. Budapest H-1095)<br \/>Teaching of Physics, English Language and Computer Studies at part time (evening) course<br \/>Teaching of Computer Studies at full time course<br \/>2005-2006: Teaching of \u201cInternet and Communication\u201d, \u201cMultimedia\u201d and \u201cDatabase Managing\u201d subjects for Manager Assistant of Economics at Advanced Vocational Training Program (Cooperated with Corvinus University, Faculty of Economics)\n<\/li>\n<li>1995-1998 Adolf Szab\u00f3ky Secondary Technical and Vocational School<br \/>(Soroks\u00e1ri \u00fat 75-77. Budapest H-1095)<br \/>Teaching of Physics and Computer Studies<br \/>Network Administrating<\/li>\n<\/ul>\n<p><strong>Membership<\/strong><\/p>\n<p>Hungarian Academy of Sciences, public membership from 2024<\/p>\n<p style=\"text-align: justify\"><strong>Further Trainings<\/strong><\/p>\n<ul style=\"text-align: justify\">\n<li>2020-2021 CISCO CCNAv7 1. instructor<\/li>\n<li>2018 \u201eBias reduction&#8221; teacher training (Heroes Square Initiative)<\/li>\n<li>2016 \u201eHeroes&#8217; Squere\u201d teacher training (<a href=\"https:\/\/www.o.hosoktere.org\/english\">Heroes Square Initiative<\/a>)<\/li>\n<li>2013 Using of modern teaching methods and ICT tools in eTwinning (30 lessons)<\/li>\n<li>2007 Using of the Virtual Model System for Educational Purpose (Apertus Publ. Found.)<\/li>\n<li>2005\u00a0\u00a0\u00a0 Secondary School Leaving Exam (Standard and Advanced Level) Examiner of English Language (45 lessons)<\/li>\n<li>2005 Development of language skills with communicative view (30 lessons)<\/li>\n<li>2004 ECDL instructor and examiner (John von Neumann Computer Society)<\/li>\n<li>2004 Secondary School Leaving Exam (Standard and Advanced Level) Examiner of IT (30 lessons)<\/li>\n<li>1998-2000 English Language Courses (120 lessons\/year) Studia Language School<\/li>\n<\/ul>\n<p style=\"text-align: justify\"><strong>Other<\/strong><\/p>\n<ul style=\"text-align: justify\">\n<li>from 2018 keeping a\u00a0<a href=\"http:\/\/szentkatolnai.synology.me\/m\/start.html\">Micro:bit extracurricular activity<\/a>\u00a0(by Volunteering)<\/li>\n<li>2017-2018 keeping an English extracurricular activity in a Roman Catholic primary school (by Volunteering)<\/li>\n<li>from 2017 gardening in the Agora Community Garden in Budapest<\/li>\n<li>2010 Designing and Managing of the website of the Saint Stephen Vocational Secondary School Alumni Association (by Volunteering, cooperated with Zsolt Valent)\u00a0<a href=\"http:\/\/www.szistvan.hu\/baratikor\">http:\/\/www.szistvan.hu\/baratikor<\/a><\/li>\n<li>2007 ECDL Examining<\/li>\n<li>2006-2008 IT Experting (TISZK).<\/li>\n<li>2005-2007 Managing of the website of the Saint Stephen Vocational Secondary School of Economics (cooperated with Zsolt Valent).<\/li>\n<\/ul>\n<p style=\"text-align: justify\"><strong>Publications<\/strong><\/p>\n<p style=\"text-align: justify\"><a href=\"https:\/\/m2.mtmt.hu\/gui2\/?type=authors&amp;mode=browse&amp;sel=10031234\">https:\/\/www.mtmt.hu\/<\/a><\/p>\n<p style=\"text-align: justify\"><strong>STEM<\/strong><\/p>\n<ul style=\"text-align: justify\">\n<li>\u00c9va VALENTN\u00c9 ALBERT (2015):\u00a0<em>Mi az a mobra?<\/em><br \/>\/What is the &#8222;mogure&#8221;? mogure=motion figure\/<br \/><a href=\"http:\/\/www.tani-tani.info\/mi_az_a_mobra\">http:\/\/www.tani-tani.info\/mi_az_a_mobra<\/a><\/li>\n<li><a href=\"https:\/\/www.geogebra.org\/u\/alberteva22\">Geogebra materials<\/a><\/li>\n<\/ul>\n<p style=\"text-align: justify\">\u00a0<\/p>\n<p style=\"text-align: justify\">\u00a0<\/p>\n<p style=\"text-align: justify\"><strong>History of Education:<\/strong><\/p>\n<ul style=\"text-align: justify\">\n<li>Valentn\u00e9 Albert \u00c9va (2019): School narratives in alumnae&#8217;s life stories of the Sacr\u00e9 Coeur\u00a0<a href=\"https:\/\/ppk.elte.hu\/dstore\/document\/177\/Valentne_Albert_Eva_tezisfuzet_angol.pdf\">(thesis of the dissertation)<\/a><\/li>\n<li>Valentn\u00e9 Albert \u00c9va (2018): \u00daj tudom\u00e1nyter\u00fclet sz\u00fcletik: a T\u00c9R pedag\u00f3gi\u00e1ja. \/transl.: A new field of science is born: the pedagogy of Spatiality.\/\u00a0<em>Nevel\u00e9studom\u00e1ny: Oktat\u00e1s Kutat\u00e1s Innov\u00e1ci\u00f3\u00a0<\/em><strong>6\u00a0<\/strong>: 96-101. DOI: 10.21549\/NTNY.21.2018.1.7<br \/>Let\u00f6lt\u00e9s:\u00a0\u00a0<a href=\"http:\/\/nevelestudomany.elte.hu\/index.php\/2018\/04\/uj-tudomanyterulet-szuletik-a-ter-pedagogiaja\/\">http:\/\/nevelestudomany.elte.hu\/index.php\/2018\/04\/uj-tudomanyterulet-szuletik-a-ter-pedagogiaja\/\u00a0<\/a>2020. m\u00e1jus 26.<\/li>\n<li>Valentn\u00e9 Albert \u00c9va (2014):\u00a0<em>A term\u00e9szetes \u00e9s az \u00e9p\u00edtett k\u00f6rnyezet nevel\u0151 hat\u00e1sa: Sacr\u00e9 Coeur \u2013 Budapest, New School \u2013 Abbotsholme. \/transl.: The educational effect of the natural and constructed environment: Sacr\u00e9 Coeur \u2013 Budapest, New School \u2013 Abbotsholme.\/<br \/><\/em>tan\u00ed-tani online: nyitott pedag\u00f3giai blog. \/transl.: To teach. Open educational blog.\/ pp. 1-26.<br \/><a href=\"http:\/\/www.tani-tani.info\/a_termeszetes_es_az_epitett\">http:\/\/www.tani-tani.info\/sites\/default\/files\/kornyezet_0.pdf<\/a><\/li>\n<li>\u00c9va VALENTN\u00c9 ALBERT (2013): Besz\u00e9des falak a Sacr\u00e9 Coeurben.\u00a0<em>\/transl.:\u00a0<\/em><em>Speaking walls in the Sacr\u00e9 Coeur\/<\/em>\u00a0In: \u00c1gota FEH\u00c9R, M\u00e1ria F\u00dcL\u00d6PN\u00c9 ERD\u0150, L\u00e1szl\u00f3 M\u00c9SZ\u00c1ROS (ed.):\u00a0<em>\u201eGravissimum educationis\u201dA kereszt\u00e9ny nevel\u00e9s feladatai \u00e9s kih\u00edv\u00e1sai a harmadik \u00e9vezred elej\u00e9n.<\/em>\u00a0<em>\/transl.:\u00a0<\/em><em>\u201eGravissimum educationis\u201d Missions and challenges of the Christian Education at the beginning of the third millennium\/\u00a0<\/em>Vilmos Apor Catholic College, V\u00e1c. 284-294. p.<\/li>\n<\/ul>\n<p style=\"text-align: justify\"><strong>Translation:<\/strong><\/p>\n<ul style=\"text-align: justify\">\n<li>Marc DEPAEPE: T\u00f6bb, mint az amn\u00e9zia ellenszere&#8230; Historiogr\u00e1fiai, elm\u00e9leti \u00e9s m\u00f3dszertani reflexi\u00f3k a nevel\u00e9s t\u00f6rt\u00e9net\u00e9re vonatkoz\u00f3an.\u00a0<em>\/<\/em><em>original: Marc DEPAEPE: More than an antidote against amnesia&#8230;\u00a0 Some historiographical, theoretical and methodological reflections on the History of Education as a field of research and as a teaching subject\/\u00a0<\/em>In: Andr\u00e1s N\u00c9METH &#8211; Judit HEGED\u0170S &#8211; Zolt\u00e1n Andr\u00e1s SZAB\u00d3 (ed.):\u00a0<em>Pedag\u00f3giai historiogr\u00e1fia. \u00daj elm\u00e9leti megk\u00f6zel\u00edt\u00e9sek, metodol\u00f3giai elj\u00e1r\u00e1sok.<\/em>\u00a0\/transl.: Pedagogical historiography. New theoretical and methodological approaches.\/ ELTE E\u00f6tv\u00f6s Publisher. Budapest, 2013. 9-29.p.<\/li>\n<\/ul>\n<p style=\"text-align: justify\"><strong>IT:<\/strong><\/p>\n<ul>\n<li style=\"text-align: justify\">Eszter NAGYN\u00c9 LAKATOS, \u00c9va VALENTN\u00c9 ALBERT:\u00a0<em>Adatb\u00e1zis-kezel\u00e9s Foxproban szoftver\u00fczemeltet\u0151knek.<\/em>\u00a0<em>\/transl.: Database Managin<\/em><em>g in Foxpro for software operators\/)<\/em>\u00a0Published firstly by Szab\u00f3ky Adolf Secondary Technical and Vocational School. Budapest, 1998. Digital version in 2012. 91 p.<br \/><a href=\"http:\/\/mek.oszk.hu\/10600\/10608\/\">http:\/\/mek.oszk.hu\/10600\/10608\/<\/a><\/li>\n<\/ul>\n","protected":false},"excerpt":{"rendered":"<p>DataMarried Name:\u00a0\u00c9va M\u00e1ria VALENTN\u00c9 DR. ALBERTMaiden Name:\u00a0\u00c9va M\u00e1ria DR. ALBERTE-mail: \u00a0\u00a0 <a href=\"mailto:alberteva22@gmail.com\">alberteva22@gmail.com<\/a> \u00a0,\u00a0 <a href=\"mailto:alberteva2@caesar.elte.hu\">alberteva2@caesar.elte.hu<\/a> ,\u00a0 <a href=\"mailto:valentne.albert.eva@semmelweis.hu\">valentne.albert.eva@semmelweis.hu<\/a> Web:\u00a0 <a href=\"http:\/\/alberteva2.web.elte.hu\/\">http:\/\/alberteva2.web.elte.hu\/<\/a> Degrees 2020 Ph.D. (2012-2019) E\u00f6tv\u00f6s Lor\u00e1nd University, Faculty of Pedagogy and Psychology, Doctoral School of Education, Budapest, HungaryDoctoral Programme: History of &hellip;<\/p>\n","protected":false},"author":158,"featured_media":0,"parent":0,"menu_order":0,"comment_status":"closed","ping_status":"closed","template":"","meta":{"footnotes":""},"class_list":["post-33","page","type-page","status-publish","hentry"],"_links":{"self":[{"href":"https:\/\/scholar.semmelweis.hu\/valentnedralberteva\/wp-json\/wp\/v2\/pages\/33"}],"collection":[{"href":"https:\/\/scholar.semmelweis.hu\/valentnedralberteva\/wp-json\/wp\/v2\/pages"}],"about":[{"href":"https:\/\/scholar.semmelweis.hu\/valentnedralberteva\/wp-json\/wp\/v2\/types\/page"}],"author":[{"embeddable":true,"href":"https:\/\/scholar.semmelweis.hu\/valentnedralberteva\/wp-json\/wp\/v2\/users\/158"}],"replies":[{"embeddable":true,"href":"https:\/\/scholar.semmelweis.hu\/valentnedralberteva\/wp-json\/wp\/v2\/comments?post=33"}],"version-history":[{"count":7,"href":"https:\/\/scholar.semmelweis.hu\/valentnedralberteva\/wp-json\/wp\/v2\/pages\/33\/revisions"}],"predecessor-version":[{"id":52,"href":"https:\/\/scholar.semmelweis.hu\/valentnedralberteva\/wp-json\/wp\/v2\/pages\/33\/revisions\/52"}],"wp:attachment":[{"href":"https:\/\/scholar.semmelweis.hu\/valentnedralberteva\/wp-json\/wp\/v2\/media?parent=33"}],"curies":[{"name":"wp","href":"https:\/\/api.w.org\/{rel}","templated":true}]}}