{"id":3,"date":"2025-04-25T11:33:23","date_gmt":"2025-04-25T09:33:23","guid":{"rendered":"https:\/\/scholar.semmelweis.hu\/telbalint\/elerhetoseg\/"},"modified":"2025-04-25T11:33:23","modified_gmt":"2025-04-25T09:33:23","slug":"elerhetoseg","status":"publish","type":"page","link":"https:\/\/scholar.semmelweis.hu\/telbalint\/elerhetoseg\/","title":{"rendered":"El\u00e9rhet\u0151s\u00e9g"},"content":{"rendered":"<p>Kattintson az oldal tetej\u00e9n tal\u00e1lhat\u00f3 &#8222;Oldal szerkeszt\u00e9se&#8221; linkre (csak <a href=\"\/wp-admin\">bel\u00e9pve<\/a> l\u00e1that\u00f3)!<\/p>\n","protected":false},"excerpt":{"rendered":"<p>Kattintson az oldal tetej\u00e9n tal\u00e1lhat\u00f3 &#8222;Oldal szerkeszt\u00e9se&#8221; linkre (csak <a href=\"\/wp-admin\">bel\u00e9pve<\/a> l\u00e1that\u00f3)!<\/p>\n","protected":false},"author":1,"featured_media":0,"parent":0,"menu_order":0,"comment_status":"closed","ping_status":"closed","template":"","meta":{"footnotes":""},"class_list":["post-3","page","type-page","status-publish","hentry"],"_links":{"self":[{"href":"https:\/\/scholar.semmelweis.hu\/telbalint\/wp-json\/wp\/v2\/pages\/3"}],"collection":[{"href":"https:\/\/scholar.semmelweis.hu\/telbalint\/wp-json\/wp\/v2\/pages"}],"about":[{"href":"https:\/\/scholar.semmelweis.hu\/telbalint\/wp-json\/wp\/v2\/types\/page"}],"author":[{"embeddable":true,"href":"https:\/\/scholar.semmelweis.hu\/telbalint\/wp-json\/wp\/v2\/users\/1"}],"replies":[{"embeddable":true,"href":"https:\/\/scholar.semmelweis.hu\/telbalint\/wp-json\/wp\/v2\/comments?post=3"}],"version-history":[{"count":0,"href":"https:\/\/scholar.semmelweis.hu\/telbalint\/wp-json\/wp\/v2\/pages\/3\/revisions"}],"wp:attachment":[{"href":"https:\/\/scholar.semmelweis.hu\/telbalint\/wp-json\/wp\/v2\/media?parent=3"}],"curies":[{"name":"wp","href":"https:\/\/api.w.org\/{rel}","templated":true}]}}