{"id":5,"date":"2022-03-30T10:18:09","date_gmt":"2022-03-30T08:18:09","guid":{"rendered":"https:\/\/scholar.semmelweis.hu\/szocskamiklos\/bemutatkozas\/"},"modified":"2025-10-20T14:50:49","modified_gmt":"2025-10-20T12:50:49","slug":"bemutatkozas","status":"publish","type":"page","link":"https:\/\/scholar.semmelweis.hu\/szocskamiklos\/","title":{"rendered":"Bemutatkoz\u00e1s"},"content":{"rendered":"<p style=\"text-align: justify\">1989-ben szereztem orvosi diplom\u00e1t a Semmelweis Egyetemen, ahol a k\u00e9pz\u00e9s ideje alatt a di\u00e1k\u00f6nkorm\u00e1nyzat vezet\u0151j\u00e9v\u00e9 v\u00e1lasztottak. \u00c9rdekl\u0151d\u00e9sem ennek hat\u00e1s\u00e1ra az eg\u00e9szs\u00e9g\u00fcgyi menedzsment ir\u00e1ny\u00e1ba fordult, ez\u00e9rt a diplom\u00e1m megszerz\u00e9s\u00e9t k\u00f6vet\u0151en koll\u00e9g\u00e1immal egy\u00fctt megalap\u00edtottuk az Eg\u00e9szs\u00e9g\u00fcgyi Menedzserk\u00e9pz\u0151 K\u00f6zpontot, amelynek jelenleg is a vezet\u0151je vagyok.<\/p>\n<p style=\"text-align: justify\">A menedzserk\u00e9pz\u0151 keretei k\u00f6z\u00f6tt a Harvard Egyetem John F. Kennedy Iskol\u00e1j\u00e1ban Master of Public Administration diplom\u00e1t szereztem, tov\u00e1bb\u00e1 a Semmelweis Egyetemen v\u00e1ltoztat\u00e1smenedzsment t\u00e9m\u00e1ban sikeresen megv\u00e9dtem doktori disszert\u00e1ci\u00f3mat.<\/p>\n<p style=\"text-align: justify\">2010 \u00e9s 2014 k\u00f6z\u00f6tt eg\u00e9szs\u00e9g\u00fcgy\u00e9rt felel\u0151s \u00e1llamtitk\u00e1ri poz\u00edci\u00f3t t\u00f6lt\u00f6ttem be. \u00c1llamtitk\u00e1rk\u00e9nt k\u00fcl\u00f6n\u00f6sen nagy hangs\u00falyt fektetettem a bizony\u00edt\u00e9kon alapul\u00f3 konzultat\u00edv eg\u00e9szs\u00e9gpolitika meghonos\u00edt\u00e1s\u00e1ra \u00e9s az eg\u00e9szs\u00e9g\u00fcgyi dolgoz\u00f3k b\u00e9remel\u00e9s\u00e9re, de legf\u0151bb eredm\u00e9nyemnek a n\u00e9peg\u00e9szs\u00e9g\u00fcgyi term\u00e9kad\u00f3 bevezet\u00e9s\u00e9t, a doh\u00e1nyz\u00e1s visszaszor\u00edt\u00e1s\u00e1t, a k\u00f3rh\u00e1zi rendszerek k\u00f6zpontos\u00edt\u00e1s\u00e1t \u00e9s az e-eg\u00e9szs\u00e9g\u00fcgy megalapoz\u00e1s\u00e1t tekintem.<\/p>\n<p style=\"text-align: justify\">2014-t\u0151l ism\u00e9t az Eg\u00e9szs\u00e9g\u00fcgyi Menedzserk\u00e9pz\u0151 K\u00f6zpont igazgat\u00f3ja \u00e9s oktat\u00f3ja vagyok.<\/p>\n<p style=\"text-align: justify\">2019-t\u0151l 2025-ig a Semmelweis Egyetem Eg\u00e9szs\u00e9g\u00fcgyi K\u00f6zszolg\u00e1lati Kar\u00e1nak d\u00e9k\u00e1nja voltam.<\/p>\n<p style=\"text-align: justify\">F\u0151bb kutat\u00e1si \u00e9s oktat\u00e1si ter\u00fcleteim a h\u00e1l\u00f3zatelemz\u00e9s, a vezet\u00e9s- \u00e9s v\u00e1ltoztat\u00e1smenedzsment, a kr\u00edziskommunik\u00e1ci\u00f3, a t\u00e1rsadalmi innov\u00e1ci\u00f3, az e-eg\u00e9szs\u00e9g\u00fcgyi \u00e9s BIG DATA megold\u00e1sok, a mesters\u00e9ges intelligencia eg\u00e9szs\u00e9g\u00fcgyi alkalmaz\u00e1sa, a fenntarthat\u00f3s\u00e1g, valamint az adatalap\u00fa \u00e9s az adatvez\u00e9relt megold\u00e1sok az eg\u00e9szs\u00e9g\u00fcgyben.<\/p>\n<p style=\"text-align: justify\">2024-t\u0151l\u00a0senior munkat\u00e1rsnak neveztek ki a Harvard Kennedy School of Government Mossavar-Rahmani Center for Business\u00a0<span style=\"color: #000000\">and\u00a0<\/span>Government k\u00f6zpontj\u00e1ban.<\/p>\n<p style=\"text-align: justify\"><strong><a href=\"https:\/\/scholar.semmelweis.hu\/szocskamiklos\/cv\/\">Tov\u00e1bb a r\u00e9szletes CV-hez \u2192<\/a><\/strong><\/p>\n","protected":false},"excerpt":{"rendered":"<p>1989-ben szereztem orvosi diplom\u00e1t a Semmelweis Egyetemen, ahol a k\u00e9pz\u00e9s ideje alatt a di\u00e1k\u00f6nkorm\u00e1nyzat vezet\u0151j\u00e9v\u00e9 v\u00e1lasztottak. \u00c9rdekl\u0151d\u00e9sem ennek hat\u00e1s\u00e1ra az eg\u00e9szs\u00e9g\u00fcgyi menedzsment ir\u00e1ny\u00e1ba fordult, ez\u00e9rt a diplom\u00e1m megszerz\u00e9s\u00e9t k\u00f6vet\u0151en koll\u00e9g\u00e1immal egy\u00fctt megalap\u00edtottuk az Eg\u00e9szs\u00e9g\u00fcgyi Menedzserk\u00e9pz\u0151 &hellip;<\/p>\n","protected":false},"author":133,"featured_media":0,"parent":0,"menu_order":0,"comment_status":"closed","ping_status":"closed","template":"","meta":{"footnotes":""},"class_list":["post-5","page","type-page","status-publish","hentry"],"_links":{"self":[{"href":"https:\/\/scholar.semmelweis.hu\/szocskamiklos\/wp-json\/wp\/v2\/pages\/5"}],"collection":[{"href":"https:\/\/scholar.semmelweis.hu\/szocskamiklos\/wp-json\/wp\/v2\/pages"}],"about":[{"href":"https:\/\/scholar.semmelweis.hu\/szocskamiklos\/wp-json\/wp\/v2\/types\/page"}],"author":[{"embeddable":true,"href":"https:\/\/scholar.semmelweis.hu\/szocskamiklos\/wp-json\/wp\/v2\/users\/133"}],"replies":[{"embeddable":true,"href":"https:\/\/scholar.semmelweis.hu\/szocskamiklos\/wp-json\/wp\/v2\/comments?post=5"}],"version-history":[{"count":13,"href":"https:\/\/scholar.semmelweis.hu\/szocskamiklos\/wp-json\/wp\/v2\/pages\/5\/revisions"}],"predecessor-version":[{"id":108,"href":"https:\/\/scholar.semmelweis.hu\/szocskamiklos\/wp-json\/wp\/v2\/pages\/5\/revisions\/108"}],"wp:attachment":[{"href":"https:\/\/scholar.semmelweis.hu\/szocskamiklos\/wp-json\/wp\/v2\/media?parent=5"}],"curies":[{"name":"wp","href":"https:\/\/api.w.org\/{rel}","templated":true}]}}