{"id":2,"date":"2015-06-15T08:11:17","date_gmt":"2015-06-15T06:11:17","guid":{"rendered":"http:\/\/scholar.semmelweis.hu\/szirmaiagnes\/cv\/"},"modified":"2025-10-08T15:35:13","modified_gmt":"2025-10-08T13:35:13","slug":"cv","status":"publish","type":"page","link":"https:\/\/scholar.semmelweis.hu\/szirmaiagnes\/cv\/","title":{"rendered":"CV"},"content":{"rendered":"<h2 style=\"text-align: center\">\u00d6n\u00e9letrajz<\/h2>\n<h4 style=\"text-align: left\"><strong>PROF. Dr. Szirmai \u00c1gnes<\/strong><\/h4>\n<p>(sz\u00fcl.:1958. \u00e1prilis 14, an. Romh\u00e1nyi Katalin)<\/p>\n<ul>\n<li><strong>Beoszt\u00e1s<\/strong>: egyetemi tan\u00e1r\u00a0 \u00a01977-83-ig Semmelweis Orvostudom\u00e1nyi Egyetem \u00c1ltal\u00e1nos Orvostudom\u00e1nyi Kar.<\/li>\n<li><strong>Extern\u00e1l\u00e1s:<\/strong> Semmelweis Orvostudom\u00e1nyi egyetem F\u00fcl- orr- G\u00e9geklinika<\/li>\n<li><strong>Rektori p\u00e1ly\u00e1zatok:<\/strong> A rhinol\u00f3gia hat\u00e1rter\u00fcleti k\u00e9rd\u00e9sei I. helyez\u00e9s Nagyothall\u00f3 gyermek rehabilit\u00e1ci\u00f3ja&#8221; I. helyez\u00e9s<\/li>\n<li><strong>Nyelvvizsg\u00e1k:<\/strong> 1981-ban szakmai nyelvvel b\u0151v\u00edtett angol k\u00f6z\u00e9pfok\u00fa \u00e1llami nyelvvizsga 1999-ben orosz nyelvb\u0151l alapfok\u00fa nyelvvizsga <strong>\u00a0<\/strong><\/li>\n<li><strong>Diploma: 1983, cum laude<\/strong> <strong>\u00a0<\/strong><strong>Szakvizsg\u00e1k:\u00a0<\/strong> 1987-ben f\u00fcl- orr- g\u00e9gegy\u00f3gy\u00e1szat, &#8222;jeles&#8221; eredm\u00e9nnyel 1996-ban neurol\u00f3gia, \u00a0&#8222;j\u00f3&#8221; eredm\u00e9nnyel 2003-ban audiol\u00f3gia kiv\u00e1l\u00f3an megfelelt eredm\u00e9nnyel <strong>\u00a0<\/strong><\/li>\n<li><strong>Tudom\u00e1nyos min\u0151s\u00edt\u00e9s<\/strong>: (PhD): 2002.\u201cCerebrovascularis betegs\u00e9gek otoneurol\u00f3giai vonatkoz\u00e1sai\u201c c\u00edmmel, summa cum laude eredm\u00e9nnyel. <strong>\u00a0<\/strong><\/li>\n<li><strong>Habilit\u00e1ci\u00f3: 2022.<\/strong><\/li>\n<li><strong>Egyetemi tan\u00e1ri kinevez\u00e9s: 2023.szeptember 1. <\/strong><\/li>\n<\/ul>\n<h5>Klinikai munkav\u00e9gz\u00e9s:<\/h5>\n<p>1983-t\u00f3l -1987-ig, klinikai orvosi beoszt\u00e1sban, 1987-2000-ig egyetemi tan\u00e1rseg\u00e9dk\u00e9nt, 2000-2007-ig egyetemi adjunktusk\u00e9nt, 2007. j\u00falius 1-t\u0151l egyetemi docensk\u00e9nt. Fekv\u0151beteg-oszt\u00e1lyon v\u00e9gzett oszt\u00e1lyos orvosi munka 1983 \u00f3ta, oszt\u00e1ly vezet\u00e9se 1999 \u00f3ta. M\u0171t\u0151i munkav\u00e9gz\u00e9s 1983 \u00f3ta, a klinika munkarendj\u00e9nek megfelel\u0151en. Otoneurol\u00f3giai \u00e9s nervus. facialis szakrendel\u00e9s vezet\u00e9se 1989 \u00f3ta. Elektronystagmographia rutinszer\u0171 alkalmaz\u00e1s\u00e1nak bevezet\u00e9se 1989 \u00f3ta, sz\u00e1m\u00edt\u00f3g\u00e9pes nystagmographi\u00e1s metodika bevezet\u00e9se \u00e9s alkalmaz\u00e1sa 1996 \u00f3ta. Sz\u00e9d\u00fcl\u0151 betegek komplex diagnosztik\u00e1ja, rendszeres gondoz\u00e1sa, \u00e9s rehabilit\u00e1ci\u00f3ja \u00e9vente 2000 k\u00f6r\u00fcli betegforgalommal, 1996 \u00f3ta az orsz\u00e1g minden ter\u00fclet\u00e9r\u0151l. Sz\u00e9d\u00fcl\u0151 betegek \u00e9s perif\u00e9ri\u00e1s arcidegb\u00e9nul\u00e1sban szenved\u0151 betegek rendszeres konzult\u00e1ci\u00f3ja az orsz\u00e1g b\u00e1rmely ter\u00fclet\u00e9n fekv\u0151 f\u00fcl-orr-g\u00e9g\u00e9szeti \u00e9s neurol\u00f3giai oszt\u00e1lyok k\u00e9r\u00e9s\u00e9re. <strong>\u00a0<\/strong><\/p>\n<h5>Oktat\u00e1si tev\u00e9kenys\u00e9g:<\/h5>\n<p><strong>1. Gradu\u00e1lis:<\/strong><\/p>\n<p>Magyar \u00c1OK \u00e9s FOK orvostanhallgat\u00f3k oktat\u00e1sa 1983 \u00f3ta Angol \u00c1OK \u00e9s FOK 1989 \u00f3ta. Tantermi el\u0151ad\u00e1sok tart\u00e1sa magyar \u00e9s angol nyelven, gyakorlatvezet\u00e9s magyar \u00e9s angol nyelven Szigorl\u00f3 orvosok oktat\u00e1s\u00e1ban r\u00e9szv\u00e9tel a geri\u00e1triai tematikus blokk keret\u00e9ben 1995 \u00f3ta TDK nevel\u0151 (\u00e1ltal\u00e1ban 2 \u00e9vente 1-3 hallhat\u00f3, szakdolgozatok vagy rektori p\u00e1ly\u00e1zatok konzulense<\/p>\n<p><strong>2. Postgradu\u00e1lis<\/strong><\/p>\n<p>F\u00fcl-orr-g\u00e9g\u00e9sz szakorvosjel\u00f6ltek \u00e9s szakorvosok, Neurol\u00f3gia szakorvosjel\u00f6ltek Gyermekneurol\u00f3giai kurzusok H\u00e1ziorvos-tov\u00e1bbk\u00e9pz\u0151 tanfolyamok. Eg\u00e9szs\u00e9g\u00fcgyi m\u00e9rn\u00f6kk\u00e9pz\u00e9s Elektrofiziol\u00f3giai asszisztensk\u00e9pz\u00e9s Akusztikus k\u00e9pz\u00e9s 2009 \u00f3ta. \u00c9vente 3 napos, akkredit\u00e1lt \u201c Komplex Otoneurol\u00f3giai diagnosztika\u201d c\u00edm\u0171 kurzus szervez\u00e9se \u00e9s vezet\u00e9se f\u00fcl-orr-g\u00e9g\u00e9sz \u00e9s neurol\u00f3gus szakorvosok, szakorvosjel\u00f6ltek sz\u00e1m\u00e1ra <strong>\u00a0<\/strong><\/p>\n<h5>Egyes\u00fcleti tags\u00e1gok:<\/h5>\n<ul>\n<li>Magyar F\u00fcl- orr- g\u00e9georvosok Egyes\u00fclete<\/li>\n<li>Magyar Stroke T\u00e1rsas\u00e1gnak (alap\u00edt\u00f3 tag)<\/li>\n<li>Magyar Fejf\u00e1j\u00e1s T\u00e1rsas\u00e1g<\/li>\n<li>Nemzetk\u00f6zi Neurootol\u00f3giai \u00e9s Equilibriometriai T\u00e1rsas\u00e1g, (k\u00f6zpont: Bad Kissingen, N\u00e9metorsz\u00e1g, 2014-2025 k\u00f6zpontja Budapest, 2025-t\u0151l Kawagoe, Jap\u00e1n)<\/li>\n<li>B\u00e1r\u00e1ny T\u00e1rsas\u00e1g (k\u00f6zpont: Uppsala, Sv\u00e9dorsz\u00e1g)<\/li>\n<\/ul>\n<h5>Egyes\u00fcleti tiszts\u00e9gviselet:<\/h5>\n<p>Magyar F\u00fcl- orr- g\u00e9georvosok Egyes\u00fclete, Otoneurol\u00f3giai Szekci\u00f3 titk\u00e1ra 2003-2008-ig, eln\u00f6ke 2008-2012-ig. Nemzetk\u00f6zi Neurootolog\u00f3giai \u00e9s Equilibrometriai T\u00e1rsas\u00e1g eln\u00f6ke 2014-2024, jelenleg tiszteletbeli eln\u00f6ke. Magyar F\u00fcl-orr-g\u00e9georvosok Egyes\u00fclete jegyz\u0151je 2015-2019-ig, jelenleg az Egyes\u00fclet v\u00e1lasztott Eln\u00f6ks\u00e9gi Tagja, 2025.\u00f3ta ism\u00e9t jegyz\u0151je.<\/p>\n<h5>Publik\u00e1ci\u00f3s tev\u00e9kenys\u00e9g:<\/h5>\n<p>Tudom\u00e1nyos k\u00f6zlem\u00e9nyek sz\u00e1ma: 297 <br \/>\nMegjelent k\u00f6nyvek: 4 <br \/>\nK\u00f6nyvfejezetek: 17<br \/>\nKongresszusi el\u0151ad\u00e1s magyar \u00e9s angol nyelven: 310. <br \/>\nF\u00fcggetlen id\u00e9zetts\u00e9ge: 337<\/p>\n<p>Hirsch index: 12<\/p>\n","protected":false},"excerpt":{"rendered":"<p>\u00d6n\u00e9letrajz PROF. Dr. Szirmai \u00c1gnes (sz\u00fcl.:1958. \u00e1prilis 14, an. Romh\u00e1nyi Katalin) Beoszt\u00e1s: egyetemi tan\u00e1r\u00a0 \u00a01977-83-ig Semmelweis Orvostudom\u00e1nyi Egyetem \u00c1ltal\u00e1nos Orvostudom\u00e1nyi Kar. Extern\u00e1l\u00e1s: Semmelweis Orvostudom\u00e1nyi egyetem F\u00fcl- orr- G\u00e9geklinika Rektori p\u00e1ly\u00e1zatok: A rhinol\u00f3gia hat\u00e1rter\u00fcleti k\u00e9rd\u00e9sei I. &hellip;<\/p>\n","protected":false},"author":37,"featured_media":0,"parent":0,"menu_order":0,"comment_status":"closed","ping_status":"closed","template":"","meta":{"footnotes":""},"class_list":["post-2","page","type-page","status-publish","hentry"],"_links":{"self":[{"href":"https:\/\/scholar.semmelweis.hu\/szirmaiagnes\/wp-json\/wp\/v2\/pages\/2"}],"collection":[{"href":"https:\/\/scholar.semmelweis.hu\/szirmaiagnes\/wp-json\/wp\/v2\/pages"}],"about":[{"href":"https:\/\/scholar.semmelweis.hu\/szirmaiagnes\/wp-json\/wp\/v2\/types\/page"}],"author":[{"embeddable":true,"href":"https:\/\/scholar.semmelweis.hu\/szirmaiagnes\/wp-json\/wp\/v2\/users\/37"}],"replies":[{"embeddable":true,"href":"https:\/\/scholar.semmelweis.hu\/szirmaiagnes\/wp-json\/wp\/v2\/comments?post=2"}],"version-history":[{"count":8,"href":"https:\/\/scholar.semmelweis.hu\/szirmaiagnes\/wp-json\/wp\/v2\/pages\/2\/revisions"}],"predecessor-version":[{"id":45,"href":"https:\/\/scholar.semmelweis.hu\/szirmaiagnes\/wp-json\/wp\/v2\/pages\/2\/revisions\/45"}],"wp:attachment":[{"href":"https:\/\/scholar.semmelweis.hu\/szirmaiagnes\/wp-json\/wp\/v2\/media?parent=2"}],"curies":[{"name":"wp","href":"https:\/\/api.w.org\/{rel}","templated":true}]}}