{"id":28,"date":"2017-05-31T11:37:46","date_gmt":"2017-05-31T09:37:46","guid":{"rendered":"http:\/\/scholar.semmelweis.hu\/spatandras\/?page_id=28"},"modified":"2017-05-31T18:06:56","modified_gmt":"2017-05-31T16:06:56","slug":"publications","status":"publish","type":"page","link":"https:\/\/scholar.semmelweis.hu\/spatandras\/publications\/","title":{"rendered":"Publications"},"content":{"rendered":"<p>Forr\u00e1s: <a href=\"https:\/\/vm.mtmt.hu\/search\/slist.php?lang=0&amp;AuthorID=10000514\">Magyar Tudom\u00e1nyos M\u0171vek T\u00e1ra &#8211; Sp\u00e4t Andr\u00e1s k\u00f6zlem\u00e9nyei<\/a><\/p>\n<p><iframe loading=\"lazy\" src=\"https:\/\/vm.mtmt.hu\/search\/slist.php?lang=0&#038;AuthorID=10000514\" width=\"100%\" height=\"1000\" scrolling=\"auto\"><\/iframe><\/p>\n","protected":false},"excerpt":{"rendered":"<p>Forr\u00e1s: <a href=\"https:\/\/vm.mtmt.hu\/search\/slist.php?lang=0&amp;AuthorID=10000514\">Magyar Tudom\u00e1nyos M\u0171vek T\u00e1ra &#8211; Sp\u00e4t Andr\u00e1s k\u00f6zlem\u00e9nyei<\/a><\/p>\n","protected":false},"author":94,"featured_media":0,"parent":0,"menu_order":0,"comment_status":"closed","ping_status":"closed","template":"fullwidth-page.php","meta":{"footnotes":""},"class_list":["post-28","page","type-page","status-publish","hentry"],"_links":{"self":[{"href":"https:\/\/scholar.semmelweis.hu\/spatandras\/wp-json\/wp\/v2\/pages\/28"}],"collection":[{"href":"https:\/\/scholar.semmelweis.hu\/spatandras\/wp-json\/wp\/v2\/pages"}],"about":[{"href":"https:\/\/scholar.semmelweis.hu\/spatandras\/wp-json\/wp\/v2\/types\/page"}],"author":[{"embeddable":true,"href":"https:\/\/scholar.semmelweis.hu\/spatandras\/wp-json\/wp\/v2\/users\/94"}],"replies":[{"embeddable":true,"href":"https:\/\/scholar.semmelweis.hu\/spatandras\/wp-json\/wp\/v2\/comments?post=28"}],"version-history":[{"count":5,"href":"https:\/\/scholar.semmelweis.hu\/spatandras\/wp-json\/wp\/v2\/pages\/28\/revisions"}],"predecessor-version":[{"id":44,"href":"https:\/\/scholar.semmelweis.hu\/spatandras\/wp-json\/wp\/v2\/pages\/28\/revisions\/44"}],"wp:attachment":[{"href":"https:\/\/scholar.semmelweis.hu\/spatandras\/wp-json\/wp\/v2\/media?parent=28"}],"curies":[{"name":"wp","href":"https:\/\/api.w.org\/{rel}","templated":true}]}}