{"id":5,"date":"2020-11-12T08:18:54","date_gmt":"2020-11-12T07:18:54","guid":{"rendered":"https:\/\/scholar.semmelweis.hu\/somorjainoemi\/bemutatkozas\/"},"modified":"2026-01-06T15:52:00","modified_gmt":"2026-01-06T14:52:00","slug":"bemutatkozas","status":"publish","type":"page","link":"https:\/\/scholar.semmelweis.hu\/somorjainoemi\/","title":{"rendered":"Bemutatkoz\u00e1s"},"content":{"rendered":"<p>Informatikus k\u00f6nyvt\u00e1rosk\u00e9nt az ELTE-n szereztem diplom\u00e1t, \u00e9s irodalomtudom\u00e1nyi doktori tanulm\u00e1nyokat folytattam. T\u00f6bb szakmai tov\u00e1bbk\u00e9pz\u00e9sen vettem r\u00e9szt, p\u00e9ld\u00e1ul ment\u00e1lhigi\u00e9n\u00e9 k\u00f6nyvt\u00e1rosoknak (OSZK), kommunik\u00e1ci\u00f3s tr\u00e9ning (Barra Iskola), valamint tan\u00e1csad\u00f3i kurzus (COSCA, Sk\u00f3cia). Fels\u0151fok\u00fa angol, k\u00f6z\u00e9pfok\u00fa orosz \u00e9s alapfok\u00fa n\u00e9met nyelvtud\u00e1ssal rendelkezem, ami lehet\u0151v\u00e9 teszi nemzetk\u00f6zi szakmai kapcsolatok \u00e1pol\u00e1s\u00e1t \u00e9s konferencia-el\u0151ad\u00e1sokat (pl. IFLA World Library Congress, Helsinki; Lyon).<\/p>\n<p>T\u00f6bb mint harminc \u00e9ve dolgozom a Semmelweis Egyetem Magatart\u00e1studom\u00e1nyi Int\u00e9zet K\u00f6nyvt\u00e1r\u00e1ban, ahol a k\u00f6nyvt\u00e1ri szolg\u00e1ltat\u00e1sok fejleszt\u00e9s\u00e9re, inform\u00e1ci\u00f3s ig\u00e9nyek felt\u00e1r\u00e1s\u00e1ra \u00e9s tudom\u00e1nyos inform\u00e1ci\u00f3terjeszt\u00e9sre f\u00f3kusz\u00e1lok. Kutat\u00e1saim \u00e9s el\u0151ad\u00e1saim \u00e9rintik az olvas\u00f3i inkl\u00fazi\u00f3t \u00e9s t\u00e1rsadalmi \u00e9rz\u00e9keny\u00edt\u00e9st \u2013 t\u00f6bbek k\u00f6z\u00f6tt LMBTQ+ t\u00e9m\u00e1j\u00fa projektekben is.<\/p>\n<blockquote class=\"wp-embedded-content\" data-secret=\"9E74pNwl2u\"><p><a href=\"https:\/\/semmelweis.hu\/magtud\/intezet\/konyvtar\/\">Harkai Schiller P\u00e1l K\u00f6nyvt\u00e1r<\/a><\/p><\/blockquote>\n<p><iframe loading=\"lazy\" class=\"wp-embedded-content\" sandbox=\"allow-scripts\" security=\"restricted\" style=\"position: absolute; clip: rect(1px, 1px, 1px, 1px);\" title=\"&#8220;Harkai Schiller P\u00e1l K\u00f6nyvt\u00e1r&#8221; &#8212; Magatart\u00e1studom\u00e1nyi Int\u00e9zet\" src=\"https:\/\/semmelweis.hu\/magtud\/intezet\/konyvtar\/embed\/#?secret=9E74pNwl2u\" data-secret=\"9E74pNwl2u\" width=\"600\" height=\"338\" frameborder=\"0\" marginwidth=\"0\" marginheight=\"0\" scrolling=\"no\"><\/iframe><\/p>\n<p>&nbsp;<\/p>\n","protected":false},"excerpt":{"rendered":"<p>Informatikus k\u00f6nyvt\u00e1rosk\u00e9nt az ELTE-n szereztem diplom\u00e1t, \u00e9s irodalomtudom\u00e1nyi doktori tanulm\u00e1nyokat folytattam. T\u00f6bb szakmai tov\u00e1bbk\u00e9pz\u00e9sen vettem r\u00e9szt, p\u00e9ld\u00e1ul ment\u00e1lhigi\u00e9n\u00e9 k\u00f6nyvt\u00e1rosoknak (OSZK), kommunik\u00e1ci\u00f3s tr\u00e9ning (Barra Iskola), valamint tan\u00e1csad\u00f3i kurzus (COSCA, Sk\u00f3cia). Fels\u0151fok\u00fa angol, k\u00f6z\u00e9pfok\u00fa orosz \u00e9s alapfok\u00fa &hellip;<\/p>\n","protected":false},"author":107,"featured_media":0,"parent":0,"menu_order":0,"comment_status":"closed","ping_status":"closed","template":"","meta":{"footnotes":""},"class_list":["post-5","page","type-page","status-publish","hentry"],"_links":{"self":[{"href":"https:\/\/scholar.semmelweis.hu\/somorjainoemi\/wp-json\/wp\/v2\/pages\/5"}],"collection":[{"href":"https:\/\/scholar.semmelweis.hu\/somorjainoemi\/wp-json\/wp\/v2\/pages"}],"about":[{"href":"https:\/\/scholar.semmelweis.hu\/somorjainoemi\/wp-json\/wp\/v2\/types\/page"}],"author":[{"embeddable":true,"href":"https:\/\/scholar.semmelweis.hu\/somorjainoemi\/wp-json\/wp\/v2\/users\/107"}],"replies":[{"embeddable":true,"href":"https:\/\/scholar.semmelweis.hu\/somorjainoemi\/wp-json\/wp\/v2\/comments?post=5"}],"version-history":[{"count":9,"href":"https:\/\/scholar.semmelweis.hu\/somorjainoemi\/wp-json\/wp\/v2\/pages\/5\/revisions"}],"predecessor-version":[{"id":36,"href":"https:\/\/scholar.semmelweis.hu\/somorjainoemi\/wp-json\/wp\/v2\/pages\/5\/revisions\/36"}],"wp:attachment":[{"href":"https:\/\/scholar.semmelweis.hu\/somorjainoemi\/wp-json\/wp\/v2\/media?parent=5"}],"curies":[{"name":"wp","href":"https:\/\/api.w.org\/{rel}","templated":true}]}}