{"id":2,"date":"2015-09-24T10:20:49","date_gmt":"2015-09-24T08:20:49","guid":{"rendered":"http:\/\/scholar.semmelweis.hu\/sebestyena\/cv\/"},"modified":"2026-01-08T14:28:35","modified_gmt":"2026-01-08T13:28:35","slug":"cv","status":"publish","type":"page","link":"https:\/\/scholar.semmelweis.hu\/sebestyena\/cv\/","title":{"rendered":"CV"},"content":{"rendered":"<p><strong>V\u00e9gzetts\u00e9g<\/strong><br \/>\n1993. ELTE \u2013 biol\u00f3gus MSc<\/p>\n<p><strong>Tudom\u00e1nyos fokozatok<\/strong> <br \/>\n1998. PhD. &#8211; Semmelweis Egyetem Doktori Iskola <br \/>\n2022. DSc. \u2013 Magyar Tudom\u00e1nyos Akad\u00e9mia <br \/>\n2024. Habilit\u00e1ci\u00f3 \u2013 Semmelweis Egyetem<\/p>\n<p><strong>Munkahely<\/strong><br \/>\n1988 \u2013 Semmelweis Egyetem, I. Patol\u00f3giai \u00e9s K\u00eds\u00e9rleti R\u00e1kkutat\u00f3 Int\u00e9zet, majd Semmelweis Egyetem <a href=\"http:\/\/semmelweis.hu\/patologia1\/\">Patol\u00f3giai \u00e9s K\u00eds\u00e9rleti R\u00e1kkutat\u00f3 Int\u00e9zet<\/a><br \/>\n2012 \u2013 2017 Magyar Tudom\u00e1nyos Akad\u00e9mia \u2013 Semmelweis Egyetem<br \/>\nTumorprogresszi\u00f3 T\u00e1mogatott Kutat\u00f3csoport<\/p>\n<p><strong>Beoszt\u00e1s<\/strong><br \/>\n1998-2007 tudom\u00e1nyos munkat\u00e1rs <br \/>\n2007-2022 tudom\u00e1nyos f\u0151munkat\u00e1rs<br \/>\n2022- kutat\u00f3professzor<\/p>\n<p><strong>Nyelvismeret <\/strong>angol, orosz, olasz<\/p>\n<p><strong>Oktat\u00e1si \u00e9s Kutat\u00e1si tev\u00e9kenys\u00e9g<\/strong> <br \/>\nMunkacsoportom \u00e9s az Int\u00e9zet sz\u00f6vetteny\u00e9szt\u0151 laborat\u00f3rium\u00e1nak ir\u00e1ny\u00edt\u00e1sa mellett az oktat\u00e1sban is szerepet v\u00e1llalok, a patol\u00f3gia int\u00e9zetben els\u0151sorban TDK \u00e9s PhD hallgat\u00f3k tudom\u00e1nyos munk\u00e1j\u00e1t seg\u00edtem illetve a Genetikai-, Sejt- \u00e9s Immunbiol\u00f3giai Tansz\u00e9ken gyakorlatot vezetek.<\/p>\n<p><strong>Tudom\u00e1nyos \u00e9rdekl\u0151d\u00e9si ter\u00fclet<\/strong> <br \/>\nTumorbiol\u00f3gia, jel\u00e1tviteli vizsg\u00e1latok, rezisztencia mechanizmusok vizsg\u00e1lata, tumorsejtek metabolikus alkalmazkod\u00e1s\u00e1ban az mTOR aktivit\u00e1s v\u00e1ltoz\u00e1s szerep\u00e9nek vizsg\u00e1lata, metabolikus szimbi\u00f3zis, metabolikus adapt\u00e1ci\u00f3s mechanizmusok, tumor ellenes immunv\u00e1lasz, immunmetabolizmus<\/p>\n<p><strong>Tudom\u00e1nyos k\u00f6z\u00e9leti tev\u00e9kenys\u00e9g<\/strong><br \/>\nT\u00e1rsulati tags\u00e1gok: MOT, EACR, AACR, MPT, MBT, MIT, ISCAM, EUSAAT<\/p>\n<p><strong>Kit\u00fcntet\u00e9sek, d\u00edjak<\/strong><br \/>\n1993. Varga Guszt\u00e1vn\u00e9 D\u00edj (Magyar Onkol\u00f3gusok T\u00e1rsas\u00e1g\u00e1nak elismer\u00e9se)<br \/>\n2001. Magyary Zolt\u00e1n\/B\u00e9k\u00e9sy\/Bolyai \u00d6szt\u00f6nd\u00edj (MTA)<br \/>\n2009. Kiv\u00e1l\u00f3 Tudom\u00e1nyos Nevel\u0151 Honoris Causa kit\u00fcntet\u00e9s (Semmelweis Egyetem)<br \/>\n2015. Bolyai J\u00e1nos \u00d6szt\u00f6nd\u00edj (MTA)<br \/>\n2016. Hugonnai Vilma D\u00edj (Semmelweis Egyetem)<br \/>\n2018. Akad\u00e9miai T\u00e1mogat\u00e1s Kisgyermeket Nevel\u0151 Kutat\u00f3n\u0151k Doktori Fokozatszerz\u00e9s\u00e9hez D\u00edj (MTA)<br \/>\n2019. Juh\u00e1sz-Nagy P\u00e1l Tehets\u00e9ggondoz\u00f3i D\u00edj (ELTE)<br \/>\n2022. Kiv\u00e1l\u00f3 PhD Oktat\u00f3 D\u00edj (Semmelweis Egyetem)<\/p>\n<p><strong>Fontosabb tanulm\u00e1nyutak<\/strong><br \/>\n1995 \u2013 G\u00f6ttingeni Egyetem;<br \/>\n1998 \u2013 DKFZ, N\u00e9met R\u00e1kkutat\u00f3 K\u00f6zpont \u2013 Heidelberg;<br \/>\n2000 \u2013 Genovai R\u00e1kkutat\u00f3 K\u00f6zpont<\/p>\n<p><strong>K\u00f6zlem\u00e9nyek<\/strong><\/p>\n<p><a href=\"https:\/\/m2.mtmt.hu\/gui2\/?type=authors&amp;mode=browse&amp;sel=authors10000745\">https:\/\/m2.mtmt.hu\/gui2\/?type=authors&amp;mode=browse&amp;sel=authors10000745<\/a><\/p>\n<p>&nbsp;<\/p>\n","protected":false},"excerpt":{"rendered":"<p>V\u00e9gzetts\u00e9g 1993. ELTE \u2013 biol\u00f3gus MSc Tudom\u00e1nyos fokozatok 1998. PhD. &#8211; Semmelweis Egyetem Doktori Iskola 2022. DSc. \u2013 Magyar Tudom\u00e1nyos Akad\u00e9mia 2024. Habilit\u00e1ci\u00f3 \u2013 Semmelweis Egyetem Munkahely 1988 \u2013 Semmelweis Egyetem, I. Patol\u00f3giai \u00e9s K\u00eds\u00e9rleti &hellip;<\/p>\n","protected":false},"author":36,"featured_media":0,"parent":0,"menu_order":0,"comment_status":"closed","ping_status":"closed","template":"","meta":{"footnotes":""},"class_list":["post-2","page","type-page","status-publish","hentry"],"_links":{"self":[{"href":"https:\/\/scholar.semmelweis.hu\/sebestyena\/wp-json\/wp\/v2\/pages\/2"}],"collection":[{"href":"https:\/\/scholar.semmelweis.hu\/sebestyena\/wp-json\/wp\/v2\/pages"}],"about":[{"href":"https:\/\/scholar.semmelweis.hu\/sebestyena\/wp-json\/wp\/v2\/types\/page"}],"author":[{"embeddable":true,"href":"https:\/\/scholar.semmelweis.hu\/sebestyena\/wp-json\/wp\/v2\/users\/36"}],"replies":[{"embeddable":true,"href":"https:\/\/scholar.semmelweis.hu\/sebestyena\/wp-json\/wp\/v2\/comments?post=2"}],"version-history":[{"count":8,"href":"https:\/\/scholar.semmelweis.hu\/sebestyena\/wp-json\/wp\/v2\/pages\/2\/revisions"}],"predecessor-version":[{"id":36,"href":"https:\/\/scholar.semmelweis.hu\/sebestyena\/wp-json\/wp\/v2\/pages\/2\/revisions\/36"}],"wp:attachment":[{"href":"https:\/\/scholar.semmelweis.hu\/sebestyena\/wp-json\/wp\/v2\/media?parent=2"}],"curies":[{"name":"wp","href":"https:\/\/api.w.org\/{rel}","templated":true}]}}