{"id":3,"date":"2015-07-28T07:21:16","date_gmt":"2015-07-28T05:21:16","guid":{"rendered":"http:\/\/scholar.semmelweis.hu\/rajnaihajnalka\/bemutatkozas\/"},"modified":"2017-03-18T16:58:49","modified_gmt":"2017-03-18T15:58:49","slug":"bemutatkozas","status":"publish","type":"page","link":"https:\/\/scholar.semmelweis.hu\/rajnaihajnalka\/","title":{"rendered":"Bemutatkoz\u00e1s"},"content":{"rendered":"<p>&nbsp;<\/p>\n<p>A p\u00e1pai Pet\u0151fi S\u00e1ndor gimn\u00e1ziumban \u00e9retts\u00e9giztem 2002-ben, majd tanulm\u00e1nyaimat a Semmelweis Egyetem \u00c1ltal\u00e1nos Orvosi Kar\u00e1n folytattam, ahol 2008-ban szereztem orvosi diplom\u00e1t.<\/p>\n<p>2006-2008-ig Dr. Matolcsy Andr\u00e1s t\u00e9mavezet\u00e9s\u00e9vel v\u00e9geztem tudom\u00e1nyos di\u00e1kk\u00f6ri munk\u00e1t a I.sz. Patol\u00f3giai \u00e9s K\u00eds\u00e9rleti R\u00e1kkutat\u00f3 Int\u00e9zetben. Munk\u00e1m sor\u00e1n r\u00e9szt vettem a myeloproliferativ neoplasi\u00e1k betegs\u00e9gcsoportra jellemz\u0151 JAK2 mut\u00e1ci\u00f3 kimutat\u00e1s\u00e1nak diagnosztikus be\u00e1ll\u00edt\u00e1s\u00e1ban, majd ezt k\u00f6vet\u0151en a chronicus myeloid leukemiaban specifikus gy\u00f3gyszer rezisztenci\u00e1t eredm\u00e9nyez\u0151 mut\u00e1ci\u00f3k vizsg\u00e1lat\u00e1ban.<\/p>\n<p>2014-ben PhD fokozatot szereztem Dr. Matolcsy Andr\u00e1s t\u00e9mavezet\u00e9s\u00e9vel. Munk\u00e1m sor\u00e1n a follicularis lymphoma csontvel\u0151i terjed\u00e9s\u00e9t vizsg\u00e1ltam a reakt\u00edv mikrok\u00f6rnyezet sejt\u00f6sszet\u00e9tele f\u00fcggv\u00e9ny\u00e9ben. Dr. Kren\u00e1cs Tibor munkacsoportj\u00e1val a follicularis lymphom\u00e1ban a tumorsejtek \u00e9s a k\u00f6rnyezeti sejtek k\u00f6z\u00f6tti sejt-sejt kapcsolatokat vizsg\u00e1ltuk, valamint Dr. Szepesi \u00c1got\u00e1val a reakt\u00edv mikrok\u00f6rnyezet sejt\u00f6sszet\u00e9tel\u00e9nek t\u00fal\u00e9l\u00e9st befoly\u00e1sol\u00f3 hat\u00e1s\u00e1t vizsg\u00e1ltuk primer csont diff\u00faz nagy B-sejtes lymphom\u00e1ban.<\/p>\n<p>2011 szeptembert\u0151l\u00a02015. novemberig\u00a0patol\u00f3gus rezidens voltam az I.sz. Patol\u00f3giai \u00e9s K\u00eds\u00e9rleti R\u00e1kkutat\u00f3 Int\u00e9zetben.<\/p>\n<p>2015 november\u00e9ben patol\u00f3gus szakvizsg\u00e1t tettem. Munk\u00e1m sor\u00e1n r\u00e9szt veszek a hematopatol\u00f3giai \u00e9s neuropatol\u00f3giai sz\u00f6vettani diagnosztik\u00e1ban,\u00a0tov\u00e1bb\u00e1 a magyar, angol, illetve n\u00e9met nyelv\u0171 gradu\u00e1lis \u00e9s postgradu\u00e1lis oktat\u00e1sban, valamint tudom\u00e1nyos di\u00e1kkori hallgat\u00f3k vezet\u00e9s\u00e9ben.<\/p>\n","protected":false},"excerpt":{"rendered":"<p>&nbsp; A p\u00e1pai Pet\u0151fi S\u00e1ndor gimn\u00e1ziumban \u00e9retts\u00e9giztem 2002-ben, majd tanulm\u00e1nyaimat a Semmelweis Egyetem \u00c1ltal\u00e1nos Orvosi Kar\u00e1n folytattam, ahol 2008-ban szereztem orvosi diplom\u00e1t. 2006-2008-ig Dr. Matolcsy Andr\u00e1s t\u00e9mavezet\u00e9s\u00e9vel v\u00e9geztem tudom\u00e1nyos di\u00e1kk\u00f6ri munk\u00e1t a I.sz. Patol\u00f3giai \u00e9s &hellip;<\/p>\n","protected":false},"author":47,"featured_media":0,"parent":0,"menu_order":0,"comment_status":"closed","ping_status":"closed","template":"","meta":{"footnotes":""},"class_list":["post-3","page","type-page","status-publish","hentry"],"_links":{"self":[{"href":"https:\/\/scholar.semmelweis.hu\/rajnaihajnalka\/wp-json\/wp\/v2\/pages\/3"}],"collection":[{"href":"https:\/\/scholar.semmelweis.hu\/rajnaihajnalka\/wp-json\/wp\/v2\/pages"}],"about":[{"href":"https:\/\/scholar.semmelweis.hu\/rajnaihajnalka\/wp-json\/wp\/v2\/types\/page"}],"author":[{"embeddable":true,"href":"https:\/\/scholar.semmelweis.hu\/rajnaihajnalka\/wp-json\/wp\/v2\/users\/47"}],"replies":[{"embeddable":true,"href":"https:\/\/scholar.semmelweis.hu\/rajnaihajnalka\/wp-json\/wp\/v2\/comments?post=3"}],"version-history":[{"count":10,"href":"https:\/\/scholar.semmelweis.hu\/rajnaihajnalka\/wp-json\/wp\/v2\/pages\/3\/revisions"}],"predecessor-version":[{"id":53,"href":"https:\/\/scholar.semmelweis.hu\/rajnaihajnalka\/wp-json\/wp\/v2\/pages\/3\/revisions\/53"}],"wp:attachment":[{"href":"https:\/\/scholar.semmelweis.hu\/rajnaihajnalka\/wp-json\/wp\/v2\/media?parent=3"}],"curies":[{"name":"wp","href":"https:\/\/api.w.org\/{rel}","templated":true}]}}

Bemutatkozás

<p>&nbsp;</p>
<p>A pápai Petőfi Sándor gimnáziumban érettségiztem 2002-ben, majd tanulmányaimat a Semmelweis Egyetem Általános Orvosi Karán folytattam, ahol 2008-ban szereztem orvosi diplomát.</p>
<p>2006-2008-ig Dr. Matolcsy András témavezetésével végeztem tudományos diákköri munkát a I.sz. Patológiai és Kísérleti Rákkutató Intézetben. Munkám során részt vettem a myeloproliferativ neoplasiák betegségcsoportra jellemző JAK2 mutáció kimutatásának diagnosztikus beállításában, majd ezt követően a chronicus myeloid leukemiaban specifikus gyógyszer rezisztenciát eredményező mutációk vizsgálatában.</p>
<p>2014-ben PhD fokozatot szereztem Dr. Matolcsy András témavezetésével. Munkám során a follicularis lymphoma csontvelői terjedését vizsgáltam a reaktív mikrokörnyezet sejtösszetétele függvényében. Dr. Krenács Tibor munkacsoportjával a follicularis lymphomában a tumorsejtek és a környezeti sejtek közötti sejt-sejt kapcsolatokat vizsgáltuk, valamint Dr. Szepesi Ágotával a reaktív mikrokörnyezet sejtösszetételének túlélést befolyásoló hatását vizsgáltuk primer csont diffúz nagy B-sejtes lymphomában.</p>
<p>2011 szeptembertől 2015. novemberig patológus rezidens voltam az I.sz. Patológiai és Kísérleti Rákkutató Intézetben.</p>
<p>2015 novemberében patológus szakvizsgát tettem. Munkám során részt veszek a hematopatológiai és neuropatológiai szövettani diagnosztikában, továbbá a magyar, angol, illetve német nyelvű graduális és postgraduális oktatásban, valamint tudományos diákkori hallgatók vezetésében.</p>

<p>&nbsp; A pápai Petőfi Sándor gimnáziumban érettségiztem 2002-ben, majd tanulmányaimat a Semmelweis Egyetem Általános Orvosi Karán folytattam, ahol 2008-ban szereztem orvosi diplomát. 2006-2008-ig Dr. Matolcsy András témavezetésével végeztem tudományos diákköri munkát a I.sz. Patológiai és &hellip;</p>
