{"id":14,"date":"2015-07-28T10:39:46","date_gmt":"2015-07-28T08:39:46","guid":{"rendered":"http:\/\/scholar.semmelweis.hu\/rajnaihajnalka\/?page_id=14"},"modified":"2019-05-02T12:39:11","modified_gmt":"2019-05-02T10:39:11","slug":"publikaciok","status":"publish","type":"page","link":"https:\/\/scholar.semmelweis.hu\/rajnaihajnalka\/publikaciok\/","title":{"rendered":"Publik\u00e1ci\u00f3k"},"content":{"rendered":"<p><a href=\"https:\/\/m2.mtmt.hu\/gui2\/?type=authors&amp;mode=browse&amp;sel=10028430\">Publik\u00e1ci\u00f3k az MTMT adatb\u00e1zis alapj\u00e1n<\/a><\/p>\n<p><a href=\"https:\/\/scholar.google.hu\/citations?view_op=list_works&amp;hl=en&amp;user=klqqPKYAAAAJ&amp;gmla=AJsN-F6Mw4UoloMaY_l7qvfRZjis2MkiCDhj5ayB8c-dgl5rfS7N5Db5lXYRTJvk6G8BLDWs43oIFZUgQ_6rzSD_aeo6ziVDi6Uiy0m368Fii5FSbzfJolB9Uwyh874UGfmSULtAwa9bJef_qFc4OwRapKrXk3o_6A\">Google Scholar adatb\u00e1zis alapj\u00e1n<\/a><\/p>\n<p><a href=\"https:\/\/www.researchgate.net\/profile\/Hajnalka_Rajnai\/contributions\">Researchgate<\/a><\/p>\n","protected":false},"excerpt":{"rendered":"<p><a href=\"https:\/\/m2.mtmt.hu\/gui2\/?type=authors&amp;mode=browse&amp;sel=10028430\">Publik\u00e1ci\u00f3k az MTMT adatb\u00e1zis alapj\u00e1n<\/a><br \/>\n<a href=\"https:\/\/scholar.google.hu\/citations?view_op=list_works&amp;hl=en&amp;user=klqqPKYAAAAJ&amp;gmla=AJsN-F6Mw4UoloMaY_l7qvfRZjis2MkiCDhj5ayB8c-dgl5rfS7N5Db5lXYRTJvk6G8BLDWs43oIFZUgQ_6rzSD_aeo6ziVDi6Uiy0m368Fii5FSbzfJolB9Uwyh874UGfmSULtAwa9bJef_qFc4OwRapKrXk3o_6A\">Google Scholar adatb\u00e1zis alapj\u00e1n<\/a><br \/>\n<a href=\"https:\/\/www.researchgate.net\/profile\/Hajnalka_Rajnai\/contributions\">Researchgate<\/a><\/p>\n","protected":false},"author":47,"featured_media":0,"parent":0,"menu_order":0,"comment_status":"open","ping_status":"open","template":"","meta":{"footnotes":""},"class_list":["post-14","page","type-page","status-publish","hentry"],"_links":{"self":[{"href":"https:\/\/scholar.semmelweis.hu\/rajnaihajnalka\/wp-json\/wp\/v2\/pages\/14"}],"collection":[{"href":"https:\/\/scholar.semmelweis.hu\/rajnaihajnalka\/wp-json\/wp\/v2\/pages"}],"about":[{"href":"https:\/\/scholar.semmelweis.hu\/rajnaihajnalka\/wp-json\/wp\/v2\/types\/page"}],"author":[{"embeddable":true,"href":"https:\/\/scholar.semmelweis.hu\/rajnaihajnalka\/wp-json\/wp\/v2\/users\/47"}],"replies":[{"embeddable":true,"href":"https:\/\/scholar.semmelweis.hu\/rajnaihajnalka\/wp-json\/wp\/v2\/comments?post=14"}],"version-history":[{"count":9,"href":"https:\/\/scholar.semmelweis.hu\/rajnaihajnalka\/wp-json\/wp\/v2\/pages\/14\/revisions"}],"predecessor-version":[{"id":66,"href":"https:\/\/scholar.semmelweis.hu\/rajnaihajnalka\/wp-json\/wp\/v2\/pages\/14\/revisions\/66"}],"wp:attachment":[{"href":"https:\/\/scholar.semmelweis.hu\/rajnaihajnalka\/wp-json\/wp\/v2\/media?parent=14"}],"curies":[{"name":"wp","href":"https:\/\/api.w.org\/{rel}","templated":true}]}}