{"id":5,"date":"2025-10-21T19:29:22","date_gmt":"2025-10-21T17:29:22","guid":{"rendered":"https:\/\/scholar.semmelweis.hu\/pillingjanos\/bemutatkozas\/"},"modified":"2025-10-21T20:14:13","modified_gmt":"2025-10-21T18:14:13","slug":"bemutatkozas","status":"publish","type":"page","link":"https:\/\/scholar.semmelweis.hu\/pillingjanos\/","title":{"rendered":"Bemutatkoz\u00e1s"},"content":{"rendered":"<p>Dr. Pilling J\u00e1nos<\/p>\n<p>pszichi\u00e1ter, egyetemi docens, a Semmelweis Egyetem Magatart\u00e1studom\u00e1nyi Int\u00e9zet\u00e9nek munkat\u00e1rsa.<\/p>\n<p>Szerkeszt\u0151je \u00e9s szerz\u0151je 18 k\u00f6nyvnek (k\u00f6zt\u00fck 11 tank\u00f6nyvnek), 65 k\u00f6nyvfejezetnek \u00e9s 49 tanulm\u00e1nynak.<\/p>\n<p>K\u00e9t orvosi tudom\u00e1ny\u00e1gban is (orvosi kommunik\u00e1ci\u00f3, szexu\u00e1lis medicina) a hazai orvosk\u00e9pz\u00e9s els\u0151 egyetemi tank\u00f6nyveinek szerz\u0151je\/szerkeszt\u0151je. Orvosi kommunik\u00e1ci\u00f3 k\u00f6nyve magyar, angol \u00e9s n\u00e9met nyelven is az orvosk\u00e9pz\u00e9s k\u00f6telez\u0151 egyetemi tank\u00f6nyve. T\u00e1rszerz\u0151je ezen k\u00edv\u00fcl t\u00f6bb m\u00e1s tudom\u00e1nyter\u00fclet egyetemi tank\u00f6nyveinek is (orvosi pszichol\u00f3gia, orvosi szociol\u00f3gia, pszichoter\u00e1pia).<\/p>\n<p>K\u00f6zel 30 \u00e9ve oktat orvosi kommunik\u00e1ci\u00f3t orvostanhallgat\u00f3knak, rezidenseknek \u00e9s szakorvosoknak. F\u0151bb \u00e9rdekl\u0151d\u00e9si ter\u00fcletei: az orvos-beteg egy\u00fcttm\u0171k\u00f6d\u00e9s jav\u00edt\u00e1sa, az \u00e9letm\u00f3dv\u00e1lt\u00e1s el\u0151seg\u00edt\u00e9se, kock\u00e1zati kommunik\u00e1ci\u00f3, rossz h\u00edrek k\u00f6zl\u00e9se, kapcsolat indulatos p\u00e1ciensekkel, orvosi hib\u00e1k \u00e9s t\u00e9ved\u00e9sek kommunik\u00e1ci\u00f3ja, funkcion\u00e1lis panaszok kezel\u00e9se.<\/p>\n<p>Kor\u00e1bban k\u00fcl\u00f6nb\u00f6z\u0151 tanatol\u00f3giai t\u00e9mak\u00f6r\u00f6k szak\u00e9rt\u0151jek\u00e9nt v\u00e1lt ismertt\u00e9. Orvostanhallgat\u00f3k\u00e9nt a hal\u00e1lk\u00f6zeli \u00e9lm\u00e9nyek (a klinikai hal\u00e1lb\u00f3l visszat\u00e9rt emberek tapasztalatainak) kutat\u00e1s\u00e1val foglalkozott. K\u00e9s\u0151bb a haldokl\u00f3 betegeket gondoz\u00f3 \u00e9s hozz\u00e1tartoz\u00f3ikat seg\u00edt\u0151 Magyar Hospice Alap\u00edtv\u00e1ny orvosak\u00e9nt dolgozott, majd megszervez\u0151j\u00e9v\u00e9 v\u00e1lt a hazai hospice szervezetek egy\u00fcttm\u0171k\u00f6d\u00e9s\u00e9t t\u00e1mogat\u00f3 Magyar Hospice Egyes\u00fcletnek. Alap\u00edt\u00f3ja \u00e9s 10 \u00e9ven \u00e1t eln\u00f6ke volt a gy\u00e1szol\u00f3kat seg\u00edt\u0151 Napfogyatkoz\u00e1s Egyes\u00fcletnek.<\/p>\n<p>Alap\u00edt\u00f3ja, szerkeszt\u0151je volt t\u00f6bb szakmai foly\u00f3iratnak (Ment\u00e1lhigi\u00e9n\u00e9 \u00e9s Pszichoszomatika, Khar\u00f3n, Hospice H\u00edrek).<\/p>\n<p>Pszichi\u00e1terk\u00e9nt a Magatart\u00e1studom\u00e1nyi Int\u00e9zet pszichoszomatikus ambulanci\u00e1j\u00e1n dolgozik. A Magyar Pszichi\u00e1triai T\u00e1rsas\u00e1g vezet\u0151s\u00e9gi tagja, a Magyar Szexu\u00e1lis Medicina T\u00e1rsas\u00e1g kor\u00e1bbi eln\u00f6ke, jelenleg vezet\u0151s\u00e9gi tagja.<\/p>\n<p>&nbsp;<\/p>\n","protected":false},"excerpt":{"rendered":"<p>Dr. Pilling J\u00e1nos pszichi\u00e1ter, egyetemi docens, a Semmelweis Egyetem Magatart\u00e1studom\u00e1nyi Int\u00e9zet\u00e9nek munkat\u00e1rsa. Szerkeszt\u0151je \u00e9s szerz\u0151je 18 k\u00f6nyvnek (k\u00f6zt\u00fck 11 tank\u00f6nyvnek), 65 k\u00f6nyvfejezetnek \u00e9s 49 tanulm\u00e1nynak. K\u00e9t orvosi tudom\u00e1ny\u00e1gban is (orvosi kommunik\u00e1ci\u00f3, szexu\u00e1lis medicina) a hazai &hellip;<\/p>\n","protected":false},"author":129,"featured_media":0,"parent":0,"menu_order":0,"comment_status":"closed","ping_status":"closed","template":"","meta":{"footnotes":""},"class_list":["post-5","page","type-page","status-publish","hentry"],"_links":{"self":[{"href":"https:\/\/scholar.semmelweis.hu\/pillingjanos\/wp-json\/wp\/v2\/pages\/5"}],"collection":[{"href":"https:\/\/scholar.semmelweis.hu\/pillingjanos\/wp-json\/wp\/v2\/pages"}],"about":[{"href":"https:\/\/scholar.semmelweis.hu\/pillingjanos\/wp-json\/wp\/v2\/types\/page"}],"author":[{"embeddable":true,"href":"https:\/\/scholar.semmelweis.hu\/pillingjanos\/wp-json\/wp\/v2\/users\/129"}],"replies":[{"embeddable":true,"href":"https:\/\/scholar.semmelweis.hu\/pillingjanos\/wp-json\/wp\/v2\/comments?post=5"}],"version-history":[{"count":6,"href":"https:\/\/scholar.semmelweis.hu\/pillingjanos\/wp-json\/wp\/v2\/pages\/5\/revisions"}],"predecessor-version":[{"id":36,"href":"https:\/\/scholar.semmelweis.hu\/pillingjanos\/wp-json\/wp\/v2\/pages\/5\/revisions\/36"}],"wp:attachment":[{"href":"https:\/\/scholar.semmelweis.hu\/pillingjanos\/wp-json\/wp\/v2\/media?parent=5"}],"curies":[{"name":"wp","href":"https:\/\/api.w.org\/{rel}","templated":true}]}}