{"id":4,"date":"2015-03-03T09:40:22","date_gmt":"2015-03-03T09:40:22","guid":{"rendered":"http:\/\/scholar.semmelweis.hu\/petheogabor\/?page_id=4"},"modified":"2024-07-30T10:38:10","modified_gmt":"2024-07-30T10:38:10","slug":"cv","status":"publish","type":"page","link":"https:\/\/scholar.semmelweis.hu\/petheogabor\/cv\/","title":{"rendered":"CV"},"content":{"rendered":"<h4><strong>Fels\u0151fok\u00fa iskolai v\u00e9gzetts\u00e9g \u00e9s diplom\u00e1k:<\/strong><\/h4>\n<p>1990-1996. Semmelweis Egyetem, \u00c1ltal\u00e1nos Orvostudom\u00e1nyi Kar, Budapest. M\u00e1sod\u00e9vben az \u00e9lettan versenyen els\u0151 helyez\u00e9st \u00e9rtem el, ami ut\u00e1n az \u00c9lettani Int\u00e9zetben tudom\u00e1nyos di\u00e1kk\u00f6r\u00f6sk\u00e9nt csatlakoztam Prof. Sp\u00e4t Andr\u00e1s munkacsoportj\u00e1hoz. Az \u00e1ltal\u00e1nos orvosi diplom\u00e1mat 1996-ban szereztem meg summa cum laude min\u0151s\u00edt\u00e9ssel.<\/p>\n<p>A Ph.D. diplom\u00e1mat 2002. november\u00e9ben szereztem meg summa cum laude min\u0151s\u00edt\u00e9ssel. A t\u00e9zisek c\u00edme: Anion \u00e1ramok szerepe a glomus caroticum kemoreceptor sejt m\u0171k\u00f6d\u00e9s\u00e9ben.<\/p>\n<h4><strong>Munkahelyek, \u00f6szt\u00f6nd\u00edjak:<\/strong><\/h4>\n<p>1996-1999. \u00d6szt\u00f6nd\u00edjas Ph.D. di\u00e1k a Semmelweis Egyetem Molekul\u00e1ris Orvostudom\u00e1nyok Ph.D. iskol\u00e1j\u00e1ban a Cellularis \u00e9s Molekul\u00e1ris \u00c9lettan programban.<br \/>\n1999-2000. Semmelweis (Orvostudom\u00e1nyi) Egyetem \u00c9lettani Int\u00e9zet\u00e9nek gyakornoka<br \/>\n2000-2006. Egyetemi tan\u00e1rseg\u00e9d ugyanitt.<br \/>\n2002-2005. Assistant Post-Doctorant, Genfi Egyetem, \u00c9lettani Int\u00e9zet.<br \/>\n2006-2014 Egyetemi adjunktus a Semmelweis Egyetem \u00c9lettani Int\u00e9zet\u00e9ben.<br \/>\n2007-2010 MTA Bolyai J\u00e1nos Kutat\u00e1si \u00d6szt\u00f6nd\u00edj.<br \/>\n2014- Egyetemi docens a Semmelweis Egyetem \u00c9lettani Int\u00e9zet\u00e9ben.<\/p>\n<h4><strong>Oktat\u00e1si tev\u00e9kenys\u00e9g:<\/strong><\/h4>\n<p>1996- \u00c9lettan gyakorlatvezet\u0151 magyar, m\u00e1sod\u00e9ves di\u00e1koknak.<br \/>\n1996- Tudom\u00e1nyos di\u00e1kk\u00f6r\u00f6s\u00f6k t\u00e9mavezet\u0151je az elektrofiziol\u00f3giai laborat\u00f3riumban.<br \/>\n1998- \u00c9lettan gyakorlatvezet\u0151 n\u00e9met nyelven, m\u00e1sod\u00e9ves di\u00e1koknak.<br \/>\n2000- \u00c9lettan el\u0151ad\u00e1sok tart\u00e1sa magyar, m\u00e1sod\u00e9ves fogorvostan hallgat\u00f3knak.<br \/>\n2006- \u00c9lettan el\u0151ad\u00e1sok tart\u00e1sa n\u00e9met nyelven m\u00e1sod\u00e9ves di\u00e1koknak.<br \/>\n2008- \u00c9lettan el\u0151ad\u00e1sok tart\u00e1sa magyar, m\u00e1sod\u00e9ves hallgat\u00f3knak (\u00c1OK+FOK).<\/p>\n<p>2009- El\u0151ad\u00e1sok tart\u00e1sa az \u00c9lettani Int\u00e9zet \u00e1ltal szervezett Ph.D. kurzusokon<\/p>\n<p>2013- Ph.D. t\u00e1rst\u00e9mavezet\u0151<\/p>\n<h4><strong>Oktat\u00e1sszervez\u00e9si tev\u00e9kenys\u00e9g:<\/strong><\/h4>\n<p>2005-2015. Tudom\u00e1nyos di\u00e1kk\u00f6r\u00f6s\u00f6k felel\u0151se az \u00c9lettani Int\u00e9zetben<\/p>\n<p>2015- A magyar \u00e9s a n\u00e9met nyelv\u0171 oktat\u00e1s tanulm\u00e1nyi felel\u0151se az \u00c9lettani Int\u00e9zetben<\/p>\n<h4><strong>Tanulm\u00e1nyutak<\/strong><strong>:<\/strong><\/h4>\n<p>1996.01.15-04.07. Nijmegeni Katolikus Egyetem (Hollandia), belgy\u00f3gy\u00e1szat gyakorlat TEMPUS \u00f6szt\u00f6nd\u00edjask\u00e9nt.<br \/>\n1997.07.14-28. University Laboratory of Physiology, Oxford, Anglia, Keith J. Buckler laborat\u00f3riuma: sejt izol\u00e1l\u00e1s patk\u00e1ny glomus caroticumabol, patch-clamp k\u00eds\u00e9rletek kemoreceptor sejteken.<br \/>\n2001.06.24-08.11. \u00e9s 2001.11.17-24., Genfi Egyetem \u00c9lettani Int\u00e9zete, Nicolas Demaurex laborat\u00f3riuma. Excised-patch mer\u00e9sek hum\u00e1n eosinophileken, NADPH-oxid\u00e1zhoz kapcsolt H<sup>+<\/sup> \u00e1ram vizsg\u00e1lata.<br \/>\n2002.09.01- 2005.08.31. Post-Doc. tanulm\u00e1ny\u00fat a Genfi Egyetem \u00c9lettani Int\u00e9zet\u00e9ben, Nicolas Demaurex laborat\u00f3rium\u00e1ban. T\u00e9ma: NADPH-oxid\u00e1zhoz kapcsolt elektron \u00e9s proton \u00e1ramok vizsg\u00e1lata hum\u00e1n eozinofil granulocit\u00e1kban.<\/p>\n<h4><strong>Tudom\u00e1nyos k\u00f6z\u00e9leti tev\u00e9kenys\u00e9g:<\/strong><\/h4>\n<p>2002- Magyar \u00c9lettani T\u00e1rsas\u00e1g tagja<\/p>\n<h4><strong>T<\/strong><strong>udom\u00e1nyos \u00e9rdekl\u0151d\u00e9s:<\/strong><\/h4>\n<p>NADPH-oxid\u00e1zok \u00e9s a kapcsolt fesz\u00fclts\u00e9gf\u00fcgg\u0151 protoncsatorna \u00e9lettani, k\u00f3r\u00e9lettani szerepeinek \u00e9s szab\u00e1lyoz\u00e1s\u00e1nak vizsg\u00e1lata sejtes rendszerekben \u00e9s g\u00e9nmanipul\u00e1lt eml\u0151s\u00f6kben. Antitest-fejleszt\u00e9s NADPH-oxid\u00e1zok ellen.\u00a0<\/p>\n<h4><strong>Technikai tud\u00e1s:<\/strong><\/h4>\n<p>Primer sejtteny\u00e9szetek el\u0151\u00e1ll\u00edt\u00e1sa k\u00fcl\u00f6nb\u00f6z\u0151 szervekb\u0151l. Sejtvonalak kult\u00far\u00e1l\u00e1sa. Alapvet\u0151 molekul\u00e1ris biol\u00f3giai technik\u00e1k (cDNS k\u00e9sz\u00edt\u00e9se sejtvonalb\u00f3l, PCR, bakt\u00e9rium transzform\u00e1ci\u00f3, plazmid DNS tiszt\u00edt\u00e1s, tranziens \u00e9s stabil transzfekci\u00f3, keres\u00e9s adatb\u00e1zisokban). Fluorimetri\u00e1s m\u00e9r\u00e9sek sejteken intracellul\u00e1ris pH, [Ca<sup>2+<\/sup>] \u00e9s sejtt\u00e9rfogat meghat\u00e1roz\u00e1s\u00e1hoz. Patch-clamp m\u00e9r\u00e9sek teljes sejtben \u00e9s membr\u00e1ndarabokon. Makroszk\u00f3pos \u00e9s single-channel \u00e1ramok m\u00e9r\u00e9se. Szabadgy\u00f6k m\u00e9r\u00e9s lumino\/fluorimetri\u00e1s m\u00f3dszerrel. Angiomiogr\u00e1fi\u00e1s vizsg\u00e1latok. Immuncitok\u00e9mia, Western blot. Feh\u00e9rjetermel\u00e9s \u00e9s tiszt\u00edt\u00e1s.<\/p>\n<h4><strong>Publik\u00e1ci\u00f3s tev\u00e9kenys\u00e9g:<\/strong><\/h4>\n<p>Nemzetk\u00f6zileg refer\u00e1lt, angol nyelv\u0171 foly\u00f3iratokban:<br \/>\n-2 db \u00e1ttekint\u0151 (review) k\u00f6zlem\u00e9nynek vagyok a t\u00e1rsszerz\u0151je .<br \/>\n-6 db k\u00f6zlem\u00e9nyben vagyok els\u0151 vagy t\u00e1rs els\u0151 szerz\u0151.<br \/>\n-2 db k\u00f6zlem\u00e9nyben vagyok utols\u00f3 vagy t\u00e1rs utols\u00f3 szerz\u0151.<br \/>\n-10 db k\u00f6zlem\u00e9nyben vagyok szerz\u0151t\u00e1rs.<\/p>\n<p>\u00d6sszes\u00edtett impakt faktoruk: 97.765, \u00f6sszes\/f\u00fcggetlen id\u00e9zetts\u00e9g\u00fck (MTMT): 700\/607, \u00f6sszes\/f\u00fcggetlen Hirsch-index (Scopus): 13\/13 (2024.07)<\/p>\n<h4><strong>Nyelvtud\u00e1s:<\/strong><\/h4>\n<p>1989. Angol k\u00f6z\u00e9pfok\u00fa \u00e1llami nyelvvizsga. Fels\u0151-k\u00f6z\u00e9pfok\u00fa nyelvismeret.<br \/>\n1990. N\u00e9met alapfok\u00fa egyetemi nyelvvizsga. K\u00f6z\u00e9pfok\u00fa nyelvismeret.<br \/>\nAlapfok\u00fa francia nyelvismeret.<\/p>\n","protected":false},"excerpt":{"rendered":"<p>Fels\u0151fok\u00fa iskolai v\u00e9gzetts\u00e9g \u00e9s diplom\u00e1k: 1990-1996. Semmelweis Egyetem, \u00c1ltal\u00e1nos Orvostudom\u00e1nyi Kar, Budapest. M\u00e1sod\u00e9vben az \u00e9lettan versenyen els\u0151 helyez\u00e9st \u00e9rtem el, ami ut\u00e1n az \u00c9lettani Int\u00e9zetben tudom\u00e1nyos di\u00e1kk\u00f6r\u00f6sk\u00e9nt csatlakoztam Prof. Sp\u00e4t Andr\u00e1s munkacsoportj\u00e1hoz. Az \u00e1ltal\u00e1nos orvosi &hellip;<\/p>\n","protected":false},"author":3,"featured_media":0,"parent":0,"menu_order":0,"comment_status":"closed","ping_status":"closed","template":"","meta":{"footnotes":""},"class_list":["post-4","page","type-page","status-publish","hentry"],"_links":{"self":[{"href":"https:\/\/scholar.semmelweis.hu\/petheogabor\/wp-json\/wp\/v2\/pages\/4"}],"collection":[{"href":"https:\/\/scholar.semmelweis.hu\/petheogabor\/wp-json\/wp\/v2\/pages"}],"about":[{"href":"https:\/\/scholar.semmelweis.hu\/petheogabor\/wp-json\/wp\/v2\/types\/page"}],"author":[{"embeddable":true,"href":"https:\/\/scholar.semmelweis.hu\/petheogabor\/wp-json\/wp\/v2\/users\/3"}],"replies":[{"embeddable":true,"href":"https:\/\/scholar.semmelweis.hu\/petheogabor\/wp-json\/wp\/v2\/comments?post=4"}],"version-history":[{"count":34,"href":"https:\/\/scholar.semmelweis.hu\/petheogabor\/wp-json\/wp\/v2\/pages\/4\/revisions"}],"predecessor-version":[{"id":160,"href":"https:\/\/scholar.semmelweis.hu\/petheogabor\/wp-json\/wp\/v2\/pages\/4\/revisions\/160"}],"wp:attachment":[{"href":"https:\/\/scholar.semmelweis.hu\/petheogabor\/wp-json\/wp\/v2\/media?parent=4"}],"curies":[{"name":"wp","href":"https:\/\/api.w.org\/{rel}","templated":true}]}}