{"id":1,"date":"2015-06-12T09:23:13","date_gmt":"2015-06-12T07:23:13","guid":{"rendered":"http:\/\/scholar.semmelweis.hu\/nyiradypeter\/elerhetoseg\/"},"modified":"2015-06-16T14:12:52","modified_gmt":"2015-06-16T12:12:52","slug":"elerhetoseg","status":"publish","type":"page","link":"https:\/\/scholar.semmelweis.hu\/nyiradypeter\/elerhetoseg\/","title":{"rendered":"El\u00e9rhet\u0151s\u00e9g"},"content":{"rendered":"<p>Semmelweis Egyetem Urol\u00f3gia Klinika<br \/>\nBudapest<br \/>\n\u00dcll\u0151i \u00fat 78\/B<br \/>\n1082<br \/>\nTel. 1210-0796<br \/>\nEmail: nyirady.peter@med.semmelweis-univ.hu<\/p>\n<p>&nbsp;<\/p>\n<p>&nbsp;<\/p>\n","protected":false},"excerpt":{"rendered":"<p>Semmelweis Egyetem Urol\u00f3gia Klinika<br \/>\nBudapest<br \/>\n\u00dcll\u0151i \u00fat 78\/B<br \/>\n1082<br \/>\nTel. 1210-0796<br \/>\nEmail: nyirady.peter@med.semmelweis-univ.hu<br \/>\n&nbsp;<br \/>\n&nbsp;<\/p>\n","protected":false},"author":1,"featured_media":0,"parent":0,"menu_order":0,"comment_status":"closed","ping_status":"closed","template":"","meta":{"footnotes":""},"class_list":["post-1","page","type-page","status-publish","hentry"],"_links":{"self":[{"href":"https:\/\/scholar.semmelweis.hu\/nyiradypeter\/wp-json\/wp\/v2\/pages\/1"}],"collection":[{"href":"https:\/\/scholar.semmelweis.hu\/nyiradypeter\/wp-json\/wp\/v2\/pages"}],"about":[{"href":"https:\/\/scholar.semmelweis.hu\/nyiradypeter\/wp-json\/wp\/v2\/types\/page"}],"author":[{"embeddable":true,"href":"https:\/\/scholar.semmelweis.hu\/nyiradypeter\/wp-json\/wp\/v2\/users\/1"}],"replies":[{"embeddable":true,"href":"https:\/\/scholar.semmelweis.hu\/nyiradypeter\/wp-json\/wp\/v2\/comments?post=1"}],"version-history":[{"count":2,"href":"https:\/\/scholar.semmelweis.hu\/nyiradypeter\/wp-json\/wp\/v2\/pages\/1\/revisions"}],"predecessor-version":[{"id":21,"href":"https:\/\/scholar.semmelweis.hu\/nyiradypeter\/wp-json\/wp\/v2\/pages\/1\/revisions\/21"}],"wp:attachment":[{"href":"https:\/\/scholar.semmelweis.hu\/nyiradypeter\/wp-json\/wp\/v2\/media?parent=1"}],"curies":[{"name":"wp","href":"https:\/\/api.w.org\/{rel}","templated":true}]}}