{"id":1,"date":"2015-11-23T16:00:24","date_gmt":"2015-11-23T15:00:24","guid":{"rendered":"http:\/\/scholar.semmelweis.hu\/nemodazsofia\/elerhetoseg\/"},"modified":"2026-01-07T15:14:10","modified_gmt":"2026-01-07T14:14:10","slug":"elerhetoseg","status":"publish","type":"page","link":"https:\/\/scholar.semmelweis.hu\/nemodazsofia\/elerhetoseg\/","title":{"rendered":"El\u00e9rhet\u0151s\u00e9g"},"content":{"rendered":"<blockquote class=\"wp-embedded-content\" data-secret=\"T4pyU1y57O\"><p><a href=\"https:\/\/semmelweis.hu\/molekularis-biologia\/elerhetoseg\/munkatarsaink\/\">Munkat\u00e1rsaink<\/a><\/p><\/blockquote>\n<p><iframe loading=\"lazy\" class=\"wp-embedded-content\" sandbox=\"allow-scripts\" security=\"restricted\" style=\"position: absolute; visibility: hidden;\" title=\"&#8220;Munkat\u00e1rsaink&#8221; &#8212; Molekul\u00e1ris Biol\u00f3giai Tansz\u00e9k\" src=\"https:\/\/semmelweis.hu\/molekularis-biologia\/elerhetoseg\/munkatarsaink\/embed\/#?secret=xIKoGYVsRX#?secret=T4pyU1y57O\" data-secret=\"T4pyU1y57O\" width=\"600\" height=\"338\" frameborder=\"0\" marginwidth=\"0\" marginheight=\"0\" scrolling=\"no\"><\/iframe><\/p>\n","protected":false},"excerpt":{"rendered":"<p><a href=\"https:\/\/semmelweis.hu\/molekularis-biologia\/elerhetoseg\/munkatarsaink\/\">Munkat\u00e1rsaink<\/a><\/p>\n","protected":false},"author":69,"featured_media":0,"parent":0,"menu_order":0,"comment_status":"closed","ping_status":"closed","template":"","meta":{"footnotes":""},"class_list":["post-1","page","type-page","status-publish","hentry"],"_links":{"self":[{"href":"https:\/\/scholar.semmelweis.hu\/nemodazsofia\/wp-json\/wp\/v2\/pages\/1"}],"collection":[{"href":"https:\/\/scholar.semmelweis.hu\/nemodazsofia\/wp-json\/wp\/v2\/pages"}],"about":[{"href":"https:\/\/scholar.semmelweis.hu\/nemodazsofia\/wp-json\/wp\/v2\/types\/page"}],"author":[{"embeddable":true,"href":"https:\/\/scholar.semmelweis.hu\/nemodazsofia\/wp-json\/wp\/v2\/users\/69"}],"replies":[{"embeddable":true,"href":"https:\/\/scholar.semmelweis.hu\/nemodazsofia\/wp-json\/wp\/v2\/comments?post=1"}],"version-history":[{"count":1,"href":"https:\/\/scholar.semmelweis.hu\/nemodazsofia\/wp-json\/wp\/v2\/pages\/1\/revisions"}],"predecessor-version":[{"id":26,"href":"https:\/\/scholar.semmelweis.hu\/nemodazsofia\/wp-json\/wp\/v2\/pages\/1\/revisions\/26"}],"wp:attachment":[{"href":"https:\/\/scholar.semmelweis.hu\/nemodazsofia\/wp-json\/wp\/v2\/media?parent=1"}],"curies":[{"name":"wp","href":"https:\/\/api.w.org\/{rel}","templated":true}]}}