{"id":4,"date":"2021-05-26T08:02:56","date_gmt":"2021-05-26T06:02:56","guid":{"rendered":"https:\/\/scholar.semmelweis.hu\/nemethzsuzsanna\/cv\/"},"modified":"2025-11-24T10:24:38","modified_gmt":"2025-11-24T09:24:38","slug":"cv","status":"publish","type":"page","link":"https:\/\/scholar.semmelweis.hu\/nemethzsuzsanna\/cv\/","title":{"rendered":"CV"},"content":{"rendered":"<p><span style=\"font-family: georgia, palatino, serif\"><strong>Iskolai v\u00e9gzetts\u00e9g<\/strong><\/span><\/p>\n<table style=\"border-collapse: collapse;width: 100%;height: 96px\">\n<tbody>\n<tr style=\"height: 24px\">\n<td style=\"width: 12.4703%;height: 24px\"><span style=\"font-family: georgia, palatino, serif\">2005-2008<\/span><\/td>\n<td style=\"width: 87.5297%;height: 24px\"><span style=\"font-family: georgia, palatino, serif\">Semmelweis Egyetem Budapest, nappali tagozatos PhD hallgat\u00f3<\/span><\/td>\n<\/tr>\n<tr style=\"height: 24px\">\n<td style=\"width: 12.4703%;height: 24px\">\u00a0<\/td>\n<td style=\"width: 87.5297%;height: 24px\"><span style=\"font-family: georgia, palatino, serif\">&#8222;Tight junction \u00e9s adherent junction feh\u00e9rj\u00e9k kifejez\u0151d\u00e9se epe\u00fati daganatokban. 2010.&#8221;<\/span><\/td>\n<\/tr>\n<tr style=\"height: 24px\">\n<td style=\"width: 12.4703%;height: 24px\"><span style=\"font-family: georgia, palatino, serif\">1999-2002<\/span><\/td>\n<td style=\"width: 87.5297%;height: 24px\"><span style=\"font-family: georgia, palatino, serif\">E\u00f6tv\u00f6s Lor\u00e1nd Tudom\u00e1ny Egyetem Budapest, biol\u00f3gia tan\u00e1r<\/span><\/td>\n<\/tr>\n<tr style=\"height: 24px\">\n<td style=\"width: 12.4703%;height: 24px\"><span style=\"font-family: georgia, palatino, serif\">1996-2001<\/span><\/td>\n<td style=\"width: 87.5297%;height: 24px\"><span style=\"font-family: georgia, palatino, serif\">E\u00f6tv\u00f6s Lor\u00e1nd Tudom\u00e1ny Egyetem Budapest, biol\u00f3gus MSc<\/span><\/td>\n<\/tr>\n<\/tbody>\n<\/table>\n<p><strong><span style=\"font-family: georgia, palatino, serif\">Egy\u00e9b v\u00e9gzetts\u00e9gek<\/span><\/strong><\/p>\n<table style=\"border-collapse: collapse;width: 100.951%;height: 102px\">\n<tbody>\n<tr>\n<td style=\"width: 12.8976%\"><span style=\"font-family: georgia, palatino, serif\">2022<\/span><\/td>\n<td style=\"width: 88.0536%\"><span style=\"font-family: georgia, palatino, serif\">Gy\u00f3gymassz\u0151r Szakvizsga (NMA)<\/span><\/td>\n<\/tr>\n<tr style=\"height: 24px\">\n<td style=\"width: 12.8976%;height: 24px\"><span style=\"font-family: georgia, palatino, serif\">2018<\/span><\/td>\n<td style=\"width: 88.0536%\"><span style=\"font-family: georgia, palatino, serif\">Fitoterapeuta Szakvizsga (AEEK)<\/span><\/td>\n<\/tr>\n<tr>\n<td style=\"width: 12.8976%\"><span style=\"font-family: georgia, palatino, serif\">2017<\/span><\/td>\n<td style=\"width: 88.0536%\"><span style=\"font-family: georgia, palatino, serif\">Term\u00e9szetgy\u00f3gy\u00e1sz K\u00e9pz\u00e9s, Eg\u00e9szs\u00e9gu\u0308gyi Alapvizsga (AEEK)<\/span><\/td>\n<\/tr>\n<tr>\n<td style=\"width: 12.8976%\"><span style=\"font-family: georgia, palatino, serif\">2016<\/span><\/td>\n<td style=\"width: 88.0536%\"><span style=\"font-family: georgia, palatino, serif\">Term\u00e9szetgy\u00f3gy\u00e1sz K\u00e9pz\u00e9s, Term\u00e9szetgy\u00f3gy\u00e1sz Alapvizsga (AEEK)<\/span><\/td>\n<\/tr>\n<\/tbody>\n<\/table>\n<p><strong><span style=\"font-family: georgia, palatino, serif\">Munkahelyek<\/span><\/strong><\/p>\n<table style=\"border-collapse: collapse;width: 100.695%\">\n<tbody>\n<tr>\n<td style=\"width: 12.9501%\"><span style=\"font-family: georgia, palatino, serif\">2021-<\/span><\/td>\n<td style=\"width: 87.7475%\"><span style=\"font-family: georgia, palatino, serif\">Semmelweis Egyetem, I Belgy\u00f3gy\u00e1szati &amp; Onkolol\u00f3giai Klinika, Budapest<\/span><\/td>\n<\/tr>\n<\/tbody>\n<\/table>\n<table style=\"border-collapse: collapse;width: 100.713%;height: 250px\">\n<tbody>\n<tr style=\"height: 25px\">\n<td style=\"width: 12.8266%;height: 25px\"><span style=\"font-family: georgia, palatino, serif\">2018-2021<\/span><\/td>\n<td style=\"width: 87.886%;height: 25px\"><span style=\"font-family: georgia, palatino, serif\">Semmelweis Egyetem, Onkol\u00f3giai K\u00f6zpont, I Bel. &amp; Onkol. Klinika, Budapest<\/span><\/td>\n<\/tr>\n<tr style=\"height: 25px\">\n<td style=\"width: 12.8266%;height: 25px\"><span style=\"font-family: georgia, palatino, serif\">2014-2017<\/span><\/td>\n<td style=\"width: 87.886%;height: 25px\"><span style=\"font-family: georgia, palatino, serif\">Queen&#8217;s University Belfast, The Patrick G Johnston Centre for Cancer Resarch, Belfast, UK<\/span><\/td>\n<\/tr>\n<tr style=\"height: 25px\">\n<td style=\"width: 12.8266%;height: 25px\">\u00a0<\/td>\n<td style=\"width: 87.886%;height: 25px\"><span style=\"font-family: georgia, palatino, serif\">(kor\u00e1bbi n\u00e9ven Centre for Cancer Research and Cell Biology)<\/span><\/td>\n<\/tr>\n<tr style=\"height: 25px\">\n<td style=\"width: 12.8266%;height: 25px\"><span style=\"font-family: georgia, palatino, serif\">2013-2014<\/span><\/td>\n<td style=\"width: 87.886%;height: 25px\"><span style=\"font-family: georgia, palatino, serif\">Orsz\u00e1gos Kor\u00e1nyi Pulmonol\u00f3giai Int\u00e9zet, Budapest, HU<\/span><\/td>\n<\/tr>\n<tr style=\"height: 25px\">\n<td style=\"width: 12.8266%;height: 25px\"><span style=\"font-family: georgia, palatino, serif\">2012-2013<\/span><\/td>\n<td style=\"width: 87.886%;height: 25px\"><span style=\"font-family: georgia, palatino, serif\">Beth Israel Deaconess Medical Center, Harvard Medical School, Boston, MA, US<\/span><\/td>\n<\/tr>\n<tr style=\"height: 25px\">\n<td style=\"width: 12.8266%;height: 25px\"><span style=\"font-family: georgia, palatino, serif\">2011-2012<\/span><\/td>\n<td style=\"width: 87.886%;height: 25px\"><span style=\"font-family: georgia, palatino, serif\">Enzimol\u00f3giai Int\u00e9zet, Budapest, HU<\/span><\/td>\n<\/tr>\n<tr style=\"height: 25px\">\n<td style=\"width: 12.8266%;height: 25px\"><span style=\"font-family: georgia, palatino, serif\">2009-2011<\/span><\/td>\n<td style=\"width: 87.886%;height: 25px\"><span style=\"font-family: georgia, palatino, serif\">Csertex Kutat\u00f3- \u00e9s Prenat\u00e1lis Diagnosztikai Laborat\u00f3rium, Budapest, HU<\/span><\/td>\n<\/tr>\n<tr style=\"height: 25px\">\n<td style=\"width: 12.8266%;height: 25px\">\u00a0<\/td>\n<td style=\"width: 87.886%;height: 25px\"><span style=\"font-family: georgia, palatino, serif\">Daganatmegel\u0151z\u00e9s Laborat\u00f3rium, NCI Frederick, PA, US<\/span><\/td>\n<\/tr>\n<tr style=\"height: 25px\">\n<td style=\"width: 12.8266%;height: 25px\"><span style=\"font-family: georgia, palatino, serif\">2005-2008<\/span><\/td>\n<td style=\"width: 87.886%;height: 25px\"><span style=\"font-family: georgia, palatino, serif\">Semmelweis Egyetem Budapest, II. sz. Patol\u00f3giai Int\u00e9zet, Budapest, HU<\/span><\/td>\n<\/tr>\n<tr style=\"height: 25px\">\n<td style=\"width: 12.8266%;height: 25px\">\u00a0<\/td>\n<td style=\"width: 87.886%;height: 25px\"><span style=\"font-family: georgia, palatino, serif\">GenoID HPV Diagnosztikai Int\u00e9zet, Budapest, HU<\/span><\/td>\n<\/tr>\n<\/tbody>\n<\/table>\n<table style=\"border-collapse: collapse;width: 100.594%\">\n<tbody>\n<tr>\n<td style=\"width: 12.8266%\">\u00a0<\/td>\n<td style=\"width: 87.7672%\"><span style=\"font-family: georgia, palatino, serif\">DAAD visiting fellow, Pathology Institute of Heidelberg, Heidelberg, D<\/span><\/td>\n<\/tr>\n<tr>\n<td style=\"width: 12.8266%\"><span style=\"font-family: georgia, palatino, serif\">2003-2005<\/span><\/td>\n<td style=\"width: 87.7672%\"><span style=\"font-family: georgia, palatino, serif\">Belu\u0308gyminiszt\u00e9rium K\u00f6zponti K\u00f3rh\u00e1za \u00e9s Int\u00e9zm\u00e9nyei (BMKKI), Budapest, HU<\/span><\/td>\n<\/tr>\n<tr>\n<td style=\"width: 12.8266%\">\u00a0<\/td>\n<td style=\"width: 87.7672%\"><span style=\"font-family: georgia, palatino, serif\">Hipert\u00f3nia \u00e9s Zs\u00edranyagcsere Decentrum, Budapest, HU<\/span><\/td>\n<\/tr>\n<\/tbody>\n<\/table>\n<p><strong><span style=\"font-family: georgia, palatino, serif\">B\u00edr\u00e1l\u00f3i tev\u00e9kenys\u00e9g<\/span><\/strong><\/p>\n<table style=\"border-collapse: collapse;width: 100%\">\n<tbody>\n<tr style=\"height: 32px\">\n<td style=\"width: 13.1829%;height: 32px\"><span style=\"font-family: georgia, palatino, serif\">2025-<\/span><\/td>\n<td style=\"width: 86.8171%;height: 32px\"><span style=\"font-family: georgia, palatino, serif\">Frontiers, Wiley, DovePress<\/span><\/td>\n<\/tr>\n<tr style=\"height: 32px\">\n<td style=\"width: 13.1829%;height: 32px\"><span style=\"font-family: georgia, palatino, serif\">2024-<\/span><\/td>\n<td style=\"width: 86.8171%;height: 32px\"><span style=\"font-family: georgia, palatino, serif\">Nutrients &#8211; MDPI<\/span><\/td>\n<\/tr>\n<tr style=\"height: 32px\">\n<td style=\"width: 13.1829%;height: 32px\"><span style=\"font-family: georgia, palatino, serif\">2023-<\/span><\/td>\n<td style=\"width: 86.8171%;height: 32px\"><span style=\"font-family: georgia, palatino, serif\">Cancers, IJMS &#8211; MDPI<\/span><\/td>\n<\/tr>\n<tr style=\"height: 32px\">\n<td style=\"width: 13.1829%;height: 32px\"><span style=\"font-family: georgia, palatino, serif\">2021<\/span><\/td>\n<td style=\"width: 86.8171%;height: 32px\"><span style=\"font-family: georgia, palatino, serif\">JoVE<\/span><\/td>\n<\/tr>\n<\/tbody>\n<\/table>\n<table style=\"border-collapse: collapse;width: 100%\">\n<tbody>\n<tr style=\"height: 32px\">\n<td style=\"width: 13.1829%;height: 32px\"><span style=\"font-family: georgia, palatino, serif\">2016<\/span><\/td>\n<td style=\"width: 86.8171%;height: 32px\"><span style=\"font-family: georgia, palatino, serif\">Cancer Research<\/span><\/td>\n<\/tr>\n<\/tbody>\n<\/table>\n<p><strong><span style=\"font-family: georgia, palatino, serif\">T\u00e1rsas\u00e1gi tags\u00e1gok<\/span><\/strong><\/p>\n<table style=\"border-collapse: collapse;width: 100%\">\n<tbody>\n<tr>\n<td style=\"width: 13.1829%\"><span style=\"font-family: georgia, palatino, serif\">2024-<\/span><\/td>\n<td style=\"width: 86.8171%\"><span style=\"font-family: georgia, palatino, serif\">Elh\u00edz\u00e1studom\u00e1nyi T\u00e1rsas\u00e1g (MET)<\/span><\/td>\n<\/tr>\n<tr>\n<td style=\"width: 13.1829%\"><span style=\"font-family: georgia, palatino, serif\">2015-2020<\/span><\/td>\n<td style=\"width: 86.8171%\"><span style=\"font-family: georgia, palatino, serif\">American Association of Cancer Research (AACR), associate member<\/span><\/td>\n<\/tr>\n<tr>\n<td style=\"width: 13.1829%\"><span style=\"font-family: georgia, palatino, serif\">2005-2013 <\/span><\/td>\n<td style=\"width: 86.8171%\"><span style=\"font-family: georgia, palatino, serif\">Magyar Hipert\u00f3nia T\u00e1rsas\u00e1g (MHT)<\/span><\/td>\n<\/tr>\n<tr>\n<td style=\"width: 13.1829%\"><span style=\"font-family: georgia, palatino, serif\">2005-2008 <\/span><\/td>\n<td style=\"width: 86.8171%\"><span style=\"font-family: georgia, palatino, serif\">Magyar Patol\u00f3gus T\u00e1rsas\u00e1g (MPT)<\/span><\/td>\n<\/tr>\n<tr>\n<td style=\"width: 13.1829%\"><span style=\"font-family: georgia, palatino, serif\">2005-2008<\/span><\/td>\n<td style=\"width: 86.8171%\"><span style=\"font-family: georgia, palatino, serif\">Nemzetk\u00f6zi Patol\u00f3giai T\u00e1rsas\u00e1g (IAP)<\/span><\/td>\n<\/tr>\n<\/tbody>\n<\/table>\n<p><span style=\"font-family: georgia, palatino, serif\"><strong>D\u00edjak<\/strong><\/span><\/p>\n<table style=\"border-collapse: collapse;width: 100%\">\n<tbody>\n<tr>\n<td style=\"width: 13.4204%\"><span style=\"font-family: georgia, palatino, serif\">2015 <\/span><\/td>\n<td style=\"width: 86.5796%\"><span style=\"font-family: georgia, palatino, serif\">QUB, School Conference Travel Award, AACR Annual Meeting 2015, Philadelphia, PA, US<\/span><\/td>\n<\/tr>\n<tr>\n<td style=\"width: 13.4204%\"><span style=\"font-family: georgia, palatino, serif\">2015<\/span><\/td>\n<td style=\"width: 86.5796%\"><span style=\"font-family: georgia, palatino, serif\">QUB, Research and Enterprise Conference Travel Award<\/span><\/td>\n<\/tr>\n<tr>\n<td style=\"width: 13.4204%\"><span style=\"font-family: georgia, palatino, serif\">2009<\/span><\/td>\n<td style=\"width: 86.5796%\"><span style=\"font-family: georgia, palatino, serif\">Travel Award at 44th Annual Meeting of EASL, Copenhagen, Denmark<\/span><\/td>\n<\/tr>\n<\/tbody>\n<\/table>\n<p><strong><span style=\"font-family: georgia, palatino, serif\">Nyelvismeret<\/span><\/strong> <span style=\"font-family: georgia, palatino, serif\">angol, n\u00e9met<\/span> \u00a0<\/p>\n<p><strong><span style=\"font-family: georgia, palatino, serif\">\u00c9rdekl\u0151d\u00e9si ter\u00fcletek, hobby<\/span><\/strong> <span style=\"font-family: georgia, palatino, serif\">Iyengar Yoga, sport, \u00e9nekl\u00e9s, olvas\u00e1s, sz\u00ednh\u00e1z, t\u00e1nc (latin \u00e9s klasszikus), h\u00edmz\u00e9s, ker\u00e1mia<\/span> \u00a0 \u00a0<\/p>\n","protected":false},"excerpt":{"rendered":"<p>Iskolai v\u00e9gzetts\u00e9g 2005-2008 Semmelweis Egyetem Budapest, nappali tagozatos PhD hallgat\u00f3 \u00a0 &#8222;Tight junction \u00e9s adherent junction feh\u00e9rj\u00e9k kifejez\u0151d\u00e9se epe\u00fati daganatokban. 2010.&#8221; 1999-2002 E\u00f6tv\u00f6s Lor\u00e1nd Tudom\u00e1ny Egyetem Budapest, biol\u00f3gia tan\u00e1r 1996-2001 E\u00f6tv\u00f6s Lor\u00e1nd Tudom\u00e1ny Egyetem Budapest, &hellip;<\/p>\n","protected":false},"author":121,"featured_media":0,"parent":0,"menu_order":0,"comment_status":"closed","ping_status":"closed","template":"","meta":{"footnotes":""},"class_list":["post-4","page","type-page","status-publish","hentry"],"_links":{"self":[{"href":"https:\/\/scholar.semmelweis.hu\/nemethzsuzsanna\/wp-json\/wp\/v2\/pages\/4"}],"collection":[{"href":"https:\/\/scholar.semmelweis.hu\/nemethzsuzsanna\/wp-json\/wp\/v2\/pages"}],"about":[{"href":"https:\/\/scholar.semmelweis.hu\/nemethzsuzsanna\/wp-json\/wp\/v2\/types\/page"}],"author":[{"embeddable":true,"href":"https:\/\/scholar.semmelweis.hu\/nemethzsuzsanna\/wp-json\/wp\/v2\/users\/121"}],"replies":[{"embeddable":true,"href":"https:\/\/scholar.semmelweis.hu\/nemethzsuzsanna\/wp-json\/wp\/v2\/comments?post=4"}],"version-history":[{"count":25,"href":"https:\/\/scholar.semmelweis.hu\/nemethzsuzsanna\/wp-json\/wp\/v2\/pages\/4\/revisions"}],"predecessor-version":[{"id":146,"href":"https:\/\/scholar.semmelweis.hu\/nemethzsuzsanna\/wp-json\/wp\/v2\/pages\/4\/revisions\/146"}],"wp:attachment":[{"href":"https:\/\/scholar.semmelweis.hu\/nemethzsuzsanna\/wp-json\/wp\/v2\/media?parent=4"}],"curies":[{"name":"wp","href":"https:\/\/api.w.org\/{rel}","templated":true}]}}