{"id":61,"date":"2015-05-21T14:05:12","date_gmt":"2015-05-21T14:05:12","guid":{"rendered":"http:\/\/scholar.semmelweis.hu\/minta\/?page_id=61"},"modified":"2021-05-26T06:30:10","modified_gmt":"2021-05-26T06:30:10","slug":"kozossegi-media","status":"publish","type":"page","link":"https:\/\/scholar.semmelweis.hu\/minta\/kozossegi-media\/","title":{"rendered":"K\u00f6z\u00f6ss\u00e9gi m\u00e9dia"},"content":{"rendered":"<p>A szem\u00e9lyes honlapunkra lehet\u0151s\u00e9g\u00fcnk van ikonokkal megjelen\u00edteni a k\u00fcl\u00f6nb\u00f6z\u0151 k\u00f6z\u00f6ss\u00e9gi m\u00e9dia profilunkra mutat\u00f3 hivatkoz\u00e1sokat. (L\u00e1sd jobb oldali s\u00e1v ezen a honlapon).<\/p>\n<p><a href=\"https:\/\/scholar.semmelweis.hu\/minta\/wp-content\/uploads\/sites\/2\/2015\/05\/social_profiles.png\"><img loading=\"lazy\" decoding=\"async\" class=\"aligncenter size-full wp-image-2322\" src=\"https:\/\/scholar.semmelweis.hu\/minta\/wp-content\/uploads\/sites\/2\/2015\/05\/social_profiles.png\" alt=\"\" width=\"877\" height=\"580\" srcset=\"https:\/\/scholar.semmelweis.hu\/minta\/wp-content\/uploads\/sites\/2\/2015\/05\/social_profiles.png 877w, https:\/\/scholar.semmelweis.hu\/minta\/wp-content\/uploads\/sites\/2\/2015\/05\/social_profiles-300x198.png 300w, https:\/\/scholar.semmelweis.hu\/minta\/wp-content\/uploads\/sites\/2\/2015\/05\/social_profiles-768x508.png 768w\" sizes=\"(max-width: 877px) 100vw, 877px\" \/><\/a><\/p>\n<p>&nbsp;<\/p>\n<p>Ennek be\u00e1ll\u00edt\u00e1sa a <strong>Vez\u00e9rl\u0151pult &gt; Be\u00e1ll\u00edt\u00e1sok &gt; K\u00f6z\u00f6ss\u00e9gi h\u00e1l\u00f3k<\/strong> men\u00fcpontban lehets\u00e9ges, az al\u00e1bbi k\u00e9pen l\u00e1that\u00f3 m\u00f3don \u00e9s sorrendben. Els\u0151 l\u00e9p\u00e9sk\u00e9nt v\u00e1lasszuk ki, hogy milyen profiljainkat akarjuk megjelen\u00edteni a jobb oldali s\u00e1vban (1). \u00a0Ellen\u0151rizz\u00fck le, hogy a hivatkoz\u00e1s \u00faj ablakban fog-e megny\u00edlni (2). Majd ments\u00fck a be\u00e1ll\u00edt\u00e1st (3).<\/p>\n<p>Ezek ut\u00e1n megjelennek az oldalon mindazon social m\u00e9dia ikonok, amelyeket jel\u00f6lt\u00fcnk egy plusz mez\u0151vel, ahov\u00e1 a konkr\u00e9t profilunkra mutat\u00f3 hivatkoz\u00e1st kell bem\u00e1solni pl. https:\/\/facebook.com\/semmelweisegyetem (4.). Majd, ha minden profil URL-j\u00e9t bem\u00e1sultuk, ments\u00fck a be\u00e1ll\u00edt\u00e1sokat (5). Ha esetleg nem tetszenek a kerek\u00edtett ikonok, akkor az els\u0151 szakaszban tal\u00e1lhat\u00f3 st\u00edlust m\u00f3dos\u00edthatjuk sz\u00f6gletesre, majd ments\u00fck ism\u00e9t a m\u00f3dos\u00edt\u00e1sokat (3.).<\/p>\n<p>&nbsp;<\/p>\n<p><a href=\"https:\/\/scholar.semmelweis.hu\/minta\/wp-content\/uploads\/sites\/2\/2015\/05\/social_profiles_2.png\"><img loading=\"lazy\" decoding=\"async\" class=\"aligncenter size-full wp-image-2323\" src=\"https:\/\/scholar.semmelweis.hu\/minta\/wp-content\/uploads\/sites\/2\/2015\/05\/social_profiles_2.png\" alt=\"\" width=\"944\" height=\"664\" srcset=\"https:\/\/scholar.semmelweis.hu\/minta\/wp-content\/uploads\/sites\/2\/2015\/05\/social_profiles_2.png 944w, https:\/\/scholar.semmelweis.hu\/minta\/wp-content\/uploads\/sites\/2\/2015\/05\/social_profiles_2-300x211.png 300w, https:\/\/scholar.semmelweis.hu\/minta\/wp-content\/uploads\/sites\/2\/2015\/05\/social_profiles_2-768x540.png 768w\" sizes=\"(max-width: 944px) 100vw, 944px\" \/><\/a><\/p>\n<p>&nbsp;<\/p>\n","protected":false},"excerpt":{"rendered":"<p>A szem\u00e9lyes honlapunkra lehet\u0151s\u00e9g\u00fcnk van ikonokkal megjelen\u00edteni a k\u00fcl\u00f6nb\u00f6z\u0151 k\u00f6z\u00f6ss\u00e9gi m\u00e9dia profilunkra mutat\u00f3 hivatkoz\u00e1sokat. (L\u00e1sd jobb oldali s\u00e1v ezen a honlapon). <a href=\"https:\/\/scholar.semmelweis.hu\/minta\/wp-content\/uploads\/sites\/2\/2015\/05\/social_profiles.png\"><\/a> &nbsp; Ennek be\u00e1ll\u00edt\u00e1sa a Vez\u00e9rl\u0151pult &gt; Be\u00e1ll\u00edt\u00e1sok &gt; K\u00f6z\u00f6ss\u00e9gi h\u00e1l\u00f3k men\u00fcpontban lehets\u00e9ges, az al\u00e1bbi &hellip;<\/p>\n","protected":false},"author":2,"featured_media":0,"parent":0,"menu_order":0,"comment_status":"open","ping_status":"open","template":"","meta":{"footnotes":""},"class_list":["post-61","page","type-page","status-publish","hentry"],"_links":{"self":[{"href":"https:\/\/scholar.semmelweis.hu\/minta\/wp-json\/wp\/v2\/pages\/61"}],"collection":[{"href":"https:\/\/scholar.semmelweis.hu\/minta\/wp-json\/wp\/v2\/pages"}],"about":[{"href":"https:\/\/scholar.semmelweis.hu\/minta\/wp-json\/wp\/v2\/types\/page"}],"author":[{"embeddable":true,"href":"https:\/\/scholar.semmelweis.hu\/minta\/wp-json\/wp\/v2\/users\/2"}],"replies":[{"embeddable":true,"href":"https:\/\/scholar.semmelweis.hu\/minta\/wp-json\/wp\/v2\/comments?post=61"}],"version-history":[{"count":6,"href":"https:\/\/scholar.semmelweis.hu\/minta\/wp-json\/wp\/v2\/pages\/61\/revisions"}],"predecessor-version":[{"id":3664,"href":"https:\/\/scholar.semmelweis.hu\/minta\/wp-json\/wp\/v2\/pages\/61\/revisions\/3664"}],"wp:attachment":[{"href":"https:\/\/scholar.semmelweis.hu\/minta\/wp-json\/wp\/v2\/media?parent=61"}],"curies":[{"name":"wp","href":"https:\/\/api.w.org\/{rel}","templated":true}]}}

Közösségi média

<p>A személyes honlapunkra lehetőségünk van ikonokkal megjeleníteni a különböző közösségi média profilunkra mutató hivatkozásokat. (Lásd jobb oldali sáv ezen a honlapon).</p>
<p><a href="https://scholar.semmelweis.hu/minta/wp-content/uploads/sites/2/2015/05/social_profiles.png"><img loading="lazy" decoding="async" class="aligncenter size-full wp-image-2322" src="https://scholar.semmelweis.hu/minta/wp-content/uploads/sites/2/2015/05/social_profiles.png" alt="" width="877" height="580" srcset="https://scholar.semmelweis.hu/minta/wp-content/uploads/sites/2/2015/05/social_profiles.png 877w, https://scholar.semmelweis.hu/minta/wp-content/uploads/sites/2/2015/05/social_profiles-300x198.png 300w, https://scholar.semmelweis.hu/minta/wp-content/uploads/sites/2/2015/05/social_profiles-768x508.png 768w" sizes="(max-width: 877px) 100vw, 877px" /></a></p>
<p>&nbsp;</p>
<p>Ennek beállítása a <strong>Vezérlőpult &gt; Beállítások &gt; Közösségi hálók</strong> menüpontban lehetséges, az alábbi képen látható módon és sorrendben. Első lépésként válasszuk ki, hogy milyen profiljainkat akarjuk megjeleníteni a jobb oldali sávban (1).  Ellenőrizzük le, hogy a hivatkozás új ablakban fog-e megnyílni (2). Majd mentsük a beállítást (3).</p>
<p>Ezek után megjelennek az oldalon mindazon social média ikonok, amelyeket jelöltünk egy plusz mezővel, ahová a konkrét profilunkra mutató hivatkozást kell bemásolni pl. https://facebook.com/semmelweisegyetem (4.). Majd, ha minden profil URL-jét bemásultuk, mentsük a beállításokat (5). Ha esetleg nem tetszenek a kerekített ikonok, akkor az első szakaszban található stílust módosíthatjuk szögletesre, majd mentsük ismét a módosításokat (3.).</p>
<p>&nbsp;</p>
<p><a href="https://scholar.semmelweis.hu/minta/wp-content/uploads/sites/2/2015/05/social_profiles_2.png"><img loading="lazy" decoding="async" class="aligncenter size-full wp-image-2323" src="https://scholar.semmelweis.hu/minta/wp-content/uploads/sites/2/2015/05/social_profiles_2.png" alt="" width="944" height="664" srcset="https://scholar.semmelweis.hu/minta/wp-content/uploads/sites/2/2015/05/social_profiles_2.png 944w, https://scholar.semmelweis.hu/minta/wp-content/uploads/sites/2/2015/05/social_profiles_2-300x211.png 300w, https://scholar.semmelweis.hu/minta/wp-content/uploads/sites/2/2015/05/social_profiles_2-768x540.png 768w" sizes="(max-width: 944px) 100vw, 944px" /></a></p>
<p>&nbsp;</p>

<p>A személyes honlapunkra lehetőségünk van ikonokkal megjeleníteni a különböző közösségi média profilunkra mutató hivatkozásokat. (Lásd jobb oldali sáv ezen a honlapon). <a href="https://scholar.semmelweis.hu/minta/wp-content/uploads/sites/2/2015/05/social_profiles.png"></a> &nbsp; Ennek beállítása a Vezérlőpult &gt; Beállítások &gt; Közösségi hálók menüpontban lehetséges, az alábbi &hellip;</p>
