{"id":2291,"date":"2015-11-20T08:20:57","date_gmt":"2015-11-20T08:20:57","guid":{"rendered":"http:\/\/scholar.semmelweis.hu\/minta\/?page_id=2291"},"modified":"2021-05-26T06:23:42","modified_gmt":"2021-05-26T06:23:42","slug":"mtmt-re-mutato-menupont","status":"publish","type":"page","link":"https:\/\/scholar.semmelweis.hu\/minta\/menu-keszites\/mtmt-re-mutato-menupont\/","title":{"rendered":"MTMT-re mutat\u00f3 men\u00fcpont"},"content":{"rendered":"<p>&nbsp;<\/p>\n<p>Az MTMT adatb\u00e1zis\u00e1ban<strong> a saj\u00e1t szem\u00e9lyes profilunkra mutat\u00f3 men\u00fcpontot<\/strong> \u00fagy hozhatunk l\u00e9tre, hogy a b\u00f6ng\u00e9sz\u0151ben egy \u00faj f\u00fclben megnyitjuk a MTMT adatb\u00e1zis\u00e1t:\u00a0<a href=\"https:\/\/www.mtmt.hu\/\" target=\"_blank\" rel=\"noopener noreferrer\">https:\/\/www.mtmt.hu\/<\/a><\/p>\n<p>A bal sz\u00e9ls\u0151 s\u00e1vban a keres\u0151 mez\u0151be \u00edrjuk be \u00a0a nev\u00fcnket \u00e9s nyomjunk vagy entert, vagy kattintsunk a keres\u0151 ikonra. Ha ezen a n\u00e9ven egy szerz\u0151 van, akkor megjelenik a pontos n\u00e9v \u00e9s szakter\u00fclet a &#8222;Kutat\u00f3\/szerz\u0151 nev\u00e9nek r\u00e9szlete:&#8221; mez\u0151ben, \u00e9s egy \u00fajabb entert kell nyomni, m\u00edg ha esetleg t\u00f6bb azonos nev\u0171 szerz\u0151 van, akkor a mez\u0151 mellett leny\u00edl\u00f3 list\u00e1b\u00f3l kell kiv\u00e1lasztani a pontos nevet \u00e9s szakter\u00fcletet, majd \u00fajb\u00f3l a keres\u00e9sre kattintani.<\/p>\n<p>A lista megtekinthet\u0151 (\u00e9s belinkelhet\u0151) egy nyomtat\u00f3bar\u00e1t form\u00e1tumban, ha &#8222;Let\u00f6lt\u00e9s nyomtat\u00f3bar\u00e1t html form\u00e1tumban&#8221; gombra kattintunk. Az ekkor megjelen\u0151 oldal webc\u00edm\u00e9t (URL-t) kim\u00e1solva egy \u00faj f\u0151men\u00fct hozhatunk l\u00e9tre,\u00a0<a href=\"https:\/\/scholar.semmelweis.hu\/minta\/proba-fomenu\/\">a f\u0151men\u00fcpontok l\u00e9trehoz\u00e1s\u00e1n\u00e1l le\u00edrt m\u00f3don<\/a>, hiszen men\u00fcpontot nemcsak saj\u00e1t oldalb\u00f3l, hanem k\u00fcls\u0151 linkekb\u0151l is k\u00e9sz\u00edthet\u00fcnk.<\/p>\n<p><strong><a href=\"https:\/\/www.mtmt.hu\/gyik\" target=\"_blank\" rel=\"noopener noreferrer\">Az MTMT oldal\u00e1n sz\u00e1mos \u00fatmutat\u00f3 tal\u00e1lhat\u00f3<\/a><\/strong>.<\/p>\n<p>Ellen\u0151rizz\u00fck le, hogy azt az oldalt kaptuk, amit szeretn\u00e9nk, majd a webc\u00edmet kim\u00e1solva hozzuk l\u00e9tre a men\u00fcpontot <a href=\"https:\/\/scholar.semmelweis.hu\/minta\/proba-fomenu\/\" target=\"_blank\" rel=\"noopener noreferrer\">a kor\u00e1bban ismertetett m\u00f3don<\/a>.<\/p>\n","protected":false},"excerpt":{"rendered":"<p>&nbsp; Az MTMT adatb\u00e1zis\u00e1ban a saj\u00e1t szem\u00e9lyes profilunkra mutat\u00f3 men\u00fcpontot \u00fagy hozhatunk l\u00e9tre, hogy a b\u00f6ng\u00e9sz\u0151ben egy \u00faj f\u00fclben megnyitjuk a MTMT adatb\u00e1zis\u00e1t:\u00a0 <a href=\"https:\/\/www.mtmt.hu\/\" target=\"_blank\" rel=\"noopener noreferrer\">https:\/\/www.mtmt.hu\/<\/a> A bal sz\u00e9ls\u0151 s\u00e1vban a keres\u0151 mez\u0151be \u00edrjuk be \u00a0a nev\u00fcnket \u00e9s &hellip;<\/p>\n","protected":false},"author":2,"featured_media":0,"parent":12,"menu_order":0,"comment_status":"closed","ping_status":"closed","template":"","meta":{"footnotes":""},"class_list":["post-2291","page","type-page","status-publish","hentry"],"_links":{"self":[{"href":"https:\/\/scholar.semmelweis.hu\/minta\/wp-json\/wp\/v2\/pages\/2291"}],"collection":[{"href":"https:\/\/scholar.semmelweis.hu\/minta\/wp-json\/wp\/v2\/pages"}],"about":[{"href":"https:\/\/scholar.semmelweis.hu\/minta\/wp-json\/wp\/v2\/types\/page"}],"author":[{"embeddable":true,"href":"https:\/\/scholar.semmelweis.hu\/minta\/wp-json\/wp\/v2\/users\/2"}],"replies":[{"embeddable":true,"href":"https:\/\/scholar.semmelweis.hu\/minta\/wp-json\/wp\/v2\/comments?post=2291"}],"version-history":[{"count":7,"href":"https:\/\/scholar.semmelweis.hu\/minta\/wp-json\/wp\/v2\/pages\/2291\/revisions"}],"predecessor-version":[{"id":3656,"href":"https:\/\/scholar.semmelweis.hu\/minta\/wp-json\/wp\/v2\/pages\/2291\/revisions\/3656"}],"up":[{"embeddable":true,"href":"https:\/\/scholar.semmelweis.hu\/minta\/wp-json\/wp\/v2\/pages\/12"}],"wp:attachment":[{"href":"https:\/\/scholar.semmelweis.hu\/minta\/wp-json\/wp\/v2\/media?parent=2291"}],"curies":[{"name":"wp","href":"https:\/\/api.w.org\/{rel}","templated":true}]}}

MTMT-re mutató menüpont

<p>&nbsp;</p>
<p>Az MTMT adatbázisában<strong> a saját személyes profilunkra mutató menüpontot</strong> úgy hozhatunk létre, hogy a böngészőben egy új fülben megnyitjuk a MTMT adatbázisát: <a href="https://www.mtmt.hu/" target="_blank" rel="noopener noreferrer">https://www.mtmt.hu/</a></p>
<p>A bal szélső sávban a kereső mezőbe írjuk be  a nevünket és nyomjunk vagy entert, vagy kattintsunk a kereső ikonra. Ha ezen a néven egy szerző van, akkor megjelenik a pontos név és szakterület a &#8222;Kutató/szerző nevének részlete:&#8221; mezőben, és egy újabb entert kell nyomni, míg ha esetleg több azonos nevű szerző van, akkor a mező mellett lenyíló listából kell kiválasztani a pontos nevet és szakterületet, majd újból a keresésre kattintani.</p>
<p>A lista megtekinthető (és belinkelhető) egy nyomtatóbarát formátumban, ha &#8222;Letöltés nyomtatóbarát html formátumban&#8221; gombra kattintunk. Az ekkor megjelenő oldal webcímét (URL-t) kimásolva egy új főmenüt hozhatunk létre, <a href="https://scholar.semmelweis.hu/minta/proba-fomenu/">a főmenüpontok létrehozásánál leírt módon</a>, hiszen menüpontot nemcsak saját oldalból, hanem külső linkekből is készíthetünk.</p>
<p><strong><a href="https://www.mtmt.hu/gyik" target="_blank" rel="noopener noreferrer">Az MTMT oldalán számos útmutató található</a></strong>.</p>
<p>Ellenőrizzük le, hogy azt az oldalt kaptuk, amit szeretnénk, majd a webcímet kimásolva hozzuk létre a menüpontot <a href="https://scholar.semmelweis.hu/minta/proba-fomenu/" target="_blank" rel="noopener noreferrer">a korábban ismertetett módon</a>.</p>

<p>&nbsp; Az MTMT adatbázisában a saját személyes profilunkra mutató menüpontot úgy hozhatunk létre, hogy a böngészőben egy új fülben megnyitjuk a MTMT adatbázisát:  <a href="https://www.mtmt.hu/" target="_blank" rel="noopener noreferrer">https://www.mtmt.hu/</a> A bal szélső sávban a kereső mezőbe írjuk be  a nevünket és &hellip;</p>
