{"id":176,"date":"2015-06-25T13:58:46","date_gmt":"2015-06-25T13:58:46","guid":{"rendered":"http:\/\/scholar.semmelweis.hu\/minta\/?page_id=176"},"modified":"2021-05-26T06:16:20","modified_gmt":"2021-05-26T06:16:20","slug":"fajlok-beillesztese-pdf-beagyazas","status":"publish","type":"page","link":"https:\/\/scholar.semmelweis.hu\/minta\/minta-oldal\/fajlok-beillesztese-pdf-beagyazas\/","title":{"rendered":"F\u00e1jlok beilleszt\u00e9se, pdf be\u00e1gyaz\u00e1s"},"content":{"rendered":"<p>Ha let\u00f6lthet\u0151 f\u00e1jlt (doc, xls, pdf, ppt, \u00a0stb.) szeretn\u00e9nk az oldalunkba helyezni, akkor az oldal, vagy bejegyz\u00e9s szerkeszt\u0151 fel\u00fclet\u00e9n az eszk\u00f6z t\u00e1r felett balra tal\u00e1lhat <strong>M\u00e9dia hozz\u00e1ad\u00e1sa<\/strong> gombra kattintunk, majd a felugr\u00f3 ablakban az Uploads files (f\u00e1jlok felt\u00f6lt\u00e9se) link\u00a0seg\u00edts\u00e9g\u00e9vel\u00a0felt\u00f6ltj\u00fck a dokumentumo(ka)t (hasonl\u00f3an a k\u00e9p felt\u00f6lt\u00e9shez). Vagy kor\u00e1bban felt\u00f6lt\u00f6tt f\u00e1jlt is v\u00e1laszthatunk a M\u00e9diat\u00e1r f\u00fclb\u0151l, s\u0151t azonbel\u00fcl kereshet\u00fcnk d\u00e1tum vagy t\u00edpus szerint is).<\/p>\n<p><img loading=\"lazy\" decoding=\"async\" class=\"aligncenter size-large wp-image-180\" src=\"https:\/\/scholar.semmelweis.hu\/minta\/wp-content\/uploads\/sites\/2\/2015\/06\/wiki_link_3-1024x551.png\" alt=\"wiki_link_3\" width=\"575\" height=\"309\" srcset=\"https:\/\/scholar.semmelweis.hu\/minta\/wp-content\/uploads\/sites\/2\/2015\/06\/wiki_link_3-1024x551.png 1024w, https:\/\/scholar.semmelweis.hu\/minta\/wp-content\/uploads\/sites\/2\/2015\/06\/wiki_link_3-300x161.png 300w, https:\/\/scholar.semmelweis.hu\/minta\/wp-content\/uploads\/sites\/2\/2015\/06\/wiki_link_3.png 1190w\" sizes=\"(max-width: 575px) 100vw, 575px\" \/><\/p>\n<p>Felt\u00f6lt\u00e9s ut\u00e1n a f\u00e1jl alapb\u00f3l ki van jel\u00f6lve (ha t\u00f6bb f\u00e1jlt t\u00f6lt\u00fcnk fel egyszerre, akkor figyelj\u00fcnk r\u00e1, hogy csak az \u00e9pp kezelend\u0151 dokumentum\u00a0legyen kijel\u00f6lve). A kijel\u00f6lt\u00a0f\u00e1jlr\u00f3l a jobb oldalon megjelennek az adatok (form\u00e1tum, c\u00edm, m\u00e9ret), illetve alatta t\u00f6bb mez\u0151 is tal\u00e1lhat\u00f3. <strong>M\u00e1soljuk ki a f\u00e1jl webc\u00edm\u00e9t &#8211; URL <\/strong>(ha h\u00e1romszor gyorsan belekattintunk a mez\u0151be, akkor a teljes c\u00edmet kijel\u00f6lj\u00fck, majd nyomjuk \u00e9s\u00a0egyszerre a Ctrl+C gombokat), majd a p\u00e1rbesz\u00e9d ablakot a jobb fels\u0151 x-el z\u00e1rjuk be.<\/p>\n<p>A szerkesztett oldalon bel\u00fcl jel\u00f6lj\u00fck ki azt a sz\u00f6veget, amelyet link\u00e9 szeretn\u00e9nk alak\u00edtani (pl. a dokumentum \u00e9kezetekkel ell\u00e1tott teljes c\u00edme, vagy egy olyan sz\u00f6veg, hogy: \u201caz xxx\u00a0f\u00e1jl pdf form\u00e1tumban let\u00f6lthet\u0151 erre a linkre kattintva\u201d) \u00a0\u00e9s a szerkeszt\u0151l\u00e9cb\u0151l a kis l\u00e1ncszem ikonra kattintunk. A felugr\u00f3 ablakban az URL mez\u0151be beillesztj\u00fck a kim\u00e1solt f\u00e1jl webc\u00edm\u00e9t (belekattintunk a mez\u0151be \u00e9s megnyomjuk egyszerre a Ctrl+V gombokat).<\/p>\n<p>A c\u00edm alatti kis jel\u00f6l\u0151 n\u00e9gyzetet\u00a0bekattintva a link\u00fcnk majd egy \u00faj b\u00f6ng\u00e9sz\u0151 f\u00fcl\u00f6n fog megny\u00edlni. Ezt k\u00fcl\u00f6n\u00f6sen pdf-n\u00e9l \u00e9rdemes bekattintani, mert a pdf-eket a b\u00f6ng\u00e9sz\u0151k t\u00f6bbs\u00e9ge k\u00e9pes megjelen\u00edteni (a doc, ppt, xls f\u00e1jlok csak let\u00f6lthet\u0151ek).<\/p>\n<p><strong>Minta:<\/strong><\/p>\n<ul>\n<li><a title=\"Ha az \u00faj f\u00fcl\u00f6n megtekintette a PDF-et, egyszer\u0171en a f\u00fcl bez\u00e1r\u00e1s\u00e1val visszajut az eredeti oldalhoz.\" href=\"https:\/\/scholar.semmelweis.hu\/minta\/wp-content\/uploads\/sites\/2\/2015\/06\/mintapdf_scholar.pdf\" target=\"_blank\" rel=\"noopener noreferrer\">PDF f\u00e1jl \u00faj f\u00fcl\u00f6n megnyitva<\/a><\/li>\n<li><a title=\"A b\u00f6ng\u00e9sz\u0151ben nyomjon egy \" href=\"https:\/\/scholar.semmelweis.hu\/minta\/wp-content\/uploads\/sites\/2\/2015\/06\/mintapdf_scholar.pdf\">PDF f\u00e1jl ugyanabban az ablakban<\/a><\/li>\n<li><a title=\"Ennek a f\u00e1jlnak a tartalma azonos a PDF-ben olvashat\u00f3val.\" href=\"https:\/\/scholar.semmelweis.hu\/minta\/wp-content\/uploads\/sites\/2\/2015\/06\/minta_dokumentum_scholar.doc\">DOC f\u00e1jl let\u00f6lt\u00e9sre<\/a><\/li>\n<\/ul>\n<p>&nbsp;<\/p>\n<p><strong>PDF F\u00e1jl be\u00e1gyaz\u00e1sa, hogy egyb\u0151l megtekinthet\u0151 legyen:<\/strong><\/p>\n<p>Az al\u00e1bbi k\u00f3dot m\u00e1soljuk ki \u00e9s a szerkesztett oldalunk, vagy bejegyz\u00e9s\u00fcnk\u00f6n l\u00e9pj\u00fcnk \u00e1t a HTML n\u00e9zetbe (kis f\u00fcl az eszk\u00f6zt\u00e1r bal sz\u00e9l\u00e9n). Illesz\u00fck be a k\u00f3dot oda, ahol szeretn\u00e9nk, ha a PDF l\u00e1that\u00f3 lenne. A k\u00edv\u00e1nt PDF-et a fent olvashat\u00f3 m\u00f3don fel kell t\u00f6lteni a m\u00e9diat\u00e1rba \u00e9s m\u00e1soljuk ki az URL-j\u00e9t. \u00a0Cser\u00e9lj\u00fck le az beillesztett \u00a0src= ut\u00e1n az id\u00e9z\u0151jel k\u00f6z\u00f6tt a PDF URL-j\u00e9t arra, amit felt\u00f6lt\u00f6tt\u00fcnk. A sz\u00e9less\u00e9g eset\u00e9n maximum 690 (pixel), de a magass\u00e1gon tetsz\u0151legesen \u00e1ll\u00edthatunk.<\/p>\n<pre> &lt;embed src=\"https:\/\/feltoltott_fajl_teljes_URL_je.pdf\" width=\"690\" height=\"1000\"&gt;&lt;\/embed &gt;<\/pre>\n<p>&nbsp;<\/p>\n<p><strong>Minta be\u00e1gyaz\u00e1s:<\/strong><br \/>\n<embed src=\"https:\/\/scholar.semmelweis.hu\/minta\/wp-content\/uploads\/sites\/2\/2015\/06\/mintapdf_scholar.pdf\" width=\"690\" height=\"1000\"><\/embed><\/p>\n","protected":false},"excerpt":{"rendered":"<p>Ha let\u00f6lthet\u0151 f\u00e1jlt (doc, xls, pdf, ppt, \u00a0stb.) szeretn\u00e9nk az oldalunkba helyezni, akkor az oldal, vagy bejegyz\u00e9s szerkeszt\u0151 fel\u00fclet\u00e9n az eszk\u00f6z t\u00e1r felett balra tal\u00e1lhat M\u00e9dia hozz\u00e1ad\u00e1sa gombra kattintunk, majd a felugr\u00f3 ablakban az Uploads &hellip;<\/p>\n","protected":false},"author":2,"featured_media":0,"parent":2,"menu_order":1,"comment_status":"open","ping_status":"open","template":"","meta":{"footnotes":""},"class_list":["post-176","page","type-page","status-publish","hentry"],"_links":{"self":[{"href":"https:\/\/scholar.semmelweis.hu\/minta\/wp-json\/wp\/v2\/pages\/176"}],"collection":[{"href":"https:\/\/scholar.semmelweis.hu\/minta\/wp-json\/wp\/v2\/pages"}],"about":[{"href":"https:\/\/scholar.semmelweis.hu\/minta\/wp-json\/wp\/v2\/types\/page"}],"author":[{"embeddable":true,"href":"https:\/\/scholar.semmelweis.hu\/minta\/wp-json\/wp\/v2\/users\/2"}],"replies":[{"embeddable":true,"href":"https:\/\/scholar.semmelweis.hu\/minta\/wp-json\/wp\/v2\/comments?post=176"}],"version-history":[{"count":6,"href":"https:\/\/scholar.semmelweis.hu\/minta\/wp-json\/wp\/v2\/pages\/176\/revisions"}],"predecessor-version":[{"id":3649,"href":"https:\/\/scholar.semmelweis.hu\/minta\/wp-json\/wp\/v2\/pages\/176\/revisions\/3649"}],"up":[{"embeddable":true,"href":"https:\/\/scholar.semmelweis.hu\/minta\/wp-json\/wp\/v2\/pages\/2"}],"wp:attachment":[{"href":"https:\/\/scholar.semmelweis.hu\/minta\/wp-json\/wp\/v2\/media?parent=176"}],"curies":[{"name":"wp","href":"https:\/\/api.w.org\/{rel}","templated":true}]}}

Fájlok beillesztése, pdf beágyazás

<p>Ha letölthető fájlt (doc, xls, pdf, ppt,  stb.) szeretnénk az oldalunkba helyezni, akkor az oldal, vagy bejegyzés szerkesztő felületén az eszköz tár felett balra találhat <strong>Média hozzáadása</strong> gombra kattintunk, majd a felugró ablakban az Uploads files (fájlok feltöltése) link segítségével feltöltjük a dokumentumo(ka)t (hasonlóan a kép feltöltéshez). Vagy korábban feltöltött fájlt is választhatunk a Médiatár fülből, sőt azonbelül kereshetünk dátum vagy típus szerint is).</p>
<p><img loading="lazy" decoding="async" class="aligncenter size-large wp-image-180" src="https://scholar.semmelweis.hu/minta/wp-content/uploads/sites/2/2015/06/wiki_link_3-1024x551.png" alt="wiki_link_3" width="575" height="309" srcset="https://scholar.semmelweis.hu/minta/wp-content/uploads/sites/2/2015/06/wiki_link_3-1024x551.png 1024w, https://scholar.semmelweis.hu/minta/wp-content/uploads/sites/2/2015/06/wiki_link_3-300x161.png 300w, https://scholar.semmelweis.hu/minta/wp-content/uploads/sites/2/2015/06/wiki_link_3.png 1190w" sizes="(max-width: 575px) 100vw, 575px" /></p>
<p>Feltöltés után a fájl alapból ki van jelölve (ha több fájlt töltünk fel egyszerre, akkor figyeljünk rá, hogy csak az épp kezelendő dokumentum legyen kijelölve). A kijelölt fájlról a jobb oldalon megjelennek az adatok (formátum, cím, méret), illetve alatta több mező is található. <strong>Másoljuk ki a fájl webcímét &#8211; URL </strong>(ha háromszor gyorsan belekattintunk a mezőbe, akkor a teljes címet kijelöljük, majd nyomjuk és egyszerre a Ctrl+C gombokat), majd a párbeszéd ablakot a jobb felső x-el zárjuk be.</p>
<p>A szerkesztett oldalon belül jelöljük ki azt a szöveget, amelyet linké szeretnénk alakítani (pl. a dokumentum ékezetekkel ellátott teljes címe, vagy egy olyan szöveg, hogy: “az xxx fájl pdf formátumban letölthető erre a linkre kattintva”)  és a szerkesztőlécből a kis láncszem ikonra kattintunk. A felugró ablakban az URL mezőbe beillesztjük a kimásolt fájl webcímét (belekattintunk a mezőbe és megnyomjuk egyszerre a Ctrl+V gombokat).</p>
<p>A cím alatti kis jelölő négyzetet bekattintva a linkünk majd egy új böngésző fülön fog megnyílni. Ezt különösen pdf-nél érdemes bekattintani, mert a pdf-eket a böngészők többsége képes megjeleníteni (a doc, ppt, xls fájlok csak letölthetőek).</p>
<p><strong>Minta:</strong></p>
<ul>
<li><a title="Ha az új fülön megtekintette a PDF-et, egyszerűen a fül bezárásával visszajut az eredeti oldalhoz." href="https://scholar.semmelweis.hu/minta/wp-content/uploads/sites/2/2015/06/mintapdf_scholar.pdf" target="_blank" rel="noopener noreferrer">PDF fájl új fülön megnyitva</a></li>
<li><a title="A böngészőben nyomjon egy " href="https://scholar.semmelweis.hu/minta/wp-content/uploads/sites/2/2015/06/mintapdf_scholar.pdf">PDF fájl ugyanabban az ablakban</a></li>
<li><a title="Ennek a fájlnak a tartalma azonos a PDF-ben olvashatóval." href="https://scholar.semmelweis.hu/minta/wp-content/uploads/sites/2/2015/06/minta_dokumentum_scholar.doc">DOC fájl letöltésre</a></li>
</ul>
<p>&nbsp;</p>
<p><strong>PDF Fájl beágyazása, hogy egyből megtekinthető legyen:</strong></p>
<p>Az alábbi kódot másoljuk ki és a szerkesztett oldalunk, vagy bejegyzésünkön lépjünk át a HTML nézetbe (kis fül az eszköztár bal szélén). Illeszük be a kódot oda, ahol szeretnénk, ha a PDF látható lenne. A kívánt PDF-et a fent olvasható módon fel kell tölteni a médiatárba és másoljuk ki az URL-jét.  Cseréljük le az beillesztett  src= után az idézőjel között a PDF URL-jét arra, amit feltöltöttünk. A szélesség esetén maximum 690 (pixel), de a magasságon tetszőlegesen állíthatunk.</p>
<pre> &lt;embed src="https://feltoltott_fajl_teljes_URL_je.pdf" width="690" height="1000"&gt;&lt;/embed &gt;</pre>
<p>&nbsp;</p>
<p><strong>Minta beágyazás:</strong><br />
<embed src="https://scholar.semmelweis.hu/minta/wp-content/uploads/sites/2/2015/06/mintapdf_scholar.pdf" width="690" height="1000"></embed></p>

<p>Ha letölthető fájlt (doc, xls, pdf, ppt,  stb.) szeretnénk az oldalunkba helyezni, akkor az oldal, vagy bejegyzés szerkesztő felületén az eszköz tár felett balra találhat Média hozzáadása gombra kattintunk, majd a felugró ablakban az Uploads &hellip;</p>
