{"id":173,"date":"2015-06-25T11:53:49","date_gmt":"2015-06-25T11:53:49","guid":{"rendered":"http:\/\/scholar.semmelweis.hu\/minta\/?page_id=173"},"modified":"2021-05-26T06:14:46","modified_gmt":"2021-05-26T06:14:46","slug":"linkek-keszitese","status":"publish","type":"page","link":"https:\/\/scholar.semmelweis.hu\/minta\/minta-oldal\/linkek-keszitese\/","title":{"rendered":"Linkek k\u00e9sz\u00edt\u00e9se"},"content":{"rendered":"<p>Ha a sz\u00f6veg\u00fcnkben szeretn\u00e9nk linket elhelyezni (pl. egy m\u00e1sik honlapra, vagy cikkre mutat\u00f3 hivatkoz\u00e1st), akkor a sz\u00f6vegben jel\u00f6lj\u00fck ki a linkk\u00e9 alak\u00edtand\u00f3 sz\u00f6vegr\u00e9szletet, vagy \u00edrjunk egy megfelel\u0151 sz\u00f6veget \u00e9s azt jel\u00f6lj\u00fck ki. Majd kattintsunk az eszk\u00f6zt\u00e1ron a l\u00e1ncot mutat\u00f3 ikonra:<\/p>\n<p><a href=\"https:\/\/scholar.semmelweis.hu\/minta\/wp-content\/uploads\/sites\/2\/2015\/06\/wiki_link.png\"><img loading=\"lazy\" decoding=\"async\" class=\"aligncenter size-large wp-image-174\" src=\"http:\/\/scholar.semmelweis.hu\/minta\/wp-content\/uploads\/sites\/2\/2015\/06\/wiki_link-1024x225.png\" alt=\"wiki_link\" width=\"575\" height=\"126\" srcset=\"https:\/\/scholar.semmelweis.hu\/minta\/wp-content\/uploads\/sites\/2\/2015\/06\/wiki_link-1024x225.png 1024w, https:\/\/scholar.semmelweis.hu\/minta\/wp-content\/uploads\/sites\/2\/2015\/06\/wiki_link-300x66.png 300w, https:\/\/scholar.semmelweis.hu\/minta\/wp-content\/uploads\/sites\/2\/2015\/06\/wiki_link.png 1336w\" sizes=\"(max-width: 575px) 100vw, 575px\" \/><\/a><\/p>\n<p>A felugr\u00f3 ablakban az URL mez\u0151be illessz\u00fck be a c\u00e9lhonlap teljes webc\u00edm\u00e9t (a \u00a0https:\/\/ el\u0151taggal egy\u00fctt), a &#8222;Hivatkoz\u00e1s sz\u00f6vege&#8221; az a sz\u00f6vegr\u00e9sz lesz, amit kijel\u00f6lt\u00fcnk.\u00a0A c\u00edm alatti kis jel\u00f6l\u0151 n\u00e9gyzetet\u00a0bekattintva a link\u00fcnk majd egy \u00faj b\u00f6ng\u00e9sz\u0151 f\u00fcl\u00f6n fog megny\u00edlni. Ezt akkor c\u00e9lszer\u0171 bejel\u00f6lni, ha a l\u00e1togat\u00f3t k\u00fcls\u0151s honlapra navig\u00e1ljuk a mi weboldalunkr\u00f3l (pl. MTMT, stb.), \u00edgy ha bez\u00e1rja is a m\u00e1sik honlapot, akkor is visszajut a mi honlapunkra.<\/p>\n<p>V\u00e1laszthatunk a saj\u00e1t, m\u00e1r elk\u00e9sz\u00edtett tartalmaink k\u00f6z\u00fcl is, ehhez a &#8222;vagy hivatkoz\u00e1s l\u00e9tez\u0151 tartalomhoz&#8221; sz\u00f6veg melletti kis ny\u00edlra kell kattintanunk, majd kikeresni a megfelel\u0151t, \u00e9s\u00a0egy kattint\u00e1ssal \u00a0az adott tartalmat a linkhez hozz\u00e1adni. V\u00e9g\u00fcl kattintsunk a &#8222;Hivatkoz\u00e1s hozz\u00e1ad\u00e1sa gombra.<\/p>\n<p><a href=\"https:\/\/scholar.semmelweis.hu\/minta\/wp-content\/uploads\/sites\/2\/2015\/06\/wiki_link_2.png\"><img loading=\"lazy\" decoding=\"async\" class=\"aligncenter  wp-image-175\" src=\"http:\/\/scholar.semmelweis.hu\/minta\/wp-content\/uploads\/sites\/2\/2015\/06\/wiki_link_2.png\" alt=\"wiki_link_2\" width=\"435\" height=\"377\" srcset=\"https:\/\/scholar.semmelweis.hu\/minta\/wp-content\/uploads\/sites\/2\/2015\/06\/wiki_link_2.png 718w, https:\/\/scholar.semmelweis.hu\/minta\/wp-content\/uploads\/sites\/2\/2015\/06\/wiki_link_2-300x260.png 300w\" sizes=\"(max-width: 435px) 100vw, 435px\" \/><\/a><\/p>\n<p>A kattinthat\u00f3s\u00e1g \u00e9rdek\u00e9ben ezt\u00a0akkor is meg kell tenn\u00fcnk, ha a sz\u00f6vegben ki\u00edrjuk a teljes webc\u00edmet (mag\u00e1t\u00f3l nem lesz link).<\/p>\n<p>Ha <strong>e-mail c\u00edmet szeretn\u00e9nk linkk\u00e9 alak\u00edtani,<\/strong> akkor ugyan\u00edgy j\u00e1runk el,\u00a0azonban, amikor kijel\u00f6lj\u00fck a linkes\u00edteni k\u00edv\u00e1nt e-mail c\u00edmet, m\u00e9g megnyomjuk a Ctrl \u00e9s egyszerre az f5 gombokat (m\u00e1sol\u00e1s) \u00e9s csak ezut\u00e1n kattintunk a l\u00e1ncszem ikonra. Ekkor a rendszer be\u00edrja a sz\u00fcks\u00e9ges utas\u00edt\u00e1st (mailto:e-mailc\u00edm), majd nyomjunk a &#8222;Hivatkoz\u00e1s hozz\u00e1ad\u00e1sa&#8221; gombra. \u00cdgy a b\u00f6ng\u00e9sz\u0151, ha a l\u00e1togat\u00f3 az e-mail c\u00edmre kattint automatikusan a l\u00e1togat\u00f3 g\u00e9p\u00e9n be\u00e1ll\u00edtott alap\u00e9rtelmezett levelez\u0151programot (azon bel\u00fcl egy \u00faj e-mail \u00edr\u00e1s\u00e1t) ind\u00edtja el.<\/p>\n<p>&nbsp;<\/p>\n","protected":false},"excerpt":{"rendered":"<p>Ha a sz\u00f6veg\u00fcnkben szeretn\u00e9nk linket elhelyezni (pl. egy m\u00e1sik honlapra, vagy cikkre mutat\u00f3 hivatkoz\u00e1st), akkor a sz\u00f6vegben jel\u00f6lj\u00fck ki a linkk\u00e9 alak\u00edtand\u00f3 sz\u00f6vegr\u00e9szletet, vagy \u00edrjunk egy megfelel\u0151 sz\u00f6veget \u00e9s azt jel\u00f6lj\u00fck ki. Majd kattintsunk az &hellip;<\/p>\n","protected":false},"author":2,"featured_media":0,"parent":2,"menu_order":2,"comment_status":"open","ping_status":"open","template":"","meta":{"footnotes":""},"class_list":["post-173","page","type-page","status-publish","hentry"],"_links":{"self":[{"href":"https:\/\/scholar.semmelweis.hu\/minta\/wp-json\/wp\/v2\/pages\/173"}],"collection":[{"href":"https:\/\/scholar.semmelweis.hu\/minta\/wp-json\/wp\/v2\/pages"}],"about":[{"href":"https:\/\/scholar.semmelweis.hu\/minta\/wp-json\/wp\/v2\/types\/page"}],"author":[{"embeddable":true,"href":"https:\/\/scholar.semmelweis.hu\/minta\/wp-json\/wp\/v2\/users\/2"}],"replies":[{"embeddable":true,"href":"https:\/\/scholar.semmelweis.hu\/minta\/wp-json\/wp\/v2\/comments?post=173"}],"version-history":[{"count":5,"href":"https:\/\/scholar.semmelweis.hu\/minta\/wp-json\/wp\/v2\/pages\/173\/revisions"}],"predecessor-version":[{"id":3648,"href":"https:\/\/scholar.semmelweis.hu\/minta\/wp-json\/wp\/v2\/pages\/173\/revisions\/3648"}],"up":[{"embeddable":true,"href":"https:\/\/scholar.semmelweis.hu\/minta\/wp-json\/wp\/v2\/pages\/2"}],"wp:attachment":[{"href":"https:\/\/scholar.semmelweis.hu\/minta\/wp-json\/wp\/v2\/media?parent=173"}],"curies":[{"name":"wp","href":"https:\/\/api.w.org\/{rel}","templated":true}]}}

Linkek készítése

<p>Ha a szövegünkben szeretnénk linket elhelyezni (pl. egy másik honlapra, vagy cikkre mutató hivatkozást), akkor a szövegben jelöljük ki a linkké alakítandó szövegrészletet, vagy írjunk egy megfelelő szöveget és azt jelöljük ki. Majd kattintsunk az eszköztáron a láncot mutató ikonra:</p>
<p><a href="https://scholar.semmelweis.hu/minta/wp-content/uploads/sites/2/2015/06/wiki_link.png"><img loading="lazy" decoding="async" class="aligncenter size-large wp-image-174" src="http://scholar.semmelweis.hu/minta/wp-content/uploads/sites/2/2015/06/wiki_link-1024x225.png" alt="wiki_link" width="575" height="126" srcset="https://scholar.semmelweis.hu/minta/wp-content/uploads/sites/2/2015/06/wiki_link-1024x225.png 1024w, https://scholar.semmelweis.hu/minta/wp-content/uploads/sites/2/2015/06/wiki_link-300x66.png 300w, https://scholar.semmelweis.hu/minta/wp-content/uploads/sites/2/2015/06/wiki_link.png 1336w" sizes="(max-width: 575px) 100vw, 575px" /></a></p>
<p>A felugró ablakban az URL mezőbe illesszük be a célhonlap teljes webcímét (a  https:// előtaggal együtt), a &#8222;Hivatkozás szövege&#8221; az a szövegrész lesz, amit kijelöltünk. A cím alatti kis jelölő négyzetet bekattintva a linkünk majd egy új böngésző fülön fog megnyílni. Ezt akkor célszerű bejelölni, ha a látogatót külsős honlapra navigáljuk a mi weboldalunkról (pl. MTMT, stb.), így ha bezárja is a másik honlapot, akkor is visszajut a mi honlapunkra.</p>
<p>Választhatunk a saját, már elkészített tartalmaink közül is, ehhez a &#8222;vagy hivatkozás létező tartalomhoz&#8221; szöveg melletti kis nyílra kell kattintanunk, majd kikeresni a megfelelőt, és egy kattintással  az adott tartalmat a linkhez hozzáadni. Végül kattintsunk a &#8222;Hivatkozás hozzáadása gombra.</p>
<p><a href="https://scholar.semmelweis.hu/minta/wp-content/uploads/sites/2/2015/06/wiki_link_2.png"><img loading="lazy" decoding="async" class="aligncenter  wp-image-175" src="http://scholar.semmelweis.hu/minta/wp-content/uploads/sites/2/2015/06/wiki_link_2.png" alt="wiki_link_2" width="435" height="377" srcset="https://scholar.semmelweis.hu/minta/wp-content/uploads/sites/2/2015/06/wiki_link_2.png 718w, https://scholar.semmelweis.hu/minta/wp-content/uploads/sites/2/2015/06/wiki_link_2-300x260.png 300w" sizes="(max-width: 435px) 100vw, 435px" /></a></p>
<p>A kattinthatóság érdekében ezt akkor is meg kell tennünk, ha a szövegben kiírjuk a teljes webcímet (magától nem lesz link).</p>
<p>Ha <strong>e-mail címet szeretnénk linkké alakítani,</strong> akkor ugyanígy járunk el, azonban, amikor kijelöljük a linkesíteni kívánt e-mail címet, még megnyomjuk a Ctrl és egyszerre az f5 gombokat (másolás) és csak ezután kattintunk a láncszem ikonra. Ekkor a rendszer beírja a szükséges utasítást (mailto:e-mailcím), majd nyomjunk a &#8222;Hivatkozás hozzáadása&#8221; gombra. Így a böngésző, ha a látogató az e-mail címre kattint automatikusan a látogató gépén beállított alapértelmezett levelezőprogramot (azon belül egy új e-mail írását) indítja el.</p>
<p>&nbsp;</p>

<p>Ha a szövegünkben szeretnénk linket elhelyezni (pl. egy másik honlapra, vagy cikkre mutató hivatkozást), akkor a szövegben jelöljük ki a linkké alakítandó szövegrészletet, vagy írjunk egy megfelelő szöveget és azt jelöljük ki. Majd kattintsunk az &hellip;</p>
