{"id":168,"date":"2015-06-25T11:24:29","date_gmt":"2015-06-25T11:24:29","guid":{"rendered":"http:\/\/scholar.semmelweis.hu\/minta\/?page_id=168"},"modified":"2021-05-26T06:18:48","modified_gmt":"2021-05-26T06:18:48","slug":"hangfajl-beillesztese-audio-lejatszoval","status":"publish","type":"page","link":"https:\/\/scholar.semmelweis.hu\/minta\/minta-oldal\/hangfajl-beillesztese-audio-lejatszoval\/","title":{"rendered":"Hangf\u00e1jl beilleszt\u00e9se audi\u00f3 lej\u00e1tsz\u00f3val"},"content":{"rendered":"<p>Ha hangf\u00e1jlt (mp3) szeretn\u00e9nk a sz\u00f6veg\u00fcnkbe (oldal, bejegyz\u00e9s) illeszteni, akkor el\u0151sz\u00f6r a\u00a0<strong>M\u00e9dia hozz\u00e1ad\u00e1sa<\/strong> seg\u00edts\u00e9g\u00e9vel t\u00f6lts\u00fck fel a hangf\u00e1jlt <em>(a f\u00e1jl neve legyen egy\u00e9rtelm\u0171, kereshet\u0151, de <em><strong>ne tartalmazzon<\/strong>\u00a0<\/em>\u00e9kezetet, sz\u00f3k\u00f6zt, \u00edr\u00e1sjelet kiv\u00e9ve: &#8211; \u00e9s _). <\/em>Figyelj\u00fcnk a f\u00e1jlfelt\u00f6lt\u00e9s korl\u00e1tj\u00e1ra: <strong>maximum 8MB<\/strong> lehet egy f\u00e1jl.<\/p>\n<p>A felt\u00f6lt\u00e9s ut\u00e1n a m\u00e9diaf\u00e1jl helyett a <strong>m\u00e9dialej\u00e1tsz\u00f3 be\u00e1gyaz\u00e1s\u00e1t<\/strong> v\u00e1lasszuk ki a leny\u00edl\u00f3 men\u00fcb\u0151l.<\/p>\n<p>Ha nem m\u0171k\u00f6dne, akkor m\u00e1soljuk ki a hangf\u00e1jl webc\u00edm\u00e9t \u00e9s az al\u00e1bbi k\u00f3dot \u00edrjuk be oda HTML (Text) m\u00f3dban, ahova a lej\u00e1tsz\u00f3t szeretn\u00e9nk megjelen\u00edteni. Az id\u0151z\u0151jelek k\u00f6z\u00e9 illessz\u00fck be a felt\u00f6lt\u00f6tt f\u00e1jl kapott url webc\u00edm\u00e9t\u00a0\u00a0(persze haszn\u00e1lhatunk k\u00fcls\u0151 webc\u00edmet is).<\/p>\n[audio mp3=\"https:\/\/semmelweis.hu\/wiki\/files\/2013\/04\/26-Flight-Of-The-Bumble-Bee.mp3\"][\/audio]\n<p>Az eredm\u00e9ny (Rimszkij-Korszakov &#8211;\u00a0Rachmaninov:\u00a0Dong\u00f3 &#8211; 1:09 perc):<\/p>\n<!--[if lt IE 9]><script>document.createElement('audio');<\/script><![endif]-->\n<audio class=\"wp-audio-shortcode\" id=\"audio-168-1\" preload=\"none\" style=\"width: 100%;\" controls=\"controls\"><source type=\"audio\/mpeg\" src=\"https:\/\/semmelweis.hu\/wiki\/files\/2013\/04\/26-Flight-Of-The-Bumble-Bee.mp3?_=1\" \/><a href=\"https:\/\/semmelweis.hu\/wiki\/files\/2013\/04\/26-Flight-Of-The-Bumble-Bee.mp3\">https:\/\/semmelweis.hu\/wiki\/files\/2013\/04\/26-Flight-Of-The-Bumble-Bee.mp3<\/a><\/audio>\n","protected":false},"excerpt":{"rendered":"<p>Ha hangf\u00e1jlt (mp3) szeretn\u00e9nk a sz\u00f6veg\u00fcnkbe (oldal, bejegyz\u00e9s) illeszteni, akkor el\u0151sz\u00f6r a\u00a0M\u00e9dia hozz\u00e1ad\u00e1sa seg\u00edts\u00e9g\u00e9vel t\u00f6lts\u00fck fel a hangf\u00e1jlt (a f\u00e1jl neve legyen egy\u00e9rtelm\u0171, kereshet\u0151, de ne tartalmazzon\u00a0\u00e9kezetet, sz\u00f3k\u00f6zt, \u00edr\u00e1sjelet kiv\u00e9ve: &#8211; \u00e9s _). Figyelj\u00fcnk a &hellip;<\/p>\n","protected":false},"author":2,"featured_media":0,"parent":2,"menu_order":1,"comment_status":"open","ping_status":"open","template":"","meta":{"footnotes":""},"class_list":["post-168","page","type-page","status-publish","hentry"],"_links":{"self":[{"href":"https:\/\/scholar.semmelweis.hu\/minta\/wp-json\/wp\/v2\/pages\/168"}],"collection":[{"href":"https:\/\/scholar.semmelweis.hu\/minta\/wp-json\/wp\/v2\/pages"}],"about":[{"href":"https:\/\/scholar.semmelweis.hu\/minta\/wp-json\/wp\/v2\/types\/page"}],"author":[{"embeddable":true,"href":"https:\/\/scholar.semmelweis.hu\/minta\/wp-json\/wp\/v2\/users\/2"}],"replies":[{"embeddable":true,"href":"https:\/\/scholar.semmelweis.hu\/minta\/wp-json\/wp\/v2\/comments?post=168"}],"version-history":[{"count":5,"href":"https:\/\/scholar.semmelweis.hu\/minta\/wp-json\/wp\/v2\/pages\/168\/revisions"}],"predecessor-version":[{"id":3650,"href":"https:\/\/scholar.semmelweis.hu\/minta\/wp-json\/wp\/v2\/pages\/168\/revisions\/3650"}],"up":[{"embeddable":true,"href":"https:\/\/scholar.semmelweis.hu\/minta\/wp-json\/wp\/v2\/pages\/2"}],"wp:attachment":[{"href":"https:\/\/scholar.semmelweis.hu\/minta\/wp-json\/wp\/v2\/media?parent=168"}],"curies":[{"name":"wp","href":"https:\/\/api.w.org\/{rel}","templated":true}]}}