{"id":14,"date":"2015-05-20T08:09:10","date_gmt":"2015-05-20T08:09:10","guid":{"rendered":"http:\/\/scholar.semmelweis.hu\/minta\/?page_id=14"},"modified":"2021-05-26T06:24:17","modified_gmt":"2021-05-26T06:24:17","slug":"minta-almenu","status":"publish","type":"page","link":"https:\/\/scholar.semmelweis.hu\/minta\/menu-keszites\/minta-almenu\/","title":{"rendered":"Minta almen\u00fc"},"content":{"rendered":"<h4><strong>Leny\u00edl\u00f3 almen\u00fcpont l\u00e9trehoz\u00e1sa a f\u0151oldalon:<\/strong><\/h4>\n<p>Ha a honlapon <strong>leny\u00edl\u00f3 almen\u00fcpontokat<\/strong> szeretn\u00e9nk l\u00e9trehozni, akkor az almen\u00fcpontnak sz\u00e1nt oldalt (azaz amelyiknek valamelyik f\u0151men\u00fcpontot adtuk meg sz\u00fcl\u0151k\u00e9nt, <a href=\"https:\/\/scholar.semmelweis.hu\/minta\/proba-fomenu\/\">a f\u0151men\u00fcpontok l\u00e9trehoz\u00e1s\u00e1n\u00e1l le\u00edrt m\u00f3don<\/a>\u00a0hozz\u00e1adjuk a men\u00fcsorhoz, majd k\u00f6zvetlen\u00fcl az al\u00e1 a f\u0151men\u00fcpont al\u00e1 kell rendezni, amelyik f\u0151men\u00fcpont alatt szeretn\u00e9nk, ha leny\u00edlna (ak\u00e1r t\u00f6bb is), ezut\u00e1n az eg\u00e9rrel az almen\u00fcpontra kattintva, a bal gomb lenyomva tart\u00e1s\u00e1val tudjuk a men\u00fcpontot kicsit jobbra h\u00fazva als\u00f3bbrend\u0171v\u00e9 alak\u00edtani (l\u00e1sd a linken tal\u00e1lhat\u00f3\u00a0k\u00e9pet). Ezt az minden almen\u00fcnek sz\u00e1nt oldallal meg kell csin\u00e1lni. Leny\u00edl\u00f3 almen\u00fct csak egyetlen egy szintm\u00e9lys\u00e9gig hozzunk l\u00e9tre (azaz az almen\u00fcnek ne legyen m\u00e9g eggyel jobbra h\u00fazott almen\u00fcje)! A <strong>men\u00fct elmentve<\/strong> l\u00e9tre is j\u00f6tt a leny\u00edl\u00f3 men\u00fcnk<\/p>\n<p>&nbsp;<\/p>\n","protected":false},"excerpt":{"rendered":"<p>Leny\u00edl\u00f3 almen\u00fcpont l\u00e9trehoz\u00e1sa a f\u0151oldalon: Ha a honlapon leny\u00edl\u00f3 almen\u00fcpontokat szeretn\u00e9nk l\u00e9trehozni, akkor az almen\u00fcpontnak sz\u00e1nt oldalt (azaz amelyiknek valamelyik f\u0151men\u00fcpontot adtuk meg sz\u00fcl\u0151k\u00e9nt, <a href=\"https:\/\/scholar.semmelweis.hu\/minta\/proba-fomenu\/\">a f\u0151men\u00fcpontok l\u00e9trehoz\u00e1s\u00e1n\u00e1l le\u00edrt m\u00f3don<\/a> \u00a0hozz\u00e1adjuk a men\u00fcsorhoz, majd k\u00f6zvetlen\u00fcl az al\u00e1 a f\u0151men\u00fcpont al\u00e1 kell &hellip;<\/p>\n","protected":false},"author":2,"featured_media":0,"parent":12,"menu_order":0,"comment_status":"open","ping_status":"open","template":"","meta":{"footnotes":""},"class_list":["post-14","page","type-page","status-publish","hentry"],"_links":{"self":[{"href":"https:\/\/scholar.semmelweis.hu\/minta\/wp-json\/wp\/v2\/pages\/14"}],"collection":[{"href":"https:\/\/scholar.semmelweis.hu\/minta\/wp-json\/wp\/v2\/pages"}],"about":[{"href":"https:\/\/scholar.semmelweis.hu\/minta\/wp-json\/wp\/v2\/types\/page"}],"author":[{"embeddable":true,"href":"https:\/\/scholar.semmelweis.hu\/minta\/wp-json\/wp\/v2\/users\/2"}],"replies":[{"embeddable":true,"href":"https:\/\/scholar.semmelweis.hu\/minta\/wp-json\/wp\/v2\/comments?post=14"}],"version-history":[{"count":4,"href":"https:\/\/scholar.semmelweis.hu\/minta\/wp-json\/wp\/v2\/pages\/14\/revisions"}],"predecessor-version":[{"id":3657,"href":"https:\/\/scholar.semmelweis.hu\/minta\/wp-json\/wp\/v2\/pages\/14\/revisions\/3657"}],"up":[{"embeddable":true,"href":"https:\/\/scholar.semmelweis.hu\/minta\/wp-json\/wp\/v2\/pages\/12"}],"wp:attachment":[{"href":"https:\/\/scholar.semmelweis.hu\/minta\/wp-json\/wp\/v2\/media?parent=14"}],"curies":[{"name":"wp","href":"https:\/\/api.w.org\/{rel}","templated":true}]}}

Minta almenü

<h4><strong>Lenyíló almenüpont létrehozása a főoldalon:</strong></h4>
<p>Ha a honlapon <strong>lenyíló almenüpontokat</strong> szeretnénk létrehozni, akkor az almenüpontnak szánt oldalt (azaz amelyiknek valamelyik főmenüpontot adtuk meg szülőként, <a href="https://scholar.semmelweis.hu/minta/proba-fomenu/">a főmenüpontok létrehozásánál leírt módon</a> hozzáadjuk a menüsorhoz, majd közvetlenül az alá a főmenüpont alá kell rendezni, amelyik főmenüpont alatt szeretnénk, ha lenyílna (akár több is), ezután az egérrel az almenüpontra kattintva, a bal gomb lenyomva tartásával tudjuk a menüpontot kicsit jobbra húzva alsóbbrendűvé alakítani (lásd a linken található képet). Ezt az minden almenünek szánt oldallal meg kell csinálni. Lenyíló almenüt csak egyetlen egy szintmélységig hozzunk létre (azaz az almenünek ne legyen még eggyel jobbra húzott almenüje)! A <strong>menüt elmentve</strong> létre is jött a lenyíló menünk</p>
<p>&nbsp;</p>

<p>Lenyíló almenüpont létrehozása a főoldalon: Ha a honlapon lenyíló almenüpontokat szeretnénk létrehozni, akkor az almenüpontnak szánt oldalt (azaz amelyiknek valamelyik főmenüpontot adtuk meg szülőként, <a href="https://scholar.semmelweis.hu/minta/proba-fomenu/">a főmenüpontok létrehozásánál leírt módon</a>  hozzáadjuk a menüsorhoz, majd közvetlenül az alá a főmenüpont alá kell &hellip;</p>
