{"id":3,"date":"2015-11-02T14:56:03","date_gmt":"2015-11-02T13:56:03","guid":{"rendered":"http:\/\/scholar.semmelweis.hu\/micsikt\/bemutatkozas\/"},"modified":"2026-01-09T10:03:50","modified_gmt":"2026-01-09T09:03:50","slug":"bemutatkozas","status":"publish","type":"page","link":"https:\/\/scholar.semmelweis.hu\/micsikt\/","title":{"rendered":"Bemutatkoz\u00e1s"},"content":{"rendered":"<p>&nbsp;<\/p>\n<p style=\"text-align: justify\">2005 \u00f3ta dolgozom az Int\u00e9zetben. Patol\u00f3gus szakorvosi vizsg\u00e1mat 2008-ban tettem le, az\u00f3ta biopsz\u00e1s tev\u00e9kenys\u00e9gem f\u0151k\u00e9pp a gastroenterol\u00f3giai, pedi\u00e1triai \u00e9s (transzplant\u00e1ci\u00f3s) nephropatol\u00f3giai ter\u00fcletre, valamint t\u00fcd\u0151patol\u00f3gi\u00e1ra, t\u00fcdcytol\u00f3gi\u00e1ra f\u00f3kusz\u00e1l\u00f3dott, \u00fajonnan a n\u0151gy\u00f3gy\u00e1szati patol\u00f3gi\u00e1ba csatlakoztam.\u00a0<\/p>\n<p style=\"text-align: justify\">Digit\u00e1lis patol\u00f3gi\u00e1val 2006 \u00f3ta foglalkozom, f\u0151k\u00e9pp a digit\u00e1lis k\u00e9pfeldolgoz\u00e1s, alakfelismer\u00e9s, immunhisztok\u00e9mia digit\u00e1lis ki\u00e9rt\u00e9kel\u00e9se\/valid\u00e1l\u00e1sa, prolifer\u00e1ci\u00f3s index meghat\u00e1roz\u00e1sa\/automatiz\u00e1l\u00e1sa foglalkoztat t\u00f6bb k\u00f3rk\u00e9pben (eml\u0151r\u00e1k, GIST, NET, mell\u00e9kvesek\u00e9regkarcinoma), de a digit\u00e1lis patol\u00f3gia sz\u00e1mos egy\u00e9b v\u00edvm\u00e1ny\u00e1t is rendszeresen haszn\u00e1lom: t\u00e1vleletez\u00e9s, telekonzult\u00e1ci\u00f3, sz\u00f6vettani oktat\u00f3anyag l\u00e9trehoz\u00e1sa. A 3DHistech digit\u00e1lis patol\u00f3giai c\u00e9ggel rendszeres, konzult\u00e1ci\u00f3s kapcsolatban vagyok, sz\u00e1mos projektet futtatunk k\u00f6z\u00f6sen.<\/p>\n<p style=\"text-align: justify\">2014-ben molekul\u00e1ris genetikai diagnosztika szakvizsg\u00e1t tettem. Ezen a ter\u00fcleten a jelenleg \u00e9szlelt nagyar\u00e1ny\u00fa fejl\u0151d\u00e9s, a c\u00e9lzott ter\u00e1pia eszk\u00f6zt\u00e1r\u00e1nak b\u0151v\u00fcl\u00e9se \u00e9s ennek a mindennapi patol\u00f3giai diagnosztik\u00e1ra kifejtett hat\u00e1sa foglalkoztat. Kifejezetten \u00e9rdekel a molekul\u00e1risan c\u00e9lzott ter\u00e1pia sikeress\u00e9g\u00e9hez sz\u00fcks\u00e9ges immunhisztok\u00e9mia digit\u00e1lis patol\u00f3gi\u00e1val val\u00f3 \u00f6sszekapcsol\u00e1sa, megseg\u00edt\u00e9se (pl. HER2 digit\u00e1lis immunhisztok\u00e9miai ki\u00e9rt\u00e9kel\u00e9se, FISH automatiz\u00e1lt ki\u00e9rt\u00e9kel\u00e9se).<\/p>\n<p style=\"text-align: justify\">Belgy\u00f3gy\u00e1sz koll\u00e9g\u00e1mmal gastroenterol\u00f3giai-patol\u00f3giai \u00a0interdiszciplin\u00e1ris kutat\u00f3csoportot (IGA) hoztunk l\u00e9tre, mely jelenleg legink\u00e1bb a serrated adenom\u00e1k jellemz\u00e9s\u00e9vel, felkutat\u00e1s\u00e1val foglalkozik, de microscopos colitis, eosinophil oesophagitis k\u00f3rk\u00e9pekkel is foglalkozunk. Nemr\u00e9g alap\u00edtottuk meg a HUSAR-t (Hungarian Serrated Adenoma Registry).<\/p>\n<p style=\"text-align: justify\">2018-ban v\u00e9dtem meg PhD disszert\u00e1ci\u00f3mat, amelyben digit\u00e1lis patol\u00f3giai eszk\u00f6z\u00f6kkel vizsg\u00e1ltam az eml\u0151r\u00e1kok predikt\u00edv \u00e9s prognosztikai markereit.<\/p>\n<p style=\"text-align: justify\">\u00a02024-ben v\u00e9gzett els\u0151 PhD hallgat\u00f3m, akivel a colorectalis carcinom\u00e1k prognosztikai markereit vizsg\u00e1ltuk, r\u00e9szben digit\u00e1lis patol\u00f3giai m\u00f3dszerekkel.<\/p>\n<p style=\"text-align: justify\">Magyar \u00e9s nemzetk\u00f6zi konferenci\u00e1kon rendszeresen veszek r\u00e9szt el\u0151ad\u00e1sokkal, poszterekkel.<\/p>\n<p style=\"text-align: justify\">Sv\u00e9dorsz\u00e1ggal r\u00e9szmunkaid\u0151s patol\u00f3giai munkav\u00e9gz\u00e9s \u00e9s telepatol\u00f3giai szolg\u00e1lt\u00e1s form\u00e1j\u00e1ban vagyok kapcsolatban, illetve itt csatlakoztam Dobra Professzor mesothelioma kutat\u00f3-csoportj\u00e1hoz. Ebben a kutat\u00e1sban mesters\u00e9ges intelligancia lehet\u0151s\u00e9geit vizsg\u00e1ljuk prognosztiz\u00e1ci\u00f3ban.<\/p>\n<p style=\"text-align: justify\">Sz\u00e1mos angol \u00e9s magyar nyelv\u0171 demonstr\u00e1torral, TDK-sal, valamint szakdolgoz\u00f3val siker\u00fclt gy\u00fcm\u00f6lcs\u00f6z\u0151en egy\u00fctt dolgoznom, illetve jelenleg is ez t\u00f6rt\u00e9nik. Eddig 25 magyar \u00e9s angol szakdolgozat sz\u00fcletett a vezet\u00e9semmel.<\/p>\n<p style=\"text-align: justify\">Az angol \u00e9s magyar nyelv\u0171 gradu\u00e1lis k\u00e9pz\u00e9sben 2006 \u00f3ta veszek r\u00e9szt. A gradu\u00e1lis oktat\u00e1sban haszn\u00e1lt \u00fajabb specimenek (makroszk\u00f3pos prepar\u00e1tumok) nagy r\u00e9sz\u00e9t egy TDK-sommal k\u00e9sz\u00edtett\u00fck el.<\/p>\n<p style=\"text-align: justify\">\u00a0<\/p>\n","protected":false},"excerpt":{"rendered":"<p>&nbsp; 2005 \u00f3ta dolgozom az Int\u00e9zetben. Patol\u00f3gus szakorvosi vizsg\u00e1mat 2008-ban tettem le, az\u00f3ta biopsz\u00e1s tev\u00e9kenys\u00e9gem f\u0151k\u00e9pp a gastroenterol\u00f3giai, pedi\u00e1triai \u00e9s (transzplant\u00e1ci\u00f3s) nephropatol\u00f3giai ter\u00fcletre, valamint t\u00fcd\u0151patol\u00f3gi\u00e1ra, t\u00fcdcytol\u00f3gi\u00e1ra f\u00f3kusz\u00e1l\u00f3dott, \u00fajonnan a n\u0151gy\u00f3gy\u00e1szati patol\u00f3gi\u00e1ba csatlakoztam.\u00a0 Digit\u00e1lis patol\u00f3gi\u00e1val 2006 &hellip;<\/p>\n","protected":false},"author":67,"featured_media":0,"parent":0,"menu_order":0,"comment_status":"closed","ping_status":"closed","template":"","meta":{"footnotes":""},"class_list":["post-3","page","type-page","status-publish","hentry"],"_links":{"self":[{"href":"https:\/\/scholar.semmelweis.hu\/micsikt\/wp-json\/wp\/v2\/pages\/3"}],"collection":[{"href":"https:\/\/scholar.semmelweis.hu\/micsikt\/wp-json\/wp\/v2\/pages"}],"about":[{"href":"https:\/\/scholar.semmelweis.hu\/micsikt\/wp-json\/wp\/v2\/types\/page"}],"author":[{"embeddable":true,"href":"https:\/\/scholar.semmelweis.hu\/micsikt\/wp-json\/wp\/v2\/users\/67"}],"replies":[{"embeddable":true,"href":"https:\/\/scholar.semmelweis.hu\/micsikt\/wp-json\/wp\/v2\/comments?post=3"}],"version-history":[{"count":6,"href":"https:\/\/scholar.semmelweis.hu\/micsikt\/wp-json\/wp\/v2\/pages\/3\/revisions"}],"predecessor-version":[{"id":33,"href":"https:\/\/scholar.semmelweis.hu\/micsikt\/wp-json\/wp\/v2\/pages\/3\/revisions\/33"}],"wp:attachment":[{"href":"https:\/\/scholar.semmelweis.hu\/micsikt\/wp-json\/wp\/v2\/media?parent=3"}],"curies":[{"name":"wp","href":"https:\/\/api.w.org\/{rel}","templated":true}]}}

Bemutatkozás

<p>&nbsp;</p>
<p style="text-align: justify">2005 óta dolgozom az Intézetben. Patológus szakorvosi vizsgámat 2008-ban tettem le, azóta biopszás tevékenységem főképp a gastroenterológiai, pediátriai és (transzplantációs) nephropatológiai területre, valamint tüdőpatológiára, tüdcytológiára fókuszálódott, újonnan a nőgyógyászati patológiába csatlakoztam. </p>
<p style="text-align: justify">Digitális patológiával 2006 óta foglalkozom, főképp a digitális képfeldolgozás, alakfelismerés, immunhisztokémia digitális kiértékelése/validálása, proliferációs index meghatározása/automatizálása foglalkoztat több kórképben (emlőrák, GIST, NET, mellékvesekéregkarcinoma), de a digitális patológia számos egyéb vívmányát is rendszeresen használom: távleletezés, telekonzultáció, szövettani oktatóanyag létrehozása. A 3DHistech digitális patológiai céggel rendszeres, konzultációs kapcsolatban vagyok, számos projektet futtatunk közösen.</p>
<p style="text-align: justify">2014-ben molekuláris genetikai diagnosztika szakvizsgát tettem. Ezen a területen a jelenleg észlelt nagyarányú fejlődés, a célzott terápia eszköztárának bővülése és ennek a mindennapi patológiai diagnosztikára kifejtett hatása foglalkoztat. Kifejezetten érdekel a molekulárisan célzott terápia sikerességéhez szükséges immunhisztokémia digitális patológiával való összekapcsolása, megsegítése (pl. HER2 digitális immunhisztokémiai kiértékelése, FISH automatizált kiértékelése).</p>
<p style="text-align: justify">Belgyógyász kollégámmal gastroenterológiai-patológiai  interdiszciplináris kutatócsoportot (IGA) hoztunk létre, mely jelenleg leginkább a serrated adenomák jellemzésével, felkutatásával foglalkozik, de microscopos colitis, eosinophil oesophagitis kórképekkel is foglalkozunk. Nemrég alapítottuk meg a HUSAR-t (Hungarian Serrated Adenoma Registry).</p>
<p style="text-align: justify">2018-ban védtem meg PhD disszertációmat, amelyben digitális patológiai eszközökkel vizsgáltam az emlőrákok prediktív és prognosztikai markereit.</p>
<p style="text-align: justify"> 2024-ben végzett első PhD hallgatóm, akivel a colorectalis carcinomák prognosztikai markereit vizsgáltuk, részben digitális patológiai módszerekkel.</p>
<p style="text-align: justify">Magyar és nemzetközi konferenciákon rendszeresen veszek részt előadásokkal, poszterekkel.</p>
<p style="text-align: justify">Svédországgal részmunkaidős patológiai munkavégzés és telepatológiai szolgáltás formájában vagyok kapcsolatban, illetve itt csatlakoztam Dobra Professzor mesothelioma kutató-csoportjához. Ebben a kutatásban mesterséges intelligancia lehetőségeit vizsgáljuk prognosztizációban.</p>
<p style="text-align: justify">Számos angol és magyar nyelvű demonstrátorral, TDK-sal, valamint szakdolgozóval sikerült gyümölcsözően együtt dolgoznom, illetve jelenleg is ez történik. Eddig 25 magyar és angol szakdolgozat született a vezetésemmel.</p>
<p style="text-align: justify">Az angol és magyar nyelvű graduális képzésben 2006 óta veszek részt. A graduális oktatásban használt újabb specimenek (makroszkópos preparátumok) nagy részét egy TDK-sommal készítettük el.</p>
<p style="text-align: justify"> </p>

<p>&nbsp; 2005 óta dolgozom az Intézetben. Patológus szakorvosi vizsgámat 2008-ban tettem le, azóta biopszás tevékenységem főképp a gastroenterológiai, pediátriai és (transzplantációs) nephropatológiai területre, valamint tüdőpatológiára, tüdcytológiára fókuszálódott, újonnan a nőgyógyászati patológiába csatlakoztam.  Digitális patológiával 2006 &hellip;</p>
