{"id":3,"date":"2025-02-13T11:58:12","date_gmt":"2025-02-13T10:58:12","guid":{"rendered":"https:\/\/scholar.semmelweis.hu\/martonfalvizsolt\/elerhetoseg\/"},"modified":"2025-02-14T10:01:46","modified_gmt":"2025-02-14T09:01:46","slug":"elerhetoseg","status":"publish","type":"page","link":"https:\/\/scholar.semmelweis.hu\/martonfalvizsolt\/elerhetoseg\/","title":{"rendered":"El\u00e9rhet\u0151s\u00e9g"},"content":{"rendered":"<p><strong>Biofizikai \u00e9s Sug\u00e1rbiol\u00f3giai Int\u00e9zet, Semmelweis Egyetem<\/strong><\/p>\n<p><strong>1094 Budapest, T\u0171zolt\u00f3 u. 37-47.<\/strong><\/p>\n<p><strong>Telefonsz\u00e1m:<\/strong> +36-20-825-96-29<\/p>\n<p><strong>e-mail:<\/strong> <a href=\"mailto:martonfalvi.zsolt@semmelweis.hu\">martonfalvi.zsolt(at)semmelweis.hu<\/a><\/p>\n","protected":false},"excerpt":{"rendered":"<p>Biofizikai \u00e9s Sug\u00e1rbiol\u00f3giai Int\u00e9zet, Semmelweis Egyetem<br \/>\n1094 Budapest, T\u0171zolt\u00f3 u. 37-47.<br \/>\nTelefonsz\u00e1m: +36-20-825-96-29<br \/>\ne-mail: <a href=\"mailto:martonfalvi.zsolt@semmelweis.hu\">martonfalvi.zsolt(at)semmelweis.hu<\/a><\/p>\n","protected":false},"author":164,"featured_media":0,"parent":0,"menu_order":0,"comment_status":"closed","ping_status":"closed","template":"","meta":{"footnotes":""},"class_list":["post-3","page","type-page","status-publish","hentry"],"_links":{"self":[{"href":"https:\/\/scholar.semmelweis.hu\/martonfalvizsolt\/wp-json\/wp\/v2\/pages\/3"}],"collection":[{"href":"https:\/\/scholar.semmelweis.hu\/martonfalvizsolt\/wp-json\/wp\/v2\/pages"}],"about":[{"href":"https:\/\/scholar.semmelweis.hu\/martonfalvizsolt\/wp-json\/wp\/v2\/types\/page"}],"author":[{"embeddable":true,"href":"https:\/\/scholar.semmelweis.hu\/martonfalvizsolt\/wp-json\/wp\/v2\/users\/164"}],"replies":[{"embeddable":true,"href":"https:\/\/scholar.semmelweis.hu\/martonfalvizsolt\/wp-json\/wp\/v2\/comments?post=3"}],"version-history":[{"count":2,"href":"https:\/\/scholar.semmelweis.hu\/martonfalvizsolt\/wp-json\/wp\/v2\/pages\/3\/revisions"}],"predecessor-version":[{"id":13,"href":"https:\/\/scholar.semmelweis.hu\/martonfalvizsolt\/wp-json\/wp\/v2\/pages\/3\/revisions\/13"}],"wp:attachment":[{"href":"https:\/\/scholar.semmelweis.hu\/martonfalvizsolt\/wp-json\/wp\/v2\/media?parent=3"}],"curies":[{"name":"wp","href":"https:\/\/api.w.org\/{rel}","templated":true}]}}