{"id":5,"date":"2022-05-23T13:38:20","date_gmt":"2022-05-23T11:38:20","guid":{"rendered":"https:\/\/scholar.semmelweis.hu\/majorjanos\/bemutatkozas\/"},"modified":"2025-03-02T20:45:51","modified_gmt":"2025-03-02T19:45:51","slug":"bemutatkozas","status":"publish","type":"page","link":"https:\/\/scholar.semmelweis.hu\/majorjanos\/","title":{"rendered":"Bemutatkoz\u00e1s"},"content":{"rendered":"<p>Major J\u00e1nos 2007\u2013ben a Semmelweis Egyetemen v\u00e9gzett \u00e1ltal\u00e1nos orvosk\u00e9nt. M\u00e1r az orvosegyetemi \u00e9vek alatt is a testi betegs\u00e9gek lelki \u00f6sszef\u00fcgg\u00e9sei \u00e9s azok kezel\u00e9s\u00e9nek lehet\u0151s\u00e9gei, valamint az orvosi szakma lelki megterhel\u00e9s\u00e9nek prevenci\u00f3ja foglalkoztatt\u00e1k. T\u00fary Ferenc professzor mellett bekapcsol\u00f3dott az ev\u00e9szavaros csal\u00e1dok csal\u00e1dter\u00e1pi\u00e1j\u00e1ba, valamint a Semmelweis Egyetem Magatart\u00e1studom\u00e1nyi Int\u00e9zet\u00e9ben a hallgat\u00f3i ki\u00e9g\u00e9s kutat\u00e1s\u00e1ba \u00e9s r\u00e9szt vett az orvostanhallgat\u00f3k lelki eg\u00e9szs\u00e9g\u00e9t \u00e9s p\u00e1lyaszocializ\u00e1ci\u00f3j\u00e1t seg\u00edt\u0151 Hum\u00e1nia P\u00e1lyaszocializ\u00e1ci\u00f3s M\u0171hely kialak\u00edt\u00e1s\u00e1ban \u00e9s a kurzus oktat\u00e1s\u00e1ban. 2007\u2013t\u0151l B\u00e1lint csoportvezet\u0151 k\u00e9pz\u00e9sben vett r\u00e9szt \u00e9s bekapcsol\u00f3dott a Magyarorsz\u00e1gi B\u00e1lint Mih\u00e1ly Pszichoszomatikus T\u00e1rsas\u00e1g munk\u00e1j\u00e1ba, ahol 5 \u00e9vig a t\u00e1rsas\u00e1g titk\u00e1ra is volt. 2008\u2013ban p\u00e1r\u2013 \u00e9s csal\u00e1dterapeuta k\u00e9pes\u00edt\u00e9st szerzett \u00e9s 2012\u2013ig a Csal\u00e1di Szolg\u00e1latok Lig\u00e1ja Alap\u00edtv\u00e1nyn\u00e1l p\u00e1rterapeutak\u00e9nt dolgozott.<\/p>\n<p>Az egyetem elv\u00e9gz\u00e9se ut\u00e1n csecsem\u0151\u2013 \u00e9s gyermekgy\u00f3gy\u00e1szat (2012), majd gyermek\u2013gasztroenterol\u00f3giai (2014) szakk\u00e9pes\u00edt\u00e9st szerzett a Bethesda Gyermekk\u00f3rh\u00e1zban. A klinikai munka sor\u00e1n \u00e9rdekl\u0151d\u00e9se fokozatosan a gyermekkori f\u00e1jdalom kezel\u00e9se fel\u00e9 fordult \u00e9s 2013\u2013ban koll\u00e9g\u00e1ival k\u00f6z\u00f6sen elind\u00edtott\u00e1k az els\u0151 magyarorsz\u00e1gi gyermekf\u00e1jdalomter\u00e1pi\u00e1s rendel\u00e9st. 2019\u2013ben egy \u00e9ves szakk\u00e9pz\u00e9st k\u00f6vet\u0151en N\u00e9metorsz\u00e1gban f\u00e1jdalomter\u00e1pi\u00e1s szakvizsg\u00e1t szerzett.<\/p>\n<p>Kutat\u00f3munk\u00e1ja sor\u00e1n Dr. \u00c1d\u00e1m Szilvia vezet\u00e9s\u00e9vel a kr\u00f3nikus f\u00e1jdalom oszt\u00e1lyos kezel\u00e9s\u00e9nek hat\u00e9konys\u00e1g\u00e1t \u00e9s a kr\u00f3nikus f\u00e1jdalom \u00e9s a funkcion\u00e1lis gyomor-b\u00e9lrendszeri betegs\u00e9gek epidemiol\u00f3gi\u00e1j\u00e1t vizsg\u00e1lta. 2019-t\u0151l oktat a Semmelweis Egyetem Magatart\u00e1studom\u00e1nyi Int\u00e9zet\u00e9ben, ahol a F\u00e1jdalom \u00e9s pszichoszoci\u00e1lis stressz kutat\u00f3csoport egyik l\u00e9trehoz\u00f3ja \u00e9s vezet\u0151je.<\/p>\n<p>A Semmelweis Egyetemen orvosi pszichol\u00f3gia, orvosi kommunik\u00e1ci\u00f3 oktat\u00e1sban vesz r\u00e9szt magyar \u00e9s n\u00e9met nyelven, \u00a0a F\u00e1jdalom kezel\u00e9s\u00e9nek komplex gyakorlata kurzus elind\u00edt\u00f3ja \u00e9s a F\u00e1jdalom Tudom\u00e1nya PhD kurzus egyik szervez\u0151je. Munk\u00e1j\u00e1t Pet\u00e9nyi G\u00e9za \u00e9s Henri Nestl\u00e9 d\u00edjjal ismert\u00e9k el.<\/p>\n","protected":false},"excerpt":{"rendered":"<p>Major J\u00e1nos 2007\u2013ben a Semmelweis Egyetemen v\u00e9gzett \u00e1ltal\u00e1nos orvosk\u00e9nt. M\u00e1r az orvosegyetemi \u00e9vek alatt is a testi betegs\u00e9gek lelki \u00f6sszef\u00fcgg\u00e9sei \u00e9s azok kezel\u00e9s\u00e9nek lehet\u0151s\u00e9gei, valamint az orvosi szakma lelki megterhel\u00e9s\u00e9nek prevenci\u00f3ja foglalkoztatt\u00e1k. T\u00fary Ferenc professzor &hellip;<\/p>\n","protected":false},"author":150,"featured_media":0,"parent":0,"menu_order":0,"comment_status":"closed","ping_status":"closed","template":"","meta":{"footnotes":""},"class_list":["post-5","page","type-page","status-publish","hentry"],"_links":{"self":[{"href":"https:\/\/scholar.semmelweis.hu\/majorjanos\/wp-json\/wp\/v2\/pages\/5"}],"collection":[{"href":"https:\/\/scholar.semmelweis.hu\/majorjanos\/wp-json\/wp\/v2\/pages"}],"about":[{"href":"https:\/\/scholar.semmelweis.hu\/majorjanos\/wp-json\/wp\/v2\/types\/page"}],"author":[{"embeddable":true,"href":"https:\/\/scholar.semmelweis.hu\/majorjanos\/wp-json\/wp\/v2\/users\/150"}],"replies":[{"embeddable":true,"href":"https:\/\/scholar.semmelweis.hu\/majorjanos\/wp-json\/wp\/v2\/comments?post=5"}],"version-history":[{"count":10,"href":"https:\/\/scholar.semmelweis.hu\/majorjanos\/wp-json\/wp\/v2\/pages\/5\/revisions"}],"predecessor-version":[{"id":30,"href":"https:\/\/scholar.semmelweis.hu\/majorjanos\/wp-json\/wp\/v2\/pages\/5\/revisions\/30"}],"wp:attachment":[{"href":"https:\/\/scholar.semmelweis.hu\/majorjanos\/wp-json\/wp\/v2\/media?parent=5"}],"curies":[{"name":"wp","href":"https:\/\/api.w.org\/{rel}","templated":true}]}}