{"id":28,"date":"2016-06-26T06:36:04","date_gmt":"2016-06-26T04:36:04","guid":{"rendered":"http:\/\/scholar.semmelweis.hu\/lorinczmakos\/?page_id=28"},"modified":"2026-01-09T10:03:18","modified_gmt":"2026-01-09T09:03:18","slug":"kutatasi-temak","status":"publish","type":"page","link":"https:\/\/scholar.semmelweis.hu\/lorinczmakos\/kutatasi-temak\/","title":{"rendered":"Kutat\u00e1si t\u00e9m\u00e1k"},"content":{"rendered":"<p><span style=\"text-decoration: underline\"><strong>Extracellul\u00e1ris vezikul\u00e1k biol\u00f3gi\u00e1ja<\/strong><\/span><\/p>\n<p style=\"text-align: justify\">Munkacsoportunk \u00edrta le el\u0151sz\u00f6r, hogy a neutrofilekb\u0151l keletkez\u0151 300-800 nm m\u00e9ret\u0171 extracellul\u00e1ris vezikul\u00e1k (EV) antibakteri\u00e1lis hat\u00e1ssal rendelkeznek. A sejt aktiv\u00e1l\u00f3d\u00e1sa sor\u00e1n lef\u0171z\u0151d\u0151 EV-k\u00a0r\u00e1tapadnak a bakt\u00e9riumokra \u00e9s oszt\u00f3d\u00e1sukat g\u00e1tolj\u00e1k. Jelenleg az\u00a0EV-k\u00a0ezen hat\u00e1s\u00e1nak h\u00e1tter\u00e9ben \u00e1ll\u00f3 folyamatokat pr\u00f3b\u00e1ljuk felder\u00edteni, illetve az EV\u00a0termel\u00e9shez vezet\u0151 jel\u00e1tvitelt vizsg\u00e1ljuk g\u00e9nhi\u00e1nyos \u00e1llatmodell seg\u00edts\u00e9g\u00e9vel. Az antibakteri\u00e1lis hat\u00e1son k\u00edv\u00fcl a leadott EV-k\u00a0a k\u00f6rnyezet\u00fckben tal\u00e1lhat\u00f3 egy\u00e9b sejtekbe is bejuthatnak, ez\u00e9rt vizsg\u00e1ljuk ennek az \u00faj fajta szign\u00e1ltranszdukci\u00f3s \u00fatnak az esetleges hat\u00e1sait is.<\/p>\n<p><strong>Munkat\u00e1rsaim<\/strong><\/p>\n<p>Nagy M\u00e1tka\u00a0<\/p>\n<p>Dr. Ligeti Erzs\u00e9bet, Dsc.<br \/>\nDr. Tim\u00e1r Csaba Istv\u00e1n, Ph.D.<br \/>\nDr. Bartos Bal\u00e1zs<br \/>\nDr. Kolonics Ferenc<br \/>\nDr. Szeifert Vikt\u00f3ria<\/p>\n<p>&nbsp;<\/p>\n<p><strong>A projektben partnereink:<\/strong><\/p>\n<p>Semmelweis Egyetem, Genetikai, Sejt- \u00e9s Immunbiol\u00f3giai Int\u00e9zet<\/p>\n<p>MTA KOKI,\u00a0Molekul\u00e1ris Farmakol\u00f3gia Kutat\u00f3csoport<\/p>\n<p>Semmelweis Egyetem,\u00a0Biofizikai \u00e9s Sug\u00e1rbiol\u00f3giai Int\u00e9zet<\/p>\n<p>&nbsp;<\/p>\n<p><span style=\"text-decoration: underline\"><b><strong>\u00c1raml\u00e1si citometri\u00e1n alapul\u00f3 \u00faj antibakteri\u00e1lis hat\u00e1st vizsg\u00e1l\u00f3 m\u00f3dszer fejleszt\u00e9se<\/strong><\/b><\/span><\/p>\n<p style=\"text-align: justify\">Biol\u00f3giai mint\u00e1k vagy farmakol\u00f3giai anyagok antibakteri\u00e1lis hat\u00e1s\u00e1nak m\u00e9r\u00e9s\u00e9re k\u00f6r\u00fclm\u00e9nyes \u00e9s lass\u00fa m\u00f3dszerek \u00e1llnak rendelkez\u00e9s\u00fcnkre. Gondoljunk csak a mindennapi orvosi gyakorlatban haszn\u00e1latos bakt\u00e9rium antibiotikum rezisztencia profil meghat\u00e1roz\u00e1sra! Munkacsoportunk c\u00e9lja, hogy egy \u00faj, a kor\u00e1bbi m\u00f3dszerekn\u00e9l gyorsabb, nagyobb \u00e1tereszt\u0151k\u00e9pess\u00e9g\u0171 m\u00f3dszert fejlesszen \u00e1raml\u00e1si citom\u00e9terre. Eddigi eredm\u00e9nyeink alapj\u00e1n a m\u00e9g fejleszt\u00e9s alatt \u00e1ll\u00f3 elj\u00e1r\u00e1sunk nem csak kutat\u00f3laborokban haszn\u00e1lhat\u00f3 m\u00f3dszer lehet, hanem mag\u00e1ban hordozza a lehet\u0151s\u00e9get, hogy a klinikumban is bevethet\u0151 legyen \u00e9s jelent\u0151sen ler\u00f6vid\u00edtse a c\u00e9lzott antibiotikum v\u00e1laszt\u00e1shoz sz\u00fcks\u00e9ges id\u0151t.<\/p>\n<p><strong>Munkat\u00e1rsaim<\/strong><\/p>\n<p>Dr. Ligeti Erzs\u00e9bet, Dsc.<\/p>\n<p>Dr. Krist\u00f3f Katalin, Ph.D.<\/p>\n<p>Dr. K\u00e1llai Andr\u00e1s<\/p>\n<p>Dr. Szeifert Vikt\u00f3ria<\/p>\n<p>Dr. Moln\u00e1r No\u00e9mi<\/p>\n<p>Dr. Kelemen M\u00e1rta<\/p>\n<p>Dr. Tropotei Adrienn<\/p>\n<p><b><strong>A projektben partnereink:<\/strong><\/b><\/p>\n<p>Semmelweis Egyetem Aneszteziol\u00f3giai \u00e9s Intenz\u00edv Ter\u00e1pi\u00e1s Klinika<br \/>\nSemmelweis Egyetem Laborat\u00f3riumi Medicina Int\u00e9zet<\/p>\n<p><strong>A projekt nyilv\u00e1nos megjelen\u00e9sei<\/strong><\/p>\n<p style=\"text-align: center\"><a href=\"https:\/\/www.youtube.com\/watch?v=zj5Wa18it-k\" rel=\"attachment wp-att-44\"><img loading=\"lazy\" decoding=\"async\" class=\"aligncenter size-medium wp-image-44\" src=\"http:\/\/scholar.semmelweis.hu\/lorinczmakos\/wp-content\/uploads\/sites\/92\/2016\/06\/hqdefault-300x225.jpg\" alt=\"TEDxDanubia 2016\" width=\"300\" height=\"225\" srcset=\"https:\/\/scholar.semmelweis.hu\/lorinczmakos\/wp-content\/uploads\/sites\/92\/2016\/06\/hqdefault-300x225.jpg 300w, https:\/\/scholar.semmelweis.hu\/lorinczmakos\/wp-content\/uploads\/sites\/92\/2016\/06\/hqdefault.jpg 480w\" sizes=\"(max-width: 300px) 100vw, 300px\" \/><\/a><\/p>\n<p style=\"text-align: center\"><a href=\"https:\/\/www.youtube.com\/watch?v=zj5Wa18it-k\">TEDxDanubia 2016<\/a><\/p>\n<p style=\"text-align: center\"><a href=\"https:\/\/www.youtube.com\/watch?v=bD68i8oLkSU\" rel=\"attachment wp-att-48\"><img loading=\"lazy\" decoding=\"async\" class=\"aligncenter size-full wp-image-48\" src=\"http:\/\/scholar.semmelweis.hu\/lorinczmakos\/wp-content\/uploads\/sites\/92\/2016\/06\/Talentn.jpg\" alt=\"Talentn\" width=\"196\" height=\"110\" \/><\/a><\/p>\n<p style=\"text-align: center\"><a href=\"https:\/\/www.youtube.com\/watch?v=bD68i8oLkSU\">Talent<sup>n<\/sup> 2015<\/a><\/p>\n","protected":false},"excerpt":{"rendered":"<p>Extracellul\u00e1ris vezikul\u00e1k biol\u00f3gi\u00e1ja Munkacsoportunk \u00edrta le el\u0151sz\u00f6r, hogy a neutrofilekb\u0151l keletkez\u0151 300-800 nm m\u00e9ret\u0171 extracellul\u00e1ris vezikul\u00e1k (EV) antibakteri\u00e1lis hat\u00e1ssal rendelkeznek. A sejt aktiv\u00e1l\u00f3d\u00e1sa sor\u00e1n lef\u0171z\u0151d\u0151 EV-k\u00a0r\u00e1tapadnak a bakt\u00e9riumokra \u00e9s oszt\u00f3d\u00e1sukat g\u00e1tolj\u00e1k. Jelenleg az\u00a0EV-k\u00a0ezen hat\u00e1s\u00e1nak h\u00e1tter\u00e9ben &hellip;<\/p>\n","protected":false},"author":87,"featured_media":0,"parent":0,"menu_order":0,"comment_status":"closed","ping_status":"closed","template":"","meta":{"footnotes":""},"class_list":["post-28","page","type-page","status-publish","hentry"],"_links":{"self":[{"href":"https:\/\/scholar.semmelweis.hu\/lorinczmakos\/wp-json\/wp\/v2\/pages\/28"}],"collection":[{"href":"https:\/\/scholar.semmelweis.hu\/lorinczmakos\/wp-json\/wp\/v2\/pages"}],"about":[{"href":"https:\/\/scholar.semmelweis.hu\/lorinczmakos\/wp-json\/wp\/v2\/types\/page"}],"author":[{"embeddable":true,"href":"https:\/\/scholar.semmelweis.hu\/lorinczmakos\/wp-json\/wp\/v2\/users\/87"}],"replies":[{"embeddable":true,"href":"https:\/\/scholar.semmelweis.hu\/lorinczmakos\/wp-json\/wp\/v2\/comments?post=28"}],"version-history":[{"count":7,"href":"https:\/\/scholar.semmelweis.hu\/lorinczmakos\/wp-json\/wp\/v2\/pages\/28\/revisions"}],"predecessor-version":[{"id":68,"href":"https:\/\/scholar.semmelweis.hu\/lorinczmakos\/wp-json\/wp\/v2\/pages\/28\/revisions\/68"}],"wp:attachment":[{"href":"https:\/\/scholar.semmelweis.hu\/lorinczmakos\/wp-json\/wp\/v2\/media?parent=28"}],"curies":[{"name":"wp","href":"https:\/\/api.w.org\/{rel}","templated":true}]}}