{"id":26,"date":"2016-06-26T06:35:26","date_gmt":"2016-06-26T04:35:26","guid":{"rendered":"http:\/\/scholar.semmelweis.hu\/lorinczmakos\/?page_id=26"},"modified":"2026-01-09T10:03:30","modified_gmt":"2026-01-09T09:03:30","slug":"publikaciok","status":"publish","type":"page","link":"https:\/\/scholar.semmelweis.hu\/lorinczmakos\/publikaciok\/","title":{"rendered":"Publik\u00e1ci\u00f3k"},"content":{"rendered":"<p><strong>Adatb\u00e1zisok alapj\u00e1n<\/strong><\/p>\n<p>MTMT\u00a0azonos\u00edt\u00f3:\u00a0<a href=\"https:\/\/vm.mtmt.hu\/\/search\/slist.php?nwi=1&amp;inited=1&amp;ty_on=1&amp;url_on=1&amp;cite_type=2&amp;orderby=3D1a&amp;location=mtmt&amp;stn=1&amp;AuthorID=10023795\">10023795<\/a><\/p>\n<p><a href=\"https:\/\/scholar.google.hu\/citations?user=CCWXSdAAAAAJ&amp;hl=hu\">Google scholar profil<\/a><\/p>\n<p><a href=\"https:\/\/www.researchgate.net\/profile\/Akos_Marton_Lrincz\">Researchgate profil<\/a><\/p>\n","protected":false},"excerpt":{"rendered":"<p>Adatb\u00e1zisok alapj\u00e1n<br \/>\nMTMT\u00a0azonos\u00edt\u00f3:\u00a0<a href=\"https:\/\/vm.mtmt.hu\/\/search\/slist.php?nwi=1&amp;inited=1&amp;ty_on=1&amp;url_on=1&amp;cite_type=2&amp;orderby=3D1a&amp;location=mtmt&amp;stn=1&amp;AuthorID=10023795\">10023795<\/a><br \/>\n<a href=\"https:\/\/scholar.google.hu\/citations?user=CCWXSdAAAAAJ&amp;hl=hu\">Google scholar profil<\/a><br \/>\n<a href=\"https:\/\/www.researchgate.net\/profile\/Akos_Marton_Lrincz\">Researchgate profil<\/a><\/p>\n","protected":false},"author":87,"featured_media":0,"parent":0,"menu_order":0,"comment_status":"closed","ping_status":"closed","template":"","meta":{"footnotes":""},"class_list":["post-26","page","type-page","status-publish","hentry"],"_links":{"self":[{"href":"https:\/\/scholar.semmelweis.hu\/lorinczmakos\/wp-json\/wp\/v2\/pages\/26"}],"collection":[{"href":"https:\/\/scholar.semmelweis.hu\/lorinczmakos\/wp-json\/wp\/v2\/pages"}],"about":[{"href":"https:\/\/scholar.semmelweis.hu\/lorinczmakos\/wp-json\/wp\/v2\/types\/page"}],"author":[{"embeddable":true,"href":"https:\/\/scholar.semmelweis.hu\/lorinczmakos\/wp-json\/wp\/v2\/users\/87"}],"replies":[{"embeddable":true,"href":"https:\/\/scholar.semmelweis.hu\/lorinczmakos\/wp-json\/wp\/v2\/comments?post=26"}],"version-history":[{"count":4,"href":"https:\/\/scholar.semmelweis.hu\/lorinczmakos\/wp-json\/wp\/v2\/pages\/26\/revisions"}],"predecessor-version":[{"id":69,"href":"https:\/\/scholar.semmelweis.hu\/lorinczmakos\/wp-json\/wp\/v2\/pages\/26\/revisions\/69"}],"wp:attachment":[{"href":"https:\/\/scholar.semmelweis.hu\/lorinczmakos\/wp-json\/wp\/v2\/media?parent=26"}],"curies":[{"name":"wp","href":"https:\/\/api.w.org\/{rel}","templated":true}]}}