{"id":3,"date":"2016-05-11T14:12:37","date_gmt":"2016-05-11T12:12:37","guid":{"rendered":"http:\/\/scholar.semmelweis.hu\/kovacsilles\/bemutatkozas\/"},"modified":"2025-11-27T13:57:52","modified_gmt":"2025-11-27T12:57:52","slug":"bemutatkozas","status":"publish","type":"page","link":"https:\/\/scholar.semmelweis.hu\/kovacsilles\/","title":{"rendered":"Bemutatkoz\u00e1s"},"content":{"rendered":"<figure id=\"attachment_38\" aria-describedby=\"caption-attachment-38\" style=\"width: 363px\" class=\"wp-caption alignleft\"><img loading=\"lazy\" decoding=\"async\" class=\"wp-image-38\" src=\"http:\/\/scholar.semmelweis.hu\/kovacsilles\/wp-content\/uploads\/sites\/84\/2016\/05\/Klinika-homlokzat-300x200.jpg\" width=\"363\" height=\"242\" srcset=\"https:\/\/scholar.semmelweis.hu\/kovacsilles\/wp-content\/uploads\/sites\/84\/2016\/05\/Klinika-homlokzat-300x200.jpg 300w, https:\/\/scholar.semmelweis.hu\/kovacsilles\/wp-content\/uploads\/sites\/84\/2016\/05\/Klinika-homlokzat-768x512.jpg 768w, https:\/\/scholar.semmelweis.hu\/kovacsilles\/wp-content\/uploads\/sites\/84\/2016\/05\/Klinika-homlokzat.jpg 900w\" sizes=\"(max-width: 363px) 100vw, 363px\" \/><figcaption id=\"caption-attachment-38\" class=\"wp-caption-text\">A Szem\u00e9szeti Klinika \u00e9p\u00fclete<\/figcaption><\/figure>\n<p><b>2001 \u00f3ta dolgozom\u00a0<\/b>a <a href=\"http:\/\/scholar.semmelweis.hu\/kovacsilles\/elerhetoseg\/\" target=\"_blank\" rel=\"noopener\">Semmelweis Egyetem Szem\u00e9szeti Klinik\u00e1j\u00e1n<\/a>, jelenleg <strong>egyetemi docensk\u00e9nt<\/strong>. 1999-ben szereztem \u00e1ltal\u00e1nos orvosi diplom\u00e1t a P\u00e9csi Tudom\u00e1nyegyetemen <em>summa cum laude<\/em> eredm\u00e9nnyel. 2001-2004 k\u00f6z\u00f6tt letettem az <a href=\"http:\/\/www.icoph.org\/connections\/user_profile\/003F000001B6vU9IAJ\/Ills-Kovcs.html\" target=\"_blank\" rel=\"noopener\">International Council of Ophthalmology<\/a>\u00a0\u00e1ltal szervezett, nemzetk\u00f6zileg is elismert szem\u00e9szeti vizsg\u00e1it, majd 2004-ben <strong>szem\u00e9szet szakvizsg\u00e1t<\/strong> tettem\u00a0<em>kiv\u00e1l\u00f3an megfelelt<\/em> eredm\u00e9nnyel.<\/p>\n<p>2006-ban <strong>PhD fokozatot<\/strong>\u00a0szereztem <em>\u201e<a href=\"http:\/\/aok.pte.hu\/docs\/phd\/file\/dolgozatok\/2006\/Kovacs_Illes_PhD_dolgozat.pdf\" target=\"_blank\" rel=\"noopener\">Gyullad\u00e1sos folyamatok morfol\u00f3giai \u00e9s funkcion\u00e1lis vizsg\u00e1lata k\u00f6nnytermel\u00e9si zavarok \u00e9s id\u0151skori makula degener\u00e1ci\u00f3 eset\u00e9n<\/a>\u201d<\/em> c\u00edmmel, majd 2009-t\u0151l 1 \u00e9ven \u00e1t posztdoktori kutat\u00f3munk\u00e1t v\u00e9geztem Spanyolorsz\u00e1gban az Alicante-i Neuroscience Institute-ban <em>\u201e\u00c9rz\u0151ideg k\u00fcsz\u00f6b\u00e9rz\u00e9kenys\u00e9g vizsg\u00e1lata posztoperat\u00edv \u00e1llapotok \u00e9s szemsz\u00e1razs\u00e1g k\u00eds\u00e9rletes modelljeiben, valamint szomatosztatin anal\u00f3gok szerepe annak modul\u00e1l\u00e1s\u00e1ban\u201d<\/em> c\u00edmmel, <strong>Marie-Curie \u00f6szt\u00f6nd\u00edjas<\/strong>k\u00e9nt.\u00a0<\/p>\n<p>2015-ben 3 h\u00f3napos<strong> Fulbright \u00f6szt\u00f6nd\u00edjjal<\/strong> az Egyes\u00fclt \u00c1llamokban, a New York City-ben lev\u0151 Weill Cornell Medical College-ban dolgoztam, ahol az id\u0151skori makula degener\u00e1ci\u00f3 g\u00e9nter\u00e1pi\u00e1j\u00e1nak kutat\u00e1s\u00e1ban vettem r\u00e9szt. F\u0151 <strong>kutat\u00e1si ter\u00fcletem a sz\u00e1raz szem \u00e9s a retina betegs\u00e9gei<\/strong>, melynek kapcs\u00e1n alapkutat\u00e1sban \u00e9s klinikai vizsg\u00e1latokban is r\u00e9szt veszek. Sz\u00e1mos hazai \u00e9s k\u00fclf\u00f6ldi d\u00edjat nyertem el, tov\u00e1bb\u00e1 hazai (OTKA, NKTH, Lend\u00fclet, Hurizon) kutat\u00e1si t\u00e1mogat\u00e1sokban vezet\u0151- \u00e9s t\u00e1rs kutat\u00f3k\u00e9nt is dolgozom. 2023-ban habilit\u00e1ltam a Semmelweis Egyetemen.<\/p>\n<p>Sz\u00e1mos alkalommal j\u00e1rtam k\u00fclf\u00f6ldi tanulm\u00e1ny\u00faton, valamint rendszeresen tartok k\u00fclf\u00f6ldi \u00e9s hazai tov\u00e1bbk\u00e9pz\u00e9seken, konferenci\u00e1kon el\u0151ad\u00e1sokat. \u00a0A Semmelweis Egyetem Doktori Iskol\u00e1j\u00e1nak <a href=\"http:\/\/www.doktori.hu\/index.php?menuid=192&amp;sz_ID=12166\" target=\"_blank\" rel=\"noopener\">PhD t\u00e9mavezet\u0151jek\u00e9nt<\/a> 3 doktoranduszom szerzett tudom\u00e1nyos fokozatot, jelenleg 2 hallgat\u00f3 v\u00e9gez kutat\u00f3munk\u00e1t az ir\u00e1ny\u00edt\u00e1som alatt.<\/p>\n<p>A Semmelweis Egyetem <strong>Szem\u00e9szeti Klinik\u00e1j\u00e1n oszt\u00e1lyvezet\u0151k\u00e9nt<\/strong>, a Semmelweis Eg\u00e9szs\u00e9gtudom\u00e1nyi karon a <strong>Klinikai Szem\u00e9szeti Tansz\u00e9k tansz\u00e9kvezet\u0151jek\u00e9nt <\/strong>dolgozom. Klinikusk\u00e9nt nagy sz\u00e1mban l\u00e1tom el a hozz\u00e1m fordul\u00f3 szembetegeket, am\u00ed \u00edgy az alapkutat\u00e1ssal egy\u00fctt sz\u00e9les k\u00f6r\u0171 r\u00e1l\u00e1t\u00e1st biztos\u00edt a szembetegs\u00e9gek okozta probl\u00e9m\u00e1kra. A Klinika Retina Ambulanci\u00e1j\u00e1n a <strong>retina betegs\u00e9gek (diab\u00e9tesz, makula degener\u00e1ci\u00f3, kering\u00e9szavarok) diagnosztik\u00e1j\u00e1val \u00e9s ter\u00e1pi\u00e1j\u00e1val <\/strong>is foglalkozom.<\/p>\n<p>Rendszeresen publik\u00e1lok hazai \u00e9s k\u00fclf\u00f6ldi foly\u00f3iratokban, k\u00f6zlem\u00e9nyeim id\u00e9zetts\u00e9ge magas.<\/p>\n","protected":false},"excerpt":{"rendered":"<p>2001 \u00f3ta dolgozom\u00a0a <a href=\"http:\/\/scholar.semmelweis.hu\/kovacsilles\/elerhetoseg\/\" target=\"_blank\" rel=\"noopener\">Semmelweis Egyetem Szem\u00e9szeti Klinik\u00e1j\u00e1n<\/a> , jelenleg egyetemi docensk\u00e9nt. 1999-ben szereztem \u00e1ltal\u00e1nos orvosi diplom\u00e1t a P\u00e9csi Tudom\u00e1nyegyetemen summa cum laude eredm\u00e9nnyel. 2001-2004 k\u00f6z\u00f6tt letettem az <a href=\"http:\/\/www.icoph.org\/connections\/user_profile\/003F000001B6vU9IAJ\/Ills-Kovcs.html\" target=\"_blank\" rel=\"noopener\">International Council of Ophthalmology<\/a> \u00a0\u00e1ltal szervezett, nemzetk\u00f6zileg is elismert szem\u00e9szeti vizsg\u00e1it, majd 2004-ben szem\u00e9szet szakvizsg\u00e1t tettem\u00a0kiv\u00e1l\u00f3an &hellip;<\/p>\n","protected":false},"author":80,"featured_media":0,"parent":0,"menu_order":0,"comment_status":"closed","ping_status":"closed","template":"","meta":{"footnotes":""},"class_list":["post-3","page","type-page","status-publish","hentry"],"_links":{"self":[{"href":"https:\/\/scholar.semmelweis.hu\/kovacsilles\/wp-json\/wp\/v2\/pages\/3"}],"collection":[{"href":"https:\/\/scholar.semmelweis.hu\/kovacsilles\/wp-json\/wp\/v2\/pages"}],"about":[{"href":"https:\/\/scholar.semmelweis.hu\/kovacsilles\/wp-json\/wp\/v2\/types\/page"}],"author":[{"embeddable":true,"href":"https:\/\/scholar.semmelweis.hu\/kovacsilles\/wp-json\/wp\/v2\/users\/80"}],"replies":[{"embeddable":true,"href":"https:\/\/scholar.semmelweis.hu\/kovacsilles\/wp-json\/wp\/v2\/comments?post=3"}],"version-history":[{"count":15,"href":"https:\/\/scholar.semmelweis.hu\/kovacsilles\/wp-json\/wp\/v2\/pages\/3\/revisions"}],"predecessor-version":[{"id":55,"href":"https:\/\/scholar.semmelweis.hu\/kovacsilles\/wp-json\/wp\/v2\/pages\/3\/revisions\/55"}],"wp:attachment":[{"href":"https:\/\/scholar.semmelweis.hu\/kovacsilles\/wp-json\/wp\/v2\/media?parent=3"}],"curies":[{"name":"wp","href":"https:\/\/api.w.org\/{rel}","templated":true}]}}

Bemutatkozás

<figure id="attachment_38" aria-describedby="caption-attachment-38" style="width: 363px" class="wp-caption alignleft"><img loading="lazy" decoding="async" class="wp-image-38" src="http://scholar.semmelweis.hu/kovacsilles/wp-content/uploads/sites/84/2016/05/Klinika-homlokzat-300x200.jpg" width="363" height="242" srcset="https://scholar.semmelweis.hu/kovacsilles/wp-content/uploads/sites/84/2016/05/Klinika-homlokzat-300x200.jpg 300w, https://scholar.semmelweis.hu/kovacsilles/wp-content/uploads/sites/84/2016/05/Klinika-homlokzat-768x512.jpg 768w, https://scholar.semmelweis.hu/kovacsilles/wp-content/uploads/sites/84/2016/05/Klinika-homlokzat.jpg 900w" sizes="(max-width: 363px) 100vw, 363px" /><figcaption id="caption-attachment-38" class="wp-caption-text">A Szemészeti Klinika épülete</figcaption></figure>
<p><b>2001 óta dolgozom </b>a <a href="http://scholar.semmelweis.hu/kovacsilles/elerhetoseg/" target="_blank" rel="noopener">Semmelweis Egyetem Szemészeti Klinikáján</a>, jelenleg <strong>egyetemi docensként</strong>. 1999-ben szereztem általános orvosi diplomát a Pécsi Tudományegyetemen <em>summa cum laude</em> eredménnyel. 2001-2004 között letettem az <a href="http://www.icoph.org/connections/user_profile/003F000001B6vU9IAJ/Ills-Kovcs.html" target="_blank" rel="noopener">International Council of Ophthalmology</a> által szervezett, nemzetközileg is elismert szemészeti vizsgáit, majd 2004-ben <strong>szemészet szakvizsgát</strong> tettem <em>kiválóan megfelelt</em> eredménnyel.</p>
<p>2006-ban <strong>PhD fokozatot</strong> szereztem <em>„<a href="http://aok.pte.hu/docs/phd/file/dolgozatok/2006/Kovacs_Illes_PhD_dolgozat.pdf" target="_blank" rel="noopener">Gyulladásos folyamatok morfológiai és funkcionális vizsgálata könnytermelési zavarok és időskori makula degeneráció esetén</a>”</em> címmel, majd 2009-től 1 éven át posztdoktori kutatómunkát végeztem Spanyolországban az Alicante-i Neuroscience Institute-ban <em>„Érzőideg küszöbérzékenység vizsgálata posztoperatív állapotok és szemszárazság kísérletes modelljeiben, valamint szomatosztatin analógok szerepe annak modulálásában”</em> címmel, <strong>Marie-Curie ösztöndíjas</strong>ként. </p>
<p>2015-ben 3 hónapos<strong> Fulbright ösztöndíjjal</strong> az Egyesült Államokban, a New York City-ben levő Weill Cornell Medical College-ban dolgoztam, ahol az időskori makula degeneráció génterápiájának kutatásában vettem részt. Fő <strong>kutatási területem a száraz szem és a retina betegségei</strong>, melynek kapcsán alapkutatásban és klinikai vizsgálatokban is részt veszek. Számos hazai és külföldi díjat nyertem el, továbbá hazai (OTKA, NKTH, Lendület, Hurizon) kutatási támogatásokban vezető- és társ kutatóként is dolgozom. 2023-ban habilitáltam a Semmelweis Egyetemen.</p>
<p>Számos alkalommal jártam külföldi tanulmányúton, valamint rendszeresen tartok külföldi és hazai továbbképzéseken, konferenciákon előadásokat.  A Semmelweis Egyetem Doktori Iskolájának <a href="http://www.doktori.hu/index.php?menuid=192&amp;sz_ID=12166" target="_blank" rel="noopener">PhD témavezetőjeként</a> 3 doktoranduszom szerzett tudományos fokozatot, jelenleg 2 hallgató végez kutatómunkát az irányításom alatt.</p>
<p>A Semmelweis Egyetem <strong>Szemészeti Klinikáján osztályvezetőként</strong>, a Semmelweis Egészségtudományi karon a <strong>Klinikai Szemészeti Tanszék tanszékvezetőjeként </strong>dolgozom. Klinikusként nagy számban látom el a hozzám forduló szembetegeket, amí így az alapkutatással együtt széles körű rálátást biztosít a szembetegségek okozta problémákra. A Klinika Retina Ambulanciáján a <strong>retina betegségek (diabétesz, makula degeneráció, keringészavarok) diagnosztikájával és terápiájával </strong>is foglalkozom.</p>
<p>Rendszeresen publikálok hazai és külföldi folyóiratokban, közleményeim idézettsége magas.</p>

<p>2001 óta dolgozom a <a href="http://scholar.semmelweis.hu/kovacsilles/elerhetoseg/" target="_blank" rel="noopener">Semmelweis Egyetem Szemészeti Klinikáján</a> , jelenleg egyetemi docensként. 1999-ben szereztem általános orvosi diplomát a Pécsi Tudományegyetemen summa cum laude eredménnyel. 2001-2004 között letettem az <a href="http://www.icoph.org/connections/user_profile/003F000001B6vU9IAJ/Ills-Kovcs.html" target="_blank" rel="noopener">International Council of Ophthalmology</a>  által szervezett, nemzetközileg is elismert szemészeti vizsgáit, majd 2004-ben szemészet szakvizsgát tettem kiválóan &hellip;</p>
