{"id":4,"date":"2022-05-19T14:39:18","date_gmt":"2022-05-19T12:39:18","guid":{"rendered":"https:\/\/scholar.semmelweis.hu\/kegyeadrienne\/cv\/"},"modified":"2022-05-24T14:34:03","modified_gmt":"2022-05-24T12:34:03","slug":"cv","status":"publish","type":"page","link":"https:\/\/scholar.semmelweis.hu\/kegyeadrienne\/cv\/","title":{"rendered":"CV"},"content":{"rendered":"<p><span style=\"font-size: 12pt\"><strong>Education<\/strong><\/span><\/p>\n<ul>\n<li><span style=\"font-size: 12pt\">Mental Health Sciences (PhD), Semmelweis University, Budapest 2021<\/span><\/li>\n<li><span style=\"font-size: 12pt\">Palliative Doctor License 2016<\/span><\/li>\n<li><span style=\"font-size: 12pt\">Psychotherapist 2009<\/span><\/li>\n<li><span style=\"font-size: 12pt\">Oncoradiologist 1997<\/span><\/li>\n<li><span style=\"font-size: 12pt\">Medical Doctor, Semmelweis University 1993<\/span><\/li>\n<\/ul>\n<p><strong><span style=\"font-size: 12pt\">Professional experience<\/span><\/strong><\/p>\n<ul>\n<li><span style=\"font-size: 12pt\">Nov 2017-\u00a0\u00a0 Semmelweis University, Institute of Behavioural Sciences<\/span><\/li>\n<li>\n<p><span style=\"font-size: 12pt\">2013- 2020 Ny\u00edr\u0151 Gyula Kh.-OPAI Hospital\/ Department of Psychiatry, Department of Psychooncology<\/span><\/p>\n<\/li>\n<li>\n<p><span style=\"font-size: 12pt\">2012- \u00a0\u00a0\u00a0\u00a0\u00a0\u00a0\u00a0\u00a0 Gondoskod\u00e1s 2000 Homecare service<\/span><\/p>\n<\/li>\n<li>\n<p><span style=\"font-size: 12pt\">2010 -2015 Vaszary Kolos Hospital, Hospice\/Dept. of Rehabilitation<\/span><\/p>\n<\/li>\n<\/ul>\n<ul>\n<li>\n<p><span style=\"font-size: 12pt\">2008-2009 Hungarian Oncology Institute\/ Department of Gynecology<\/span><\/p>\n<\/li>\n<li><span style=\"font-size: 12pt\">2001-2008 Fl\u00f3r Ferenc Hospital \/ Department of Onkology\u00a0\u00a0\u00a0\u00a0\u00a0\u00a0\u00a0\u00a0\u00a0\u00a0 \u00a0\u00a0\u00a0\u00a0\u00a0\u00a0\u00a0\u00a0\u00a0\u00a0\u00a0\u00a0\u00a0\u00a0\u00a0\u00a0\u00a0\u00a0<\/span><\/li>\n<li>\n<p><span style=\"font-size: 12pt\">1993-2001 Uzsoki Hospital Onkoradiology Center<\/span><\/p>\n<\/li>\n<\/ul>\n<p><strong><span style=\"font-size: 12pt\">Language skills<\/span><\/strong><\/p>\n<ul>\n<li><span style=\"font-size: 12pt\">German \u2013 Intermediate level (B2)<\/span><\/li>\n<li><span style=\"font-size: 12pt\">English \u2013 Pre-intermediate level (B1)<\/span><\/li>\n<\/ul>\n<p><strong><span style=\"font-size: 12pt\">Memberships at professional associations<\/span><\/strong><\/p>\n<ul>\n<li><span style=\"font-size: 12pt\">Hungarian Psychooncology Society &#8211; member of leadership<\/span><\/li>\n<li><span style=\"font-size: 12pt\">Hungarian Hospice Paliative Association \u2013 member, member of leadership 2011-2021<\/span><\/li>\n<li><span style=\"font-size: 12pt\">Hungarian Oncology Society \u2013 member<\/span><\/li>\n<li><span style=\"font-size: 12pt\">Selye J\u00e1nos T\u00e1rsas\u00e1g (Hans Selye Society) &#8211; member<\/span><\/li>\n<\/ul>\n","protected":false},"excerpt":{"rendered":"<p>Education Mental Health Sciences (PhD), Semmelweis University, Budapest 2021 Palliative Doctor License 2016 Psychotherapist 2009 Oncoradiologist 1997 Medical Doctor, Semmelweis University 1993 Professional experience Nov 2017-\u00a0\u00a0 Semmelweis University, Institute of Behavioural Sciences 2013- 2020 Ny\u00edr\u0151 &hellip;<\/p>\n","protected":false},"author":144,"featured_media":0,"parent":0,"menu_order":0,"comment_status":"closed","ping_status":"closed","template":"","meta":{"footnotes":""},"class_list":["post-4","page","type-page","status-publish","hentry"],"_links":{"self":[{"href":"https:\/\/scholar.semmelweis.hu\/kegyeadrienne\/wp-json\/wp\/v2\/pages\/4"}],"collection":[{"href":"https:\/\/scholar.semmelweis.hu\/kegyeadrienne\/wp-json\/wp\/v2\/pages"}],"about":[{"href":"https:\/\/scholar.semmelweis.hu\/kegyeadrienne\/wp-json\/wp\/v2\/types\/page"}],"author":[{"embeddable":true,"href":"https:\/\/scholar.semmelweis.hu\/kegyeadrienne\/wp-json\/wp\/v2\/users\/144"}],"replies":[{"embeddable":true,"href":"https:\/\/scholar.semmelweis.hu\/kegyeadrienne\/wp-json\/wp\/v2\/comments?post=4"}],"version-history":[{"count":3,"href":"https:\/\/scholar.semmelweis.hu\/kegyeadrienne\/wp-json\/wp\/v2\/pages\/4\/revisions"}],"predecessor-version":[{"id":19,"href":"https:\/\/scholar.semmelweis.hu\/kegyeadrienne\/wp-json\/wp\/v2\/pages\/4\/revisions\/19"}],"wp:attachment":[{"href":"https:\/\/scholar.semmelweis.hu\/kegyeadrienne\/wp-json\/wp\/v2\/media?parent=4"}],"curies":[{"name":"wp","href":"https:\/\/api.w.org\/{rel}","templated":true}]}}