{"id":22,"date":"2023-05-05T09:34:26","date_gmt":"2023-05-05T07:34:26","guid":{"rendered":"http:\/\/scholar.semmelweis.hu\/jedlovszkyhajduangela\/?page_id=22"},"modified":"2023-05-22T13:47:18","modified_gmt":"2023-05-22T11:47:18","slug":"linkek","status":"publish","type":"page","link":"https:\/\/scholar.semmelweis.hu\/jedlovszkyhajduangela\/linkek\/","title":{"rendered":"Linkek"},"content":{"rendered":"<p><a href=\"https:\/\/www.facebook.com\/596399868\/videos\/1003872533941916\/\">2023-Labor<\/a><\/p>\n<p><a href=\"http:\/\/kutatokejszakaja.hu\/esemeny\/a-nanovilag-vonzasaban\/\">Kutat\u00f3k \u00e9jszak\u00e1ja 2018<\/a><\/p>\n<p><a href=\"http:\/\/semmelweis.hu\/hirek\/2016\/04\/26\/a-kutatasban-nincs-monotonitas-nok-a-tudomanyban-kivalosagi-dijat-kapott-dr-jedlovszky-hajdu-angela\/\">N\u0151k a tudom\u00e1nyban<\/a><\/p>\n<p><a href=\"https:\/\/www.youtube.com\/watch?v=PhhH8ISGxec\">Megval\u00f3sult \u00e1lmok<\/a><\/p>\n<p><a href=\"http:\/\/www.termeszetvilaga.hu\/szamok\/tv2013\/tv1311\/molnar.html\">Term\u00e9szet vil\u00e1ga<\/a><\/p>\n<p><a href=\"http:\/\/www.matud.iif.hu\/2012\/06\/SOTE\/06.htm\">Magyar tudom\u00e1ny<\/a><\/p>\n<p><a href=\"http:\/\/www.ncbi.nlm.nih.gov\/pubmed\/23002920\">Magyar Tudom\u00e1ny 2014<\/a><\/p>\n<p><a href=\"http:\/\/www.ncbi.nlm.nih.gov\/pubmed\/23002920\">Langmuir 2012<\/a><\/p>\n<p><a href=\"http:\/\/www.sciencedirect.com\/science\/article\/pii\/S0304885312004374\">JMMM 2012<\/a><\/p>\n<p><a href=\"http:\/\/onlinelibrary.wiley.com\/doi\/10.1002\/pi.4720\/abstract\">Polymer International 2014<\/a><\/p>\n<p><a href=\"http:\/\/www.sciencedirect.com\/science\/article\/pii\/S0927775716303557\">CollSurfA 2016<\/a><\/p>\n<p>https:\/\/civiltv11.blog.hu\/2020\/02\/05\/elo_konyvtar_a_zipernovszkyban<\/p>\n<p>Novum TV: https:\/\/www.youtube.com\/watch?v=4hcqeLGRMWI<\/p>\n<p>Novum TV OTDK 70 eves: https:\/\/www.youtube.com\/watch?v=TQbzfUBqRRI<\/p>\n<p>&nbsp;<\/p>\n","protected":false},"excerpt":{"rendered":"<p><a href=\"https:\/\/www.facebook.com\/596399868\/videos\/1003872533941916\/\">2023-Labor<\/a><br \/>\n<a href=\"http:\/\/kutatokejszakaja.hu\/esemeny\/a-nanovilag-vonzasaban\/\">Kutat\u00f3k \u00e9jszak\u00e1ja 2018<\/a><br \/>\n<a href=\"http:\/\/semmelweis.hu\/hirek\/2016\/04\/26\/a-kutatasban-nincs-monotonitas-nok-a-tudomanyban-kivalosagi-dijat-kapott-dr-jedlovszky-hajdu-angela\/\">N\u0151k a tudom\u00e1nyban<\/a><br \/>\n<a href=\"https:\/\/www.youtube.com\/watch?v=PhhH8ISGxec\">Megval\u00f3sult \u00e1lmok<\/a><br \/>\n<a href=\"http:\/\/www.termeszetvilaga.hu\/szamok\/tv2013\/tv1311\/molnar.html\">Term\u00e9szet vil\u00e1ga<\/a><br \/>\n<a href=\"http:\/\/www.matud.iif.hu\/2012\/06\/SOTE\/06.htm\">Magyar tudom\u00e1ny<\/a><br \/>\n<a href=\"http:\/\/www.ncbi.nlm.nih.gov\/pubmed\/23002920\">Magyar Tudom\u00e1ny 2014<\/a><br \/>\n<a href=\"http:\/\/www.ncbi.nlm.nih.gov\/pubmed\/23002920\">Langmuir 2012<\/a><br \/>\n<a href=\"http:\/\/www.sciencedirect.com\/science\/article\/pii\/S0304885312004374\">JMMM 2012<\/a><br \/>\n<a href=\"http:\/\/onlinelibrary.wiley.com\/doi\/10.1002\/pi.4720\/abstract\">Polymer International 2014<\/a><br \/>\n<a href=\"http:\/\/www.sciencedirect.com\/science\/article\/pii\/S0927775716303557\">CollSurfA 2016<\/a><br \/>\nhttps:\/\/civiltv11.blog.hu\/2020\/02\/05\/elo_konyvtar_a_zipernovszkyban<br \/>\nNovum TV: https:\/\/www.youtube.com\/watch?v=4hcqeLGRMWI<br \/>\nNovum TV OTDK 70 eves: https:\/\/www.youtube.com\/watch?v=TQbzfUBqRRI<br \/>\n&nbsp;<\/p>\n","protected":false},"author":77,"featured_media":0,"parent":0,"menu_order":5,"comment_status":"closed","ping_status":"closed","template":"","meta":{"footnotes":""},"class_list":["post-22","page","type-page","status-publish","hentry"],"_links":{"self":[{"href":"https:\/\/scholar.semmelweis.hu\/jedlovszkyhajduangela\/wp-json\/wp\/v2\/pages\/22"}],"collection":[{"href":"https:\/\/scholar.semmelweis.hu\/jedlovszkyhajduangela\/wp-json\/wp\/v2\/pages"}],"about":[{"href":"https:\/\/scholar.semmelweis.hu\/jedlovszkyhajduangela\/wp-json\/wp\/v2\/types\/page"}],"author":[{"embeddable":true,"href":"https:\/\/scholar.semmelweis.hu\/jedlovszkyhajduangela\/wp-json\/wp\/v2\/users\/77"}],"replies":[{"embeddable":true,"href":"https:\/\/scholar.semmelweis.hu\/jedlovszkyhajduangela\/wp-json\/wp\/v2\/comments?post=22"}],"version-history":[{"count":9,"href":"https:\/\/scholar.semmelweis.hu\/jedlovszkyhajduangela\/wp-json\/wp\/v2\/pages\/22\/revisions"}],"predecessor-version":[{"id":194,"href":"https:\/\/scholar.semmelweis.hu\/jedlovszkyhajduangela\/wp-json\/wp\/v2\/pages\/22\/revisions\/194"}],"wp:attachment":[{"href":"https:\/\/scholar.semmelweis.hu\/jedlovszkyhajduangela\/wp-json\/wp\/v2\/media?parent=22"}],"curies":[{"name":"wp","href":"https:\/\/api.w.org\/{rel}","templated":true}]}}