{"id":2,"date":"2025-12-01T10:40:16","date_gmt":"2025-12-01T09:40:16","guid":{"rendered":"http:\/\/scholar.semmelweis.hu\/jedlovszkyhajduangela\/cv\/"},"modified":"2026-01-05T10:44:50","modified_gmt":"2026-01-05T09:44:50","slug":"cv","status":"publish","type":"page","link":"https:\/\/scholar.semmelweis.hu\/jedlovszkyhajduangela\/cv\/","title":{"rendered":"CV"},"content":{"rendered":"<p><strong><u>Szem\u00e9lyes adatok<\/u><\/strong><\/p>\n<p><strong>\u00a0<\/strong><strong>N\u00e9v: \u00a0\u00a0\u00a0\u00a0\u00a0\u00a0\u00a0\u00a0\u00a0\u00a0\u00a0\u00a0\u00a0\u00a0\u00a0\u00a0\u00a0\u00a0\u00a0\u00a0\u00a0\u00a0\u00a0\u00a0\u00a0\u00a0 <u>Dr. Jedlovszky-Hajd\u00fa Ang\u00e9la<\/u><\/strong><\/p>\n<p><strong>Le\u00e1nykori n\u00e9v:\u00a0\u00a0\u00a0\u00a0\u00a0\u00a0\u00a0\u00a0\u00a0 Hajd\u00fa Ang\u00e9la<\/strong><\/p>\n<p><strong>Munkahely:\u00a0\u00a0\u00a0\u00a0\u00a0\u00a0\u00a0\u00a0\u00a0\u00a0\u00a0\u00a0\u00a0\u00a0 Nanok\u00e9miai Kutat\u00f3csoport,<\/strong><\/p>\n<p><strong>Biofizikai \u00e9s Sug\u00e1rbiol\u00f3giai Int\u00e9zet,\u00a0\u00a0\u00a0\u00a0\u00a0\u00a0\u00a0\u00a0 <\/strong><\/p>\n<p><strong>Semmelweis Egyetem<\/strong><\/p>\n<p><strong>H-1089 Budapest, Nagyv\u00e1rad t\u00e9r 4,<\/strong><\/p>\n<p><strong>\u00a0<\/strong><\/p>\n<p><strong>Beoszt\u00e1s:\u00a0 \u00a0 \u00a0 \u00a0 \u00a0 \u00a0 \u00a0 \u00a0 \u00a0 \u00a0 Habilit\u00e1lt egyetemi docens<\/strong><\/p>\n<p><strong>Telefonsz\u00e1m:<\/strong>\u00a0\u00a0\u00a0\u00a0\u00a0\u00a0\u00a0\u00a0\u00a0\u00a0\u00a0\u00a0 +36-20-666-30-40<\/p>\n<p><strong>E-mail:<\/strong> \u00a0\u00a0\u00a0\u00a0\u00a0\u00a0\u00a0\u00a0\u00a0\u00a0\u00a0\u00a0\u00a0\u00a0\u00a0\u00a0\u00a0\u00a0\u00a0\u00a0\u00a0\u00a0 hajdu.angela(at)semmelweis.hu<\/p>\n<p><strong>Sz\u00fclet\u00e9si id\u0151:\u00a0 <\/strong>\u00a0\u00a0\u00a0\u00a0\u00a0\u00a0\u00a0\u00a0\u00a0\u00a0\u00a0 1982-06-08<\/p>\n<p>Lakc\u00edm:\u00a0\u00a0\u00a0\u00a0\u00a0\u00a0\u00a0\u00a0\u00a0\u00a0\u00a0\u00a0\u00a0\u00a0\u00a0\u00a0\u00a0\u00a0\u00a0\u00a0\u00a0\u00a0 1021, Budapest, Zuhatag sor 3.<\/p>\n<p><strong><u>Tanulm\u00e1nyok <\/u><\/strong><\/p>\n<p>2006-2009\u00a0\u00a0\u00a0\u00a0\u00a0\u00a0\u00a0\u00a0\u00a0\u00a0\u00a0\u00a0\u00a0\u00a0\u00a0\u00a0\u00a0\u00a0 Szegedi Tudom\u00e1ny Egyetem, Fizikai K\u00e9miai \u00e9s Anyagtudom\u00e1nyi Tansz\u00e9k, K\u00e9miai Doktori Iskola<\/p>\n<p>2001-2006\u00a0\u00a0\u00a0\u00a0\u00a0\u00a0\u00a0\u00a0\u00a0\u00a0\u00a0\u00a0\u00a0\u00a0\u00a0\u00a0\u00a0\u00a0 Szegedi Tudom\u00e1ny Egyetem, Klinikai k\u00e9mikus szak<\/p>\n<p>1996-2000\u00a0\u00a0\u00a0\u00a0\u00a0\u00a0\u00a0\u00a0\u00a0\u00a0\u00a0\u00a0\u00a0\u00a0\u00a0\u00a0\u00a0\u00a0 Kossuth Lajos Gimn\u00e1zium, Cegl\u00e9d<\/p>\n<p><strong><u>Besz\u00e9lt nyelvek<\/u><\/strong>\u00a0\u00a0\u00a0 magyar (anyanyelv)<\/p>\n<p>angol (k\u00f6z\u00e9pfok)<\/p>\n<p>francia (alapfok)<\/p>\n<p><strong><u>K\u00e9pes\u00edt\u00e9sek <\/u><\/strong>\u00a0\u00a0\u00a0\u00a0\u00a0\u00a0\u00a0\u00a0\u00a0\u00a0\u00a0 Okleveles klinikai k\u00e9mikus (2006)<\/p>\n<p>\u00a0 \u00a0 \u00a0 \u00a0 \u00a0 \u00a0 \u00a0 \u00a0 \u00a0 \u00a0 \u00a0 \u00a0 \u00a0 \u00a0 \u00a0 \u00a0 \u00a0 K\u00e9mia Ph.D. (2011)<\/p>\n<p>\u00a0 \u00a0 \u00a0 \u00a0 \u00a0 \u00a0 \u00a0 \u00a0 \u00a0 \u00a0 \u00a0 \u00a0 \u00a0 \u00a0 \u00a0 \u00a0 \u00a0 Habilit\u00e1ci\u00f3 (2024)<\/p>\n<p><strong><u>Munkahelyek<\/u><\/strong><\/p>\n<p>2009-2010 Szegedi Tudom\u00e1ny Egyetem, Fizikai K\u00e9miai \u00e9s Anyagtudom\u00e1nyi Tansz\u00e9k, kutat\u00f3<\/p>\n<p>2010\u00a0 University College Dublin, Centre for BioNano Interactions kutat\u00f3csoport, \u00f6szt\u00f6nd\u00edjas<\/p>\n<p>2011- 2020\u00a0 Semmelweis Egyetem, Biofizikai \u00e9s Sug\u00e1rbiol\u00f3giai Int\u00e9zet, Nanok\u00e9miai Kutat\u00f3csoport, tudom\u00e1nyos munkat\u00e1rs, egyetemi adjunktus<\/p>\n<p>2013-2015\u00a0\u00a0\u00a0\u00a0\u00a0\u00a0\u00a0\u00a0\u00a0\u00a0\u00a0\u00a0\u00a0\u00a0\u00a0\u00a0\u00a0\u00a0 Sz\u00fcl\u00e9si szabads\u00e1g<\/p>\n<p>2019 &#8211;\u00a0 \u00a0 \u00a0 \u00a0 \u00a0Semmelweis Egyetem, Biofizikai \u00e9s Sug\u00e1rbiol\u00f3giai Int\u00e9zet, Nanok\u00e9miai Kutat\u00f3csoport, csoportvezet\u0151<\/p>\n<p>2020-\u00a0 \u00a0 \u00a0 \u00a0 \u00a0 Semmelweis Egyetem, Biofizikai \u00e9s Sug\u00e1rbiol\u00f3giai Int\u00e9zet, Nanok\u00e9miai Kutat\u00f3csoport, egyetemi docens<\/p>\n<p>2024-\u00a0 \u00a0 \u00a0 \u00a0 Semmelweis Egyetem, Biofizikai \u00e9s Sug\u00e1rbiol\u00f3giai Int\u00e9zet,\u00a0 \u00e1ltal\u00e1nos igazgat\u00f3 helyettes<\/p>\n<p><strong><u>Kutat\u00e1si ter\u00fclet<\/u><\/strong><\/p>\n<p>M\u00e1gneses nanor\u00e9szecsk\u00e9k stabiliz\u00e1l\u00e1sa vizes rendszerekben<\/p>\n<p>Magnetit fel\u00fclet\u00e9nek m\u00f3dos\u00edt\u00e1sa kolloidstabilit\u00e1s n\u00f6vel\u00e9se \u00e9rdek\u00e9ben<\/p>\n<p>Magnetit r\u00e9szecsk\u00e9k bor\u00edt\u00e1sa biokompatibilis r\u00e9teggel<\/p>\n<p>Orvosbiol\u00f3giai c\u00e9lokra m\u00e1gneses folyad\u00e9kok el\u0151\u00e1ll\u00edt\u00e1sa (MRI, hipertermia, sejtes k\u00eds\u00e9rletek)<\/p>\n<p>Elektromos sz\u00e1lh\u00faz\u00e1s k\u00fcl\u00f6nb\u00f6z\u0151 polimerekb\u0151l<\/p>\n<p>Poliaminosav alap\u00fa biopolimerek<\/p>\n<p>Poliaminosav alap\u00fa polimer orvosbiol\u00f3giai alkalmazhat\u00f3s\u00e1g\u00e1nak vizsg\u00e1lata, biokompatibilit\u00e1s, biodegrad\u00e1bilit\u00e1s<\/p>\n<p>Mesters\u00e9ges h\u00e1l\u00f3rendszerek el\u0151\u00e1ll\u00edt\u00e1sa poliaminosav alap\u00fa polimerekb\u0151l elektromos sz\u00e1lh\u00faz\u00e1ssal<\/p>\n<p>Ez\u00fcst tartalm\u00fa sz\u00e1las rendszerek el\u0151\u00e1ll\u00edt\u00e1sa, antibakteri\u00e1lis vizsg\u00e1latai<\/p>\n<p><strong><u>F\u0151bb scientometriai adatok<\/u><\/strong><\/p>\n<p><strong>\u00d6ssz impakt faktor: ~ 120<\/strong><\/p>\n<p><strong>\u00d6ssz f\u00fcggetlen hivatkoz\u00e1s: ~1080<\/strong><\/p>\n<p><strong>Hirsch index: 16<\/strong><\/p>\n<p>MTMT: 10018916<br \/>\nORCID: 0000-0003-2720-783X<br \/>\nGoogle Scholar ID: n-rwIRYAAAAJ<br \/>\nResearcherID: O-6723-2017<br \/>\nScopus ID: 55241833400<br \/>\nResearchGate: Angela_Jedlovszky-Hajdu<br \/>\nPublons: O-6723-2017<\/p>\n<p>https:\/\/m2.mtmt.hu\/gui2\/?type=authors&#038;mode=browse&#038;sel=10018916&#038;view=simpleList<\/p>\n<p><strong><u>D\u00edjak, kit\u0171ntet\u00e9sek<\/u><\/strong><\/p>\n<p>2007 \u00a0\u00a0 Sz\u00e1nt\u00f3 Ferenc poszter d\u00edj<\/p>\n<p>2007\u00a0\u00a0\u00a0 Pro Scientia arany\u00e9rem<\/p>\n<p>2008\u00a0\u00a0\u00a0 Utaz\u00e1si t\u00e1mogat\u00e1s (7th International Conference on the Scientific and Clinical Applications of Magnetic Carriers, Vancouver, Canada)<\/p>\n<p>2008\u00a0\u00a0\u00a0 IAP Award (poszter d\u00edj)<\/p>\n<p>2010\u00a0\u00a0\u00a0 Utaz\u00e1si t\u00e1mogat\u00e1s (8th International Conference on the Scientific and Clinical Applications of Magnetic Carriers, Rostock, Germany)<\/p>\n<p>2012 \u00a0\u00a0 Utaz\u00e1si t\u00e1mogat\u00e1s (9th International Conference on the Scientific and Clinical Applications of Magnetic Carriers, Minneapolis, USA)<\/p>\n<p>2014 \u00a0\u00a0 Publik\u00e1ci\u00f3s D\u00edj 2013-ban v\u00e9gzett publik\u00e1ci\u00f3s teljes\u00edtm\u00e9ny\u00e9rt, Biofizikai \u00e9s Sug\u00e1rbiol\u00f3giai Int\u00e9zet<\/p>\n<p>2015\u00a0 \u00a0 Publik\u00e1ci\u00f3s D\u00edj 2014-ban v\u00e9gzett publik\u00e1ci\u00f3s teljes\u00edtm\u00e9ny\u00e9rt, Biofizikai \u00e9s Sug\u00e1rbiol\u00f3giai Int\u00e9zet<\/p>\n<p>2016 \u00a0\u00a0 N\u0151k a tudom\u00e1ny\u00e9rt Egyes\u00fclet Kiv\u00e1l\u00f3s\u00e1gi D\u00edj, anyagtechnol\u00f3gia<\/p>\n<p>2016\u00a0\u00a0\u00a0 Best poster prize, 1<sup>st<\/sup>\u00a0Prize, 6th International Seminar on Modern Polymeric Materials\u00a0 for Environmental Applications, Krak\u00f3w, Poland<\/p>\n<p>2016 &#8211; 2018\u00a0 \u00a0 Merit D\u00edj, Semmelweis Egyetem<\/p>\n<p>2017 \u00a0\u00a0 Publik\u00e1ci\u00f3s D\u00edj 2016-ban v\u00e9gzett publik\u00e1ci\u00f3s teljes\u00edtm\u00e9ny\u00e9rt, Biofizikai \u00e9s Sug\u00e1rbiol\u00f3giai Int\u00e9zet<\/p>\n<p>2018\u00a0 \u00a0 Publik\u00e1ci\u00f3s D\u00edj 2017-ban v\u00e9gzett publik\u00e1ci\u00f3s teljes\u00edtm\u00e9ny\u00e9rt, Biofizikai \u00e9s Sug\u00e1rbiol\u00f3giai Int\u00e9zet<\/p>\n<p>2018\u00a0 \u00a0 Legjobb fiatal gyakorlatvezet\u0151je d\u00edj, Aranyfokozat, Biofizikai \u00e9s Sug\u00e1rbiol\u00f3giai Int\u00e9zet<\/p>\n<p>2018 &#8211; 2021\u00a0 \u00a0 Bolyai J\u00e1nos Kutat\u00f3i \u00d6szt\u00f6nd\u00edj<\/p>\n<p>2018-2019\u00a0Bolyai+ Fels\u0151oktat\u00e1si Fiatal Oktat\u00f3i, Kutat\u00f3i \u00d6szt\u00f6nd\u00edj, \u00daNKP-18-4<\/p>\n<p>2019\u00a0 \u00a0 Publik\u00e1ci\u00f3s D\u00edj 2018-ban v\u00e9gzett publik\u00e1ci\u00f3s teljes\u00edtm\u00e9ny\u00e9rt, Biofizikai \u00e9s Sug\u00e1rbiol\u00f3giai Int\u00e9zet<\/p>\n<p>2019-2020 Bolyai+ Fels\u0151oktat\u00e1si Fiatal Oktat\u00f3i, Kutat\u00f3i \u00d6szt\u00f6nd\u00edj, \u00daNKP-19-4-SE-04<\/p>\n<p>2020-2021 Bolyai+ Fels\u0151oktat\u00e1si Fiatal Oktat\u00f3i, Kutat\u00f3i \u00d6szt\u00f6nd\u00edj, \u00daNKP-20-5-SE-9<\/p>\n<p>2017\u00a0\u00a0\u00a0 \u00a0\u00a0\u00a0\u00a0\u00a0\u00a0\u00a0\u00a0\u00a0\u00a0\u00a0 Pol\u00e1nyi Mih\u00e1ly d\u00edj, ifj\u00fas\u00e1gi kateg\u00f3ria 2021-ben \u00e1tad\u00e1s<\/p>\n<p>2021-2023\u00a0\u00a0\u00a0\u00a0\u00a0 Kari Kiv\u00e1l\u00f3s\u00e1gi Merit d\u00edj, Semmelweis Egyetem (43533-18\/AOADH\/2021)<\/p>\n<p>2023-2025\u00a0 \u00a0 \u00a0 Kari Kiv\u00e1l\u00f3s\u00e1gi Merit d\u00edj, Semmelweis Egyetem<\/p>\n<p>2025\u00a0 \u00a0 \u00a0 \u00a0 \u00a0 \u00a0 \u00a0 \u00a0Hugonnai Vilma eml\u00e9k\u00e9rem<\/p>\n<p>&nbsp;<\/p>\n<p><u><\/u><strong><u>K\u00fclf\u00f6ldi tanulm\u00e1nyutak:<\/u><\/strong><\/p>\n<ol>\n<li>Department of Inorganic, Analytical and Applied Chemistry, University of Geneva, Sciences II, COST D43, 1 h\u00f3nap, 2007, Prof. Michal Borkovec<\/li>\n<li>Centre for BioNano Interactions at University College Dublin, EpitopeMap Kutat\u00e1si Keretprogram, EU t\u00e1mogat\u00e1s, 3 h\u00f3nap, 2010, Prof Kenneth Dawson<\/li>\n<li>Centre for BioNano Interactions at University College Dublin, Magyar \u00c1llami E\u00f6tv\u00f6s \u00d6szt\u00f6nd\u00edj, 6 h\u00f3nap, 2010, Prof Kenneth Dawson<\/li>\n<li>Centre for BioNano Interactions at University College Dublin, Magyar \u00c1llami E\u00f6tv\u00f6s \u00d6szt\u00f6nd\u00edj, 3 h\u00f3nap, 2011, Prof Kenneth Dawson<\/li>\n<li>Xian Jiaotong University, Xian, China, Magyar-K\u00ednai T\u00c9T, 10 nap, 2016, Prof Yongmei Chen<\/li>\n<li>Xian Jiaotong University, Xian, China, Magyar-K\u00ednai T\u00c9T, 10 nap, 2017, Prof Yongmei Chen<\/li>\n<li>\n<p>University of Lille, Faculty of Sciences and Technology, Chemistry Department, Laboratory of Infrared and Raman Spectrochemistry, Lille, France, 5 nap, 2019, Prof Abdenaccer Idrissi<\/p>\n<\/li>\n<li>\n<p>Ohio State University, Wooster, Ohio, Usa, Community College of Vermont, Newport, Vermont, USA, 10 nap, 2020, Prof Judit Pusk\u00e1s, Dr G\u00e1bor Gyurkovics<\/p>\n<\/li>\n<li>IVLP HiddenNoMore, USA, Washington, Durham, Boston, LA (3 h\u00e9t), 2022 okt\u00f3ber- november<\/li>\n<\/ol>\n<p><strong><u>Tags\u00e1gok<\/u><\/strong><\/p>\n<p>2007 &#8211;\u00a0\u00a0\u00a0\u00a0\u00a0\u00a0\u00a0\u00a0\u00a0\u00a0\u00a0\u00a0\u00a0\u00a0\u00a0 Magyar k\u00e9mikusok Egyes\u00fclete, tag<\/p>\n<p>2011 &#8211; \u00a0\u00a0\u00a0\u00a0\u00a0\u00a0\u00a0\u00a0\u00a0\u00a0\u00a0\u00a0\u00a0\u00a0 MTA Fizikai-k\u00e9miai Bizotts\u00e1g, Kolloidk\u00e9miai Munkabizotts\u00e1g, tag<\/p>\n<p>2008 &#8211; \u00a0\u00a0\u00a0\u00a0\u00a0\u00a0\u00a0\u00a0\u00a0\u00a0\u00a0\u00a0\u00a0\u00a0 Pro Scientia Arany\u00e9rmesek T\u00e1rsas\u00e1ga, tag<\/p>\n<p>2012 &#8211; 2014\u00a0\u00a0\u00a0\u00a0\u00a0\u00a0 Pro Scientia Arany\u00e9rmesek T\u00e1rsas\u00e1ga, \u00fcgyviv\u0151 test\u00fcleti tag<\/p>\n<p>2014 &#8211; 2018\u00a0 \u00a0 \u00a0 \u00a0Pro Scientia Arany\u00e9rmesek T\u00e1rsas\u00e1ga, fel\u00fcgyeleti bizotts\u00e1g eln\u00f6ke<\/p>\n<p>2011 &#8211; \u00a0\u00a0\u00a0\u00a0\u00a0\u00a0\u00a0\u00a0\u00a0\u00a0\u00a0\u00a0\u00a0\u00a0 OTDT K\u00e9mia \u00e9s Vegyipari Szekci\u00f3 Szakmai Bizotts\u00e1ga, PSAT deleg\u00e1lt<\/p>\n<p>2013 &#8211; 2017\u00a0 \u00a0 \u00a0 \u00a0 Magyarorsz\u00e1gi k\u00e9pvisel\u0151je a COST MP1206 action Member Committee \u2013\u00a0 \u00a0 \u00a0 \u00a0 \u00a0 \u00a0 \u00a0 \u00a0 \u00a0 \u00a0 \u00a0 \u00a0 \u00a0 \u00a0 (\u201cElectrospun Nano-fibres for bio inspired composite materials and\u00a0 \u00a0 \u00a0 \u00a0 \u00a0 \u00a0 \u00a0 \u00a0 \u00a0 \u00a0 \u00a0 \u00a0 \u00a0 \u00a0 \u00a0 \u00a0 \u00a0 \u00a0 innovative industrial applications\u201d)<\/p>\n<p>2017-\u00a0 \u00a0 \u00a0 \u00a0 \u00a0 \u00a0 \u00a0 \u00a0 \u00a0Magyar Biofizikai T\u00e1rsas\u00e1g<\/p>\n<p>2018 &#8211;\u00a0 2024\u00a0 \u00a0 \u00a0 \u00a0Pro Scientia Arany\u00e9rmesek T\u00e1rsas\u00e1ga Egyes\u00fclet, eln\u00f6ke<\/p>\n<p>2018 &#8211;\u00a0 2024\u00a0 \u00a0 \u00a0 \u00a0N\u0151k a Tudom\u00e1nyban Egyes\u00fclet, eln\u00f6ks\u00e9gi tag<\/p>\n<p><strong><u>Konferencia szervez\u00e9s:<\/u><\/strong><\/p>\n<p>2012\u00a0\u00a0\u00a0 Molecular association in fluid phases and at fluid interfaces EMLG\/JMLG Annual Meeting 2012<\/p>\n<p>2015\u00a0\u00a0\u00a0 Electrospun Nano-and Microfibres for Biomedical Applications Conference<\/p>\n<p>2018\u00a0 \u00a0\u00a011th Conference on Colloid Chemistry<\/p>\n<p>2019\u00a0 \u00a0\u00a0Chemistry Physics and Biology of Colloids and Interfaces<\/p>\n<p>\u00a0 \u00a0 \u00a0 \u00a0 \u00a0 \u00a0 \u00a0(https:\/\/cpbci2019.uni-eszterhazy.hu\/)<\/p>\n<p>2022\u00a0 \u00a0 Chemistry Physics and Biology of Colloids and Interfaces (https:\/\/cpbci2022.hu\/)<\/p>\n<p>2024\u00a0 \u00a0 Pro Scientia Arany\u00e9rmesek T\u00e1rsas\u00e1ga Konferencia, Budapest<\/p>\n<p>2025\u00a0 \u00a0 Chemistry Physics and Biology of Colloids and Interfaces<\/p>\n","protected":false},"excerpt":{"rendered":"<p>Szem\u00e9lyes adatok \u00a0N\u00e9v: \u00a0\u00a0\u00a0\u00a0\u00a0\u00a0\u00a0\u00a0\u00a0\u00a0\u00a0\u00a0\u00a0\u00a0\u00a0\u00a0\u00a0\u00a0\u00a0\u00a0\u00a0\u00a0\u00a0\u00a0\u00a0\u00a0 Dr. Jedlovszky-Hajd\u00fa Ang\u00e9la Le\u00e1nykori n\u00e9v:\u00a0\u00a0\u00a0\u00a0\u00a0\u00a0\u00a0\u00a0\u00a0 Hajd\u00fa Ang\u00e9la Munkahely:\u00a0\u00a0\u00a0\u00a0\u00a0\u00a0\u00a0\u00a0\u00a0\u00a0\u00a0\u00a0\u00a0\u00a0 Nanok\u00e9miai Kutat\u00f3csoport, Biofizikai \u00e9s Sug\u00e1rbiol\u00f3giai Int\u00e9zet,\u00a0\u00a0\u00a0\u00a0\u00a0\u00a0\u00a0\u00a0 Semmelweis Egyetem H-1089 Budapest, Nagyv\u00e1rad t\u00e9r 4, \u00a0 Beoszt\u00e1s:\u00a0 \u00a0 \u00a0 \u00a0 \u00a0 \u00a0 \u00a0 \u00a0 \u00a0 &hellip;<\/p>\n","protected":false},"author":77,"featured_media":0,"parent":0,"menu_order":2,"comment_status":"closed","ping_status":"closed","template":"","meta":{"footnotes":""},"class_list":["post-2","page","type-page","status-publish","hentry"],"_links":{"self":[{"href":"https:\/\/scholar.semmelweis.hu\/jedlovszkyhajduangela\/wp-json\/wp\/v2\/pages\/2"}],"collection":[{"href":"https:\/\/scholar.semmelweis.hu\/jedlovszkyhajduangela\/wp-json\/wp\/v2\/pages"}],"about":[{"href":"https:\/\/scholar.semmelweis.hu\/jedlovszkyhajduangela\/wp-json\/wp\/v2\/types\/page"}],"author":[{"embeddable":true,"href":"https:\/\/scholar.semmelweis.hu\/jedlovszkyhajduangela\/wp-json\/wp\/v2\/users\/77"}],"replies":[{"embeddable":true,"href":"https:\/\/scholar.semmelweis.hu\/jedlovszkyhajduangela\/wp-json\/wp\/v2\/comments?post=2"}],"version-history":[{"count":29,"href":"https:\/\/scholar.semmelweis.hu\/jedlovszkyhajduangela\/wp-json\/wp\/v2\/pages\/2\/revisions"}],"predecessor-version":[{"id":252,"href":"https:\/\/scholar.semmelweis.hu\/jedlovszkyhajduangela\/wp-json\/wp\/v2\/pages\/2\/revisions\/252"}],"wp:attachment":[{"href":"https:\/\/scholar.semmelweis.hu\/jedlovszkyhajduangela\/wp-json\/wp\/v2\/media?parent=2"}],"curies":[{"name":"wp","href":"https:\/\/api.w.org\/{rel}","templated":true}]}}