{"id":3,"date":"2016-06-28T09:47:02","date_gmt":"2016-06-28T07:47:02","guid":{"rendered":"http:\/\/scholar.semmelweis.hu\/horvathklara\/bemutatkozas\/"},"modified":"2025-12-01T16:04:46","modified_gmt":"2025-12-01T15:04:46","slug":"bemutatkozas","status":"publish","type":"page","link":"https:\/\/scholar.semmelweis.hu\/horvathklara\/","title":{"rendered":"Bemutatkoz\u00e1s"},"content":{"rendered":"<div class=\"keretes w-100\">\n<p>Horv\u00e1th Kl\u00e1ra adjunktusk\u00e9nt, csecsem\u0151- \u00e9s gyermekgy\u00f3gy\u00e1sz szakorvosk\u00e9nt \u00e9s csecsem\u0151- \u00e9s gyermekintenz\u00edv ter\u00e1pi\u00e1s szakorvosk\u00e9nt dolgozik 2020-t\u00f3l a Semmelweis Egyetem Gyermekklinik\u00e1j\u00e1nak T\u0171zolt\u00f3 utcai r\u00e9szleg\u00e9n.<\/p>\n<\/div>\n<p>2004-ben \u00e9retts\u00e9gizett a budapesti E\u00f6tv\u00f6s J\u00f3zsef Gimn\u00e1ziumban kit\u0171n\u0151 eredm\u00e9nnyel. P\u00e1rhuzamosan tanult a Semmelweis Egyetemen \u00e1ltal\u00e1nos orvostudom\u00e1nyt \u00e9s az E\u00f6tv\u00f6s Lor\u00e1nd Tudom\u00e1nyegyetemen pszichol\u00f3gi\u00e1t, ahol summa cum laude, illetve kiv\u00e1l\u00f3 eredm\u00e9nyekkel v\u00e9gzett. Egyetemi tanulm\u00e1nyai sor\u00e1n a Magatart\u00e1studom\u00e1nyi Int\u00e9zet Alv\u00e1sfiziol\u00f3giai laborj\u00e1ban v\u00e9gzett tudom\u00e1nyos munk\u00e1t \u00e9s dolgozott d\u00edjas demonstr\u00e1tork\u00e9nt.<\/p>\n<p>2011 \u00e9s 2015 k\u00f6z\u00f6tt a University of Oxford PhD hallgat\u00f3ja volt, ahol az alv\u00e1s \u00e9s a kognit\u00edv fejl\u0151d\u00e9s \u00f6sszef\u00fcgg\u00e9seit vizsg\u00e1lta eg\u00e9szs\u00e9gesen fejl\u0151d\u0151 kisgyermekekben. Orvostan- \u00e9s pszichol\u00f3gushallgat\u00f3kat tan\u00edtott, t\u00e9mavezet\u0151k\u00e9nt t\u00f6bb di\u00e1kja kapott kit\u00fcntet\u00e9st. PhD tanulm\u00e1nyai mellett a magyar hallgat\u00f3kat \u00f6sszefog\u00f3 Oxford Hungarian Society eln\u00f6ke volt, \u00e9s \u00f6nk\u00e9ntesmunk\u00e1t is v\u00e9gzett Ugand\u00e1ban eg\u00e9szs\u00e9gfejleszt\u00e9si ter\u00fcleten.<\/p>\n<p>2015-t\u0151l a Semmelweis Egyetem 2.sz. Gyermekklinik\u00e1j\u00e1n v\u00e9gezte a csecsem\u0151- \u00e9s gyermekgy\u00f3gy\u00e1szat szakk\u00e9pz\u00e9st.<\/p>\n<p>Kl\u00e1ra a magyar \u00e9s angol hallgat\u00f3k gyermekgy\u00f3gy\u00e1szat oktat\u00e1s\u00e1ban vesz r\u00e9szt, az angol k\u00e9pz\u00e9s tanulm\u00e1nyifelel\u0151se. TDK hallgat\u00f3kat mindig \u00f6r\u00f6mmel v\u00e1rja \u00e9s 2020-t\u00f3l PhD t\u00e9mavezet\u0151 is.<\/p>\n<p>\u00c9rdekl\u0151d\u00e9si ter\u00fclete a modern technol\u00f3gi\u00e1k felhaszn\u00e1l\u00e1sa a gyermekgy\u00f3gy\u00e1szatban, gyermekintenz\u00edv ter\u00e1pia, alv\u00e1s \u00e9s cirkadi\u00e1n ritmus.<\/p>\n","protected":false},"excerpt":{"rendered":"<p>Horv\u00e1th Kl\u00e1ra adjunktusk\u00e9nt, csecsem\u0151- \u00e9s gyermekgy\u00f3gy\u00e1sz szakorvosk\u00e9nt \u00e9s csecsem\u0151- \u00e9s gyermekintenz\u00edv ter\u00e1pi\u00e1s szakorvosk\u00e9nt dolgozik 2020-t\u00f3l a Semmelweis Egyetem Gyermekklinik\u00e1j\u00e1nak T\u0171zolt\u00f3 utcai r\u00e9szleg\u00e9n. 2004-ben \u00e9retts\u00e9gizett a budapesti E\u00f6tv\u00f6s J\u00f3zsef Gimn\u00e1ziumban kit\u0171n\u0151 eredm\u00e9nnyel. P\u00e1rhuzamosan tanult a Semmelweis &hellip;<\/p>\n","protected":false},"author":88,"featured_media":0,"parent":0,"menu_order":0,"comment_status":"closed","ping_status":"closed","template":"","meta":{"footnotes":""},"class_list":["post-3","page","type-page","status-publish","hentry"],"_links":{"self":[{"href":"https:\/\/scholar.semmelweis.hu\/horvathklara\/wp-json\/wp\/v2\/pages\/3"}],"collection":[{"href":"https:\/\/scholar.semmelweis.hu\/horvathklara\/wp-json\/wp\/v2\/pages"}],"about":[{"href":"https:\/\/scholar.semmelweis.hu\/horvathklara\/wp-json\/wp\/v2\/types\/page"}],"author":[{"embeddable":true,"href":"https:\/\/scholar.semmelweis.hu\/horvathklara\/wp-json\/wp\/v2\/users\/88"}],"replies":[{"embeddable":true,"href":"https:\/\/scholar.semmelweis.hu\/horvathklara\/wp-json\/wp\/v2\/comments?post=3"}],"version-history":[{"count":5,"href":"https:\/\/scholar.semmelweis.hu\/horvathklara\/wp-json\/wp\/v2\/pages\/3\/revisions"}],"predecessor-version":[{"id":38,"href":"https:\/\/scholar.semmelweis.hu\/horvathklara\/wp-json\/wp\/v2\/pages\/3\/revisions\/38"}],"wp:attachment":[{"href":"https:\/\/scholar.semmelweis.hu\/horvathklara\/wp-json\/wp\/v2\/media?parent=3"}],"curies":[{"name":"wp","href":"https:\/\/api.w.org\/{rel}","templated":true}]}}