{"id":3,"date":"2022-06-16T09:18:56","date_gmt":"2022-06-16T07:18:56","guid":{"rendered":"https:\/\/scholar.semmelweis.hu\/hegeduskatalin\/elerhetoseg\/"},"modified":"2025-03-26T14:14:02","modified_gmt":"2025-03-26T13:14:02","slug":"elerhetoseg","status":"publish","type":"page","link":"https:\/\/scholar.semmelweis.hu\/hegeduskatalin\/elerhetoseg\/","title":{"rendered":"El\u00e9rhet\u0151s\u00e9g"},"content":{"rendered":"<p>Semmelweis Egyetem, Magatart\u00e1studom\u00e1nyi Int\u00e9zet<\/p>\n<p>1089 Budapest, Nagyv\u00e1rad t\u00e9r 4. <\/p>\n<p>Telefon: +36205313799<\/p>\n<p>E-mail: hegedus.katalin@semmelweis.hu<\/p>\n","protected":false},"excerpt":{"rendered":"<p>Semmelweis Egyetem, Magatart\u00e1studom\u00e1nyi Int\u00e9zet<br \/>\n1089 Budapest, Nagyv\u00e1rad t\u00e9r 4.<br \/>\nTelefon: +36205313799<br \/>\nE-mail: hegedus.katalin@semmelweis.hu<\/p>\n","protected":false},"author":151,"featured_media":0,"parent":0,"menu_order":0,"comment_status":"closed","ping_status":"closed","template":"","meta":{"footnotes":""},"class_list":["post-3","page","type-page","status-publish","hentry"],"_links":{"self":[{"href":"https:\/\/scholar.semmelweis.hu\/hegeduskatalin\/wp-json\/wp\/v2\/pages\/3"}],"collection":[{"href":"https:\/\/scholar.semmelweis.hu\/hegeduskatalin\/wp-json\/wp\/v2\/pages"}],"about":[{"href":"https:\/\/scholar.semmelweis.hu\/hegeduskatalin\/wp-json\/wp\/v2\/types\/page"}],"author":[{"embeddable":true,"href":"https:\/\/scholar.semmelweis.hu\/hegeduskatalin\/wp-json\/wp\/v2\/users\/151"}],"replies":[{"embeddable":true,"href":"https:\/\/scholar.semmelweis.hu\/hegeduskatalin\/wp-json\/wp\/v2\/comments?post=3"}],"version-history":[{"count":4,"href":"https:\/\/scholar.semmelweis.hu\/hegeduskatalin\/wp-json\/wp\/v2\/pages\/3\/revisions"}],"predecessor-version":[{"id":39,"href":"https:\/\/scholar.semmelweis.hu\/hegeduskatalin\/wp-json\/wp\/v2\/pages\/3\/revisions\/39"}],"wp:attachment":[{"href":"https:\/\/scholar.semmelweis.hu\/hegeduskatalin\/wp-json\/wp\/v2\/media?parent=3"}],"curies":[{"name":"wp","href":"https:\/\/api.w.org\/{rel}","templated":true}]}}