{"id":2,"date":"2016-10-19T11:09:15","date_gmt":"2016-10-19T09:09:15","guid":{"rendered":"http:\/\/scholar.semmelweis.hu\/girasekedmond\/cv\/"},"modified":"2025-01-05T11:50:58","modified_gmt":"2025-01-05T10:50:58","slug":"cv","status":"publish","type":"page","link":"https:\/\/scholar.semmelweis.hu\/girasekedmond\/cv\/","title":{"rendered":"CV"},"content":{"rendered":"<h4>Work experience<\/h4>\n<p><strong>Employer: Semmelweis University Institute of Behavioural Sciences<\/strong><\/p>\n<p>2024 &#8211; Associate professor<br \/>2019 &#8211; 2024\u00a0 Assistant Professor<\/p>\n<p><strong>Employer: Educational Authority, Department of Higher Education Research<\/strong> 2018 &#8211; 2019\u00a0 Leader expert<\/p>\n<p><strong>Employer: National Healthcare Services Center (\u00c1EEK)<\/strong> 2016 &#8211; 2019\u00a0 Expert, member of health workforce working group &#8211; Healthy Budapest Program<\/p>\n<p><strong>Employer: Semmelweis University Health Services Management Traning Centre<\/strong> 2013 &#8211;\u00a0 2017\u00a0 Assistant Professor 2009 &#8211; 2019 \u00a0 Assitant Lecturer 2007 &#8211; 2009 \u00a0 Junior fellow<\/p>\n<p><strong>Employer: Office for Health Authorisation and Administrative Procedures<\/strong> 2012 &#8211; 2014 \u00a0 Expert on Data warehouse development and data analysis\u00a0\u00a0<strong>\u00a0\u00a0<\/strong><\/p>\n<p><strong>Employer: NRC Market Research Company<\/strong> 2004 Market Research &#8211; intern \u00a0<\/p>\n<h4>Foreign experience<\/h4>\n<p>2019 \u2013\u00a0 <strong>Co-chair \u2013 European Expert Group on Graduate Tracking, Taskforce on the pilot exchanging data on migrant graduates<br \/><\/strong>2018 \u2013 <strong>Advisory board member<\/strong> \u2013 Eurograduate, European Graduate Tracking development project<br \/>2009 (May) One month residency at the <strong>WHO European Observatory on Health Systems and Policies<\/strong> in Brussels. The objectives of the internship were participation in the Health PROMeTHEUS project management<br \/>2008 Study tour and statistical training: <strong>Assessment of the impact of health financing reform on financial protection and equity in finance and service delivery in Hungary<\/strong>, WHO Barcelona Office \u00a0<\/p>\n<h4>Education<\/h4>\n<p>2016 &#8211;\u00a0 2018\u00a0 \u00a0Budapest Corvinus University \u2013 <strong>Business analytics \/ Data science<\/strong> <br \/>2008 &#8211; 2013\u00a0\u00a0\u00a0\u00a0<strong>Semmelweis University School of Ph.D Studies<\/strong> PhD Studies in Health Sciences<br \/>2001 &#8211; 2006 \u00a0 \u00a0E\u00f6tv\u00f6s Lor\u00e1nd University (ELTE, Budapest) <strong>M.Sc. in Sociology<\/strong> (main subjects: quantitative research and social mobility) \u00a0<\/p>\n<h4>Other Education<\/h4>\n<p>2024\u00a0 \u00a0 \u00a0 \u00a0 \u00a0 \u00a0 \u00a0 <strong>SQL Queries<\/strong> &#8212; Cubix Instutite of Technology<br \/>2024\u00a0 \u00a0 \u00a0 \u00a0 \u00a0 \u00a0 \u00a0 <strong>Python programming<\/strong> &#8212; Codeberry School<br \/>2019\u00a0 \u00a0 \u00a0 \u00a0 \u00a0 \u00a0 \u00a0 <strong>PowerBI<\/strong> &#8212; Education Authority internal traning <br \/>2018\u00a0 \u00a0 \u00a0 \u00a0 \u00a0 \u00a0 \u00a0 <strong>SQL traning<\/strong> &#8212; Education Authority internal traning <br \/>2016\u00a0\u00a0\u00a0\u00a0\u00a0\u00a0\u00a0\u00a0\u00a0\u00a0\u00a0\u00a0\u00a0\u00a0<strong>Python intermediate<\/strong> \u2013 online course on Codecademy.com <br \/>2016\u00a0 \u00a0 \u00a0 \u00a0 \u00a0 \u00a0 \u00a0 <strong>Negotiation techniques<\/strong>\u00a0on Harvard basics <br \/>2015\u00a0\u00a0\u00a0\u00a0\u00a0\u00a0\u00a0\u00a0\u00a0\u00a0\u00a0\u00a0\u00a0\u00a0<strong>The Data Scientist\u2019s toolbox<\/strong> \u2013 Johns Hopkins University, online course <br \/>2015\u00a0\u00a0\u00a0\u00a0\u00a0\u00a0\u00a0\u00a0\u00a0\u00a0\u00a0\u00a0\u00a0\u00a0<strong>Project management<\/strong> traning <br \/>2013 \u00a0 \u00a0 \u00a0 \u00a0 \u00a0 \u00a0 \u00a0Semmelweis University <strong>e-Learning Train-The-Trainers course<\/strong> on e-learning teaching material development <br \/>2010\u00a0\u00a0\u00a0\u00a0\u00a0\u00a0\u00a0\u00a0\u00a0\u00a0\u00a0\u00a0\u00a0\u00a0<strong>Pedagogy training<\/strong>, Semmelweis University 2003 &#8211; 2006 \u00a0 <strong>Social Sciences Special College<\/strong>\u00a0of E\u00f6tv\u00f6s Lor\u00e1nd University (founder member) \u00a0<\/p>\n<h4>Teaching Experiencies<\/h4>\n<p>2024 &#8211;\u00a0 \u00a0 \u00a0 \u00a0 \u00a0 \u00a0 <strong>Applied Statistics in Data Sciences<\/strong> &#8211; Online course at <strong>Cubix Institute of Technology<\/strong><br \/>2019 &#8211;\u00a0 \u00a0 \u00a0 \u00a0 \u00a0 \u00a0 <strong>Medical Sociology<\/strong> for General Medicine, Dentist and Pharmacist student (Hungarian and English language) 2013\u00a0 \u00a0 \u00a0 \u00a0 \u00a0 \u00a0 \u00a0 Healthcare management for BSc students: <strong>e-learning teaching material development<\/strong> (e-book writing and editing, e-learning learning modules development) <br \/>2007 &#8211; 2017\u00a0 \u00a0<strong>Introduction to healthcare management<\/strong> for different student groups \u2013 <strong>lecturer and course leader<\/strong> <br \/>2008 &#8211; \u00a0\u00a0\u00a0\u00a0\u00a0\u00a0\u00a0\u00a0\u00a0\u00a0<strong>SPSS \/ Data analysis training<\/strong> in various levels at more institutions <br \/>2005 &#8211; 2006\u00a0 \u00a0<strong>Introduction to the quantitative data analysis <\/strong>\u2013 seminar for sociology students <br \/>2005 &#8211; 2007\u00a0\u00a0\u00a0<strong>SPSS Advanced<\/strong> \u2013 seminar for social science college students <strong>\u00a0<\/strong><\/p>\n<h4>Software proficiency<\/h4>\n<ul>\n<li>SPSS \/ IBM Statistics<\/li>\n<li>JASP<\/li>\n<li>Microsoft PowerBI<\/li>\n<li>Rapidminer<\/li>\n<li>EvaSys<\/li>\n<li>SQL<\/li>\n<\/ul>\n","protected":false},"excerpt":{"rendered":"<p>Work experience Employer: Semmelweis University Institute of Behavioural Sciences 2024 &#8211; Associate professor2019 &#8211; 2024\u00a0 Assistant Professor Employer: Educational Authority, Department of Higher Education Research 2018 &#8211; 2019\u00a0 Leader expert Employer: National Healthcare Services Center &hellip;<\/p>\n","protected":false},"author":90,"featured_media":0,"parent":0,"menu_order":0,"comment_status":"closed","ping_status":"closed","template":"","meta":{"footnotes":""},"class_list":["post-2","page","type-page","status-publish","hentry"],"_links":{"self":[{"href":"https:\/\/scholar.semmelweis.hu\/girasekedmond\/wp-json\/wp\/v2\/pages\/2"}],"collection":[{"href":"https:\/\/scholar.semmelweis.hu\/girasekedmond\/wp-json\/wp\/v2\/pages"}],"about":[{"href":"https:\/\/scholar.semmelweis.hu\/girasekedmond\/wp-json\/wp\/v2\/types\/page"}],"author":[{"embeddable":true,"href":"https:\/\/scholar.semmelweis.hu\/girasekedmond\/wp-json\/wp\/v2\/users\/90"}],"replies":[{"embeddable":true,"href":"https:\/\/scholar.semmelweis.hu\/girasekedmond\/wp-json\/wp\/v2\/comments?post=2"}],"version-history":[{"count":28,"href":"https:\/\/scholar.semmelweis.hu\/girasekedmond\/wp-json\/wp\/v2\/pages\/2\/revisions"}],"predecessor-version":[{"id":129,"href":"https:\/\/scholar.semmelweis.hu\/girasekedmond\/wp-json\/wp\/v2\/pages\/2\/revisions\/129"}],"wp:attachment":[{"href":"https:\/\/scholar.semmelweis.hu\/girasekedmond\/wp-json\/wp\/v2\/media?parent=2"}],"curies":[{"name":"wp","href":"https:\/\/api.w.org\/{rel}","templated":true}]}}