{"id":3,"date":"2015-06-12T15:59:46","date_gmt":"2015-06-12T13:59:46","guid":{"rendered":"http:\/\/scholar.semmelweis.hu\/fustagnes\/bemutatkozas\/"},"modified":"2021-07-25T17:01:45","modified_gmt":"2021-07-25T15:01:45","slug":"bemutatkozas","status":"publish","type":"page","link":"https:\/\/scholar.semmelweis.hu\/fustagnes\/","title":{"rendered":"Bemutatkoz\u00e1s"},"content":{"rendered":"<p>S\u00fcveges Ildik\u00f3 professzorn\u0151 tan\u00edtv\u00e1nyak\u00e9nt kezdtem dolgozni, 1992 \u00f3ta a Semmelweis Egyetemen. A szem\u00e9szet szakvizsga megszerz\u00e9se \u00f3ta els\u0151sorban a szaruh\u00e1rtya-betegs\u00e9gek \u00e9s egy\u00e9b szemfelsz\u00edni k\u00f3rk\u00e9pek gy\u00f3gy\u00edt\u00e1s\u00e1ra szakosodtam. Nagy tapasztalatra tettem szert a k\u00fcl\u00f6nb\u00f6z\u0151 eredet\u0171 szaruh\u00e1rtya-gyullad\u00e1sok, fek\u00e9lyek, szemsz\u00e1razs\u00e1g \u00e9s egy\u00e9b, gyakran m\u00e1r s\u00falyos, elhanyagolt \u00e1llapotban l\u00e9v\u0151 szemfelsz\u00edni betegs\u00e9gek kezel\u00e9s\u00e9ben. A Klinik\u00e1nkon kor\u00e1bban hagyom\u00e1nyosan is v\u00e9gzett m\u0171t\u00e9tek, pl. a teljes vastags\u00e1g\u00fa szaruh\u00e1rtya-\u00e1t\u00fcltet\u00e9s alkalmaz\u00e1sa mellett r\u00e9szt vettem \u00faj m\u0171t\u00e9ti technik\u00e1k meghonos\u00edt\u00e1s\u00e1ban. Ezen k\u00edv\u00fcl sz\u00fcrkeh\u00e1lyog-m\u0171t\u00e9teket is v\u00e9gzek. Fontosak tartom, hogy orvosk\u00e9nt odafigyeljek arra, amit a beteg k\u00f6z\u00f6lni akar velem, \u00e9s t\u00fcrelmes t\u00e1j\u00e9koztat\u00e1ssal igyekezzem az aggodalmait cs\u00f6kkenteni.<\/p>\n<p>Kutat\u00f3munk\u00e1m sor\u00e1n szint\u00e9n a szaruh\u00e1rtya elt\u00e9r\u00e9seit vizsg\u00e1lom. 2003-ban PhD fokozatot szereztem.<\/p>\n<p>Oktat\u00f3k\u00e9nt l\u00e9nyegesnek gondolom, hogy ne akarjunk t\u00fal sok inform\u00e1ci\u00f3t a hallgat\u00f3k fej\u00e9be t\u00f6mni, ugyanakkor az el\u0151re meghat\u00e1rozott minim\u00e1lis elm\u00e9leti \u00e9s gyakorlati alapismereteket meg kell k\u00f6vetelni.<\/p>\n","protected":false},"excerpt":{"rendered":"<p>S\u00fcveges Ildik\u00f3 professzorn\u0151 tan\u00edtv\u00e1nyak\u00e9nt kezdtem dolgozni, 1992 \u00f3ta a Semmelweis Egyetemen. A szem\u00e9szet szakvizsga megszerz\u00e9se \u00f3ta els\u0151sorban a szaruh\u00e1rtya-betegs\u00e9gek \u00e9s egy\u00e9b szemfelsz\u00edni k\u00f3rk\u00e9pek gy\u00f3gy\u00edt\u00e1s\u00e1ra szakosodtam. Nagy tapasztalatra tettem szert a k\u00fcl\u00f6nb\u00f6z\u0151 eredet\u0171 szaruh\u00e1rtya-gyullad\u00e1sok, fek\u00e9lyek, szemsz\u00e1razs\u00e1g &hellip;<\/p>\n","protected":false},"author":33,"featured_media":0,"parent":0,"menu_order":0,"comment_status":"closed","ping_status":"closed","template":"","meta":{"footnotes":""},"class_list":["post-3","page","type-page","status-publish","hentry"],"_links":{"self":[{"href":"https:\/\/scholar.semmelweis.hu\/fustagnes\/wp-json\/wp\/v2\/pages\/3"}],"collection":[{"href":"https:\/\/scholar.semmelweis.hu\/fustagnes\/wp-json\/wp\/v2\/pages"}],"about":[{"href":"https:\/\/scholar.semmelweis.hu\/fustagnes\/wp-json\/wp\/v2\/types\/page"}],"author":[{"embeddable":true,"href":"https:\/\/scholar.semmelweis.hu\/fustagnes\/wp-json\/wp\/v2\/users\/33"}],"replies":[{"embeddable":true,"href":"https:\/\/scholar.semmelweis.hu\/fustagnes\/wp-json\/wp\/v2\/comments?post=3"}],"version-history":[{"count":3,"href":"https:\/\/scholar.semmelweis.hu\/fustagnes\/wp-json\/wp\/v2\/pages\/3\/revisions"}],"predecessor-version":[{"id":36,"href":"https:\/\/scholar.semmelweis.hu\/fustagnes\/wp-json\/wp\/v2\/pages\/3\/revisions\/36"}],"wp:attachment":[{"href":"https:\/\/scholar.semmelweis.hu\/fustagnes\/wp-json\/wp\/v2\/media?parent=3"}],"curies":[{"name":"wp","href":"https:\/\/api.w.org\/{rel}","templated":true}]}}