{"id":1,"date":"2015-06-12T15:59:46","date_gmt":"2015-06-12T13:59:46","guid":{"rendered":"http:\/\/scholar.semmelweis.hu\/fustagnes\/elerhetoseg\/"},"modified":"2025-03-29T09:01:25","modified_gmt":"2025-03-29T08:01:25","slug":"elerhetoseg","status":"publish","type":"page","link":"https:\/\/scholar.semmelweis.hu\/fustagnes\/elerhetoseg\/","title":{"rendered":"El\u00e9rhet\u0151s\u00e9g"},"content":{"rendered":"<p>Semmelweis Egyetem, Szem\u00e9szeti Klinika<\/p>\n<p>1085. Budapest, M\u00e1ria u. 39.<\/p>\n<p>&nbsp;<\/p>\n<p>Betegek sz\u00e1m\u00e1ra id\u0151pontk\u00e9r\u00e9s: 06(20)367 2336, 9 \u00e9s 10h k\u00f6z\u00f6tt<\/p>\n<p>Mobil: 06(20)8258457<\/p>\n<p>e-mail:fust.agnes@semmelweis.hu, fustagi@yahoo.com<\/p>\n<p>&nbsp;<\/p>\n<p>&nbsp;<\/p>\n","protected":false},"excerpt":{"rendered":"<p>Semmelweis Egyetem, Szem\u00e9szeti Klinika<br \/>\n1085. Budapest, M\u00e1ria u. 39.<br \/>\n&nbsp;<br \/>\nBetegek sz\u00e1m\u00e1ra id\u0151pontk\u00e9r\u00e9s: 06(20)367 2336, 9 \u00e9s 10h k\u00f6z\u00f6tt<br \/>\nMobil: 06(20)8258457<br \/>\ne-mail:fust.agnes@semmelweis.hu, fustagi@yahoo.com<br \/>\n&nbsp;<br \/>\n&nbsp;<\/p>\n","protected":false},"author":33,"featured_media":0,"parent":0,"menu_order":0,"comment_status":"closed","ping_status":"closed","template":"","meta":{"footnotes":""},"class_list":["post-1","page","type-page","status-publish","hentry"],"_links":{"self":[{"href":"https:\/\/scholar.semmelweis.hu\/fustagnes\/wp-json\/wp\/v2\/pages\/1"}],"collection":[{"href":"https:\/\/scholar.semmelweis.hu\/fustagnes\/wp-json\/wp\/v2\/pages"}],"about":[{"href":"https:\/\/scholar.semmelweis.hu\/fustagnes\/wp-json\/wp\/v2\/types\/page"}],"author":[{"embeddable":true,"href":"https:\/\/scholar.semmelweis.hu\/fustagnes\/wp-json\/wp\/v2\/users\/33"}],"replies":[{"embeddable":true,"href":"https:\/\/scholar.semmelweis.hu\/fustagnes\/wp-json\/wp\/v2\/comments?post=1"}],"version-history":[{"count":6,"href":"https:\/\/scholar.semmelweis.hu\/fustagnes\/wp-json\/wp\/v2\/pages\/1\/revisions"}],"predecessor-version":[{"id":42,"href":"https:\/\/scholar.semmelweis.hu\/fustagnes\/wp-json\/wp\/v2\/pages\/1\/revisions\/42"}],"wp:attachment":[{"href":"https:\/\/scholar.semmelweis.hu\/fustagnes\/wp-json\/wp\/v2\/media?parent=1"}],"curies":[{"name":"wp","href":"https:\/\/api.w.org\/{rel}","templated":true}]}}