{"id":3,"date":"2022-04-25T14:20:10","date_gmt":"2022-04-25T12:20:10","guid":{"rendered":"https:\/\/scholar.semmelweis.hu\/dobrossybencemarton\/elerhetoseg\/"},"modified":"2025-12-04T14:04:21","modified_gmt":"2025-12-04T13:04:21","slug":"elerhetoseg","status":"publish","type":"page","link":"https:\/\/scholar.semmelweis.hu\/dobrossybencemarton\/elerhetoseg\/","title":{"rendered":"El\u00e9rhet\u0151s\u00e9g"},"content":{"rendered":"<p>dobrossy.bence@semmelweis.hu<\/p>\n","protected":false},"excerpt":{"rendered":"<p>dobrossy.bence@semmelweis.hu<\/p>\n","protected":false},"author":142,"featured_media":0,"parent":0,"menu_order":0,"comment_status":"closed","ping_status":"closed","template":"","meta":{"footnotes":""},"class_list":["post-3","page","type-page","status-publish","hentry"],"_links":{"self":[{"href":"https:\/\/scholar.semmelweis.hu\/dobrossybencemarton\/wp-json\/wp\/v2\/pages\/3"}],"collection":[{"href":"https:\/\/scholar.semmelweis.hu\/dobrossybencemarton\/wp-json\/wp\/v2\/pages"}],"about":[{"href":"https:\/\/scholar.semmelweis.hu\/dobrossybencemarton\/wp-json\/wp\/v2\/types\/page"}],"author":[{"embeddable":true,"href":"https:\/\/scholar.semmelweis.hu\/dobrossybencemarton\/wp-json\/wp\/v2\/users\/142"}],"replies":[{"embeddable":true,"href":"https:\/\/scholar.semmelweis.hu\/dobrossybencemarton\/wp-json\/wp\/v2\/comments?post=3"}],"version-history":[{"count":2,"href":"https:\/\/scholar.semmelweis.hu\/dobrossybencemarton\/wp-json\/wp\/v2\/pages\/3\/revisions"}],"predecessor-version":[{"id":25,"href":"https:\/\/scholar.semmelweis.hu\/dobrossybencemarton\/wp-json\/wp\/v2\/pages\/3\/revisions\/25"}],"wp:attachment":[{"href":"https:\/\/scholar.semmelweis.hu\/dobrossybencemarton\/wp-json\/wp\/v2\/media?parent=3"}],"curies":[{"name":"wp","href":"https:\/\/api.w.org\/{rel}","templated":true}]}}