{"id":5,"date":"2023-10-25T10:38:08","date_gmt":"2023-10-25T08:38:08","guid":{"rendered":"https:\/\/scholar.semmelweis.hu\/danoskornel\/bemutatkozas\/"},"modified":"2025-02-11T09:31:57","modified_gmt":"2025-02-11T08:31:57","slug":"bemutatkozas","status":"publish","type":"page","link":"https:\/\/scholar.semmelweis.hu\/danoskornel\/","title":{"rendered":"Bemutatkoz\u00e1s"},"content":{"rendered":"<p><img loading=\"lazy\" decoding=\"async\" class=\"wp-image-75 alignright\" src=\"https:\/\/scholar.semmelweis.hu\/danoskornel\/wp-content\/uploads\/sites\/172\/2024\/01\/Untitled-2.jpg\" alt=\"\" width=\"236\" height=\"339\" srcset=\"https:\/\/scholar.semmelweis.hu\/danoskornel\/wp-content\/uploads\/sites\/172\/2024\/01\/Untitled-2.jpg 1075w, https:\/\/scholar.semmelweis.hu\/danoskornel\/wp-content\/uploads\/sites\/172\/2024\/01\/Untitled-2-209x300.jpg 209w, https:\/\/scholar.semmelweis.hu\/danoskornel\/wp-content\/uploads\/sites\/172\/2024\/01\/Untitled-2-713x1024.jpg 713w, https:\/\/scholar.semmelweis.hu\/danoskornel\/wp-content\/uploads\/sites\/172\/2024\/01\/Untitled-2-768x1103.jpg 768w, https:\/\/scholar.semmelweis.hu\/danoskornel\/wp-content\/uploads\/sites\/172\/2024\/01\/Untitled-2-1069x1536.jpg 1069w, https:\/\/scholar.semmelweis.hu\/danoskornel\/wp-content\/uploads\/sites\/172\/2024\/01\/Untitled-2-753x1082.jpg 753w\" sizes=\"(max-width: 236px) 100vw, 236px\" \/><\/p>\n<p style=\"text-align: justify;\">Dr. D\u00e1nos Korn\u00e9l a Semmelweis Egyetem F\u00fcl-Orr-G\u00e9g\u00e9szeti Klinik\u00e1j\u00e1nak fej-nyakseb\u00e9sz, f\u00fcl-orr-g\u00e9g\u00e9sz szakorvosa, egyetemi adjunktusa.<\/p>\n<p style=\"text-align: justify;\">2012 szeptembere \u00f3ta a klinika alkalmazottja, a fej-nyak onkol\u00f3gia oszt\u00e1ly orvosa. Orvostan-\u00e9s fogorvostan hallgat\u00f3kat oktat magyar \u00e9s angol nyelven, TDK-, \u00e9s PhD-t\u00e9mavezet\u0151i tev\u00e9kenys\u00e9get v\u00e9gez.<\/p>\n<p style=\"text-align: justify;\">Szakmai \u00e9rdekl\u0151d\u00e9s\u00e9nek k\u00f6z\u00e9ppontj\u00e1ban a fej-nyaki daganatok szem\u00e9lyre szabott ter\u00e1pi\u00e1ja, m\u0171t\u00e9ti kezel\u00e9se, a HPV-okozta sz\u00e1jgarati daganatok ell\u00e1t\u00e1sa, valamint a pajzsmirigyseb\u00e9szet \u00e1ll. Mind a primer-, mind a szekunder prevenci\u00f3 elk\u00f6telezett h\u00edve, az Eur\u00f3pai Fej-Nyak Onkol\u00f3giai T\u00e1rsas\u00e1ggal k\u00f6z\u00f6sen rendszeresen v\u00e9gez\/szervez sz\u0171r\u0151pogramokat, k\u00e9sz\u00edt ismeretterjesz\u0151 anyagokat (<a href=\"http:\/\/fejnyakidaganatok.hu\">fejnyakidaganatok.hu<\/a>, <a href=\"http:\/\/fejnyakibetegut.hu\">fejnyakibetegut.hu<\/a>).<\/p>\n","protected":false},"excerpt":{"rendered":"<p>Dr. D\u00e1nos Korn\u00e9l a Semmelweis Egyetem F\u00fcl-Orr-G\u00e9g\u00e9szeti Klinik\u00e1j\u00e1nak fej-nyakseb\u00e9sz, f\u00fcl-orr-g\u00e9g\u00e9sz szakorvosa, egyetemi adjunktusa. 2012 szeptembere \u00f3ta a klinika alkalmazottja, a fej-nyak onkol\u00f3gia oszt\u00e1ly orvosa. Orvostan-\u00e9s fogorvostan hallgat\u00f3kat oktat magyar \u00e9s angol nyelven, TDK-, \u00e9s PhD-t\u00e9mavezet\u0151i &hellip;<\/p>\n","protected":false},"author":160,"featured_media":0,"parent":0,"menu_order":0,"comment_status":"closed","ping_status":"closed","template":"template-fullwidth.php","meta":{"footnotes":""},"class_list":["post-5","page","type-page","status-publish","hentry"],"_links":{"self":[{"href":"https:\/\/scholar.semmelweis.hu\/danoskornel\/wp-json\/wp\/v2\/pages\/5"}],"collection":[{"href":"https:\/\/scholar.semmelweis.hu\/danoskornel\/wp-json\/wp\/v2\/pages"}],"about":[{"href":"https:\/\/scholar.semmelweis.hu\/danoskornel\/wp-json\/wp\/v2\/types\/page"}],"author":[{"embeddable":true,"href":"https:\/\/scholar.semmelweis.hu\/danoskornel\/wp-json\/wp\/v2\/users\/160"}],"replies":[{"embeddable":true,"href":"https:\/\/scholar.semmelweis.hu\/danoskornel\/wp-json\/wp\/v2\/comments?post=5"}],"version-history":[{"count":16,"href":"https:\/\/scholar.semmelweis.hu\/danoskornel\/wp-json\/wp\/v2\/pages\/5\/revisions"}],"predecessor-version":[{"id":85,"href":"https:\/\/scholar.semmelweis.hu\/danoskornel\/wp-json\/wp\/v2\/pages\/5\/revisions\/85"}],"wp:attachment":[{"href":"https:\/\/scholar.semmelweis.hu\/danoskornel\/wp-json\/wp\/v2\/media?parent=5"}],"curies":[{"name":"wp","href":"https:\/\/api.w.org\/{rel}","templated":true}]}}