{"id":2,"date":"2015-06-15T08:11:06","date_gmt":"2015-06-15T06:11:06","guid":{"rendered":"http:\/\/scholar.semmelweis.hu\/bodorc\/cv\/"},"modified":"2025-03-17T14:12:51","modified_gmt":"2025-03-17T13:12:51","slug":"cv","status":"publish","type":"page","link":"https:\/\/scholar.semmelweis.hu\/bodorc\/cv\/","title":{"rendered":"\u00d6n\u00e9letrajz"},"content":{"rendered":"<h4><span style=\"color: #333333;\"><strong>Szem\u00e9lyes Adatok<\/strong><\/span><\/h4>\n<p style=\"padding-left: 30px;\">N\u00e9v: B\u00f6d\u00f6r Csaba<br \/>\nSz\u00fclet\u00e9s ideje: 1982. j\u00fanius 7.<br \/>\nSz\u00fclet\u00e9s helye: Nyitra<\/p>\n<h4><span style=\"color: #333333;\"><strong>K\u00e9pzetts\u00e9g<\/strong><\/span><\/h4>\n<ul style=\"list-style-type: disc;\">\n<li>Klinikai laborat\u00f3riumi genetikus szakvizsga (2023)<\/li>\n<li>Molekul\u00e1ris biol\u00f3giai diagnosztika szakvizsga (2023)<\/li>\n<li>Magyar Tudom\u00e1nyos Akad\u00e9mia doktora (2021)<\/li>\n<li>Klinikai Biok\u00e9mikus szakvizsga (2021), Semmelweis Egyetem<\/li>\n<li>Habilit\u00e1ci\u00f3 (2021): Semmelweis Egyetem<\/li>\n<li>MSc fokozat (2020): <em>Eg\u00e9szs\u00e9g\u00fcgyi szakmenedzser<\/em>, Semmelweis Egyetem Eg\u00e9szs\u00e9g\u00fcgyi Menedzserk\u00e9pz\u0151 K\u00f6zpont<\/li>\n<li>PhD fokozat (2008):\u00a0Patol\u00f3giai Tudom\u00e1nyok Doktori Iskola, <em>Molekul\u00e1ris Onkol\u00f3gia<\/em> program, Semmelweis Egyetem<\/li>\n<li>MSc fokozat (2005):\u00a0E\u00f6tv\u00f6s Lor\u00e1nd Tudom\u00e1nyegyetem, Term\u00e9szettudom\u00e1nyi Kar, <em>Molekul\u00e1ris biol\u00f3gia<\/em> szakir\u00e1ny<\/li>\n<\/ul>\n<h4><strong>Munkahelyek<\/strong><\/h4>\n<ul style=\"list-style-type: disc;\">\n<li>2022 \u00f3ta: egyetemi tan\u00e1r, Semmelweis Egyetem, Patol\u00f3giai \u00e9s K\u00eds\u00e9rleti R\u00e1kkutat\u00f3 Int\u00e9zet<\/li>\n<li>2021 \u00f3ta: HCEMM kutat\u00f3csoportvezet\u0151, HCEMM-SE Molekul\u00e1ris Onkohematol\u00f3gia Kutat\u00f3csoport<\/li>\n<li>2017 \u00f3ta: Molekul\u00e1ris Diagnosztika r\u00e9szlegvezet\u0151, SE- I. sz. Patol\u00f3giai \u00e9s K\u00eds\u00e9rleti R\u00e1kkutat\u00f3 Int\u00e9zet<\/li>\n<li>2015-2020: Magyar Tudom\u00e1nyos Akad\u00e9mia; MTA-SE Lend\u00fclet Molekul\u00e1ris Onkohematol\u00f3gia Kutat\u00f3csoport-vezet\u0151<\/li>\n<li>2014 \u00f3ta: Semmelweis Egyetem, <a href=\"http:\/\/semmelweis.hu\/patologia1\/\">I. sz. Patol\u00f3giai \u00e9s K\u00eds\u00e9rleti R\u00e1kkutat\u00f3 Int\u00e9zet<\/a> (Tudom\u00e1nyos f\u0151munkat\u00e1rs)<\/li>\n<li>2013 \u00f3ta: <a href=\"http:\/\/www.bci.qmul.ac.uk\/\">Barts Cancer Institute<\/a>, Centre for Haemato-Oncology, London (Vend\u00e9gkutat\u00f3)<\/li>\n<li>2010-2013: <a href=\"http:\/\/www.bci.qmul.ac.uk\/\">Barts Cancer Institute<\/a>, Centre for Haemato-Oncology, London (Posztdoktor kutat\u00f3)<\/li>\n<li>2008-2009: Semmelweis Egyetem, <a href=\"http:\/\/semmelweis.hu\/patologia1\/\">I. sz. Patol\u00f3giai \u00e9s K\u00eds\u00e9rleti R\u00e1kkutat\u00f3 Int\u00e9zet<\/a> (Tudom\u00e1nyos munkat\u00e1rs)<\/li>\n<li>2005-2008: Semmelweis Egyetem, <a href=\"http:\/\/semmelweis.hu\/patologia1\/\">I. sz. Patol\u00f3giai \u00e9s K\u00eds\u00e9rleti R\u00e1kkutat\u00f3 Int\u00e9zet<\/a> (PhD hallgat\u00f3)<\/li>\n<\/ul>\n<h4><strong>Kutat\u00e1si ter\u00fclet<\/strong><\/h4>\n<ul>\n<li style=\"padding-left: 30px;\">Hematol\u00f3giai daganatos megbeteged\u00e9sek patogenezise<\/li>\n<li style=\"padding-left: 30px;\">Genomika, epigenetika<\/li>\n<li style=\"padding-left: 30px;\">Szem\u00e9lyre szabott ter\u00e1pia<\/li>\n<\/ul>\n<h4><strong>T\u00e1rsas\u00e1gi tags\u00e1gok<\/strong><\/h4>\n<ul>\n<li style=\"padding-left: 30px;\"><a href=\"http:\/\/www.ehaweb.org\/\">Eur\u00f3pai Hematol\u00f3gus T\u00e1rsas\u00e1g<\/a>\u00a0(2009 \u00f3ta)<\/li>\n<li style=\"padding-left: 30px;\"><a href=\"http:\/\/www.mhtt.hu\/info.aspx?sp=1\">Magyar Hematol\u00f3giai \u00e9s Transzf\u00faziol\u00f3giai T\u00e1rsas\u00e1g<\/a> (vezet\u0151s\u00e9gi tags\u00e1g 2012 \u00f3ta)<\/li>\n<li style=\"padding-left: 30px;\"><a href=\"http:\/\/www.mhtt.hu\/info.aspx?sp=1\">Magyar Hematol\u00f3giai \u00e9s Transzf\u00faziol\u00f3giai T\u00e1rsas\u00e1g<\/a> (titk\u00e1r 2017 \u00f3ta)<\/li>\n<li style=\"padding-left: 30px;\"><a href=\"http:\/\/mszmt.hu\/\">Magyar Szem\u00e9lyre Szabott Medic\u00edna T\u00e1rsas\u00e1g<\/a> (2012 \u00f3ta)<\/li>\n<li style=\"padding-left: 30px;\"><a href=\"http:\/\/mszmt.hu\/\">Magyar Szem\u00e9lyre Szabott Medic\u00edna T\u00e1rsas\u00e1g<\/a>, vezet\u0151s\u00e9gi tag (2020 \u00f3ta)<\/li>\n<li>\n<p><strong>\u00a0 \u00a0 \u00a0<\/strong>Magyar Tudom\u00e1nyos Akad\u00e9mia Bioinformatikai Oszt\u00e1lyk\u00f6zi \u00c1lland\u00f3 Bizotts\u00e1ga (2018 \u00f3ta)<\/p>\n<\/li>\n<\/ul>\n<h4><strong>D\u00edjak \u00e9s elismer\u00e9sek<\/strong><\/h4>\n<ul>\n<li style=\"padding-left: 30px;\">Merit d\u00edj (2019, 2021, 2023)<\/li>\n<li>\u00a0 \u00a0 \u00a0 Kiv\u00e1l\u00f3 TDK nevel\u0151 d\u00edj (2018)<\/li>\n<li style=\"padding-left: 30px;\">Prima Primissima alap\u00edtv\u00e1ny Junior Pr\u00edma d\u00edja (2014)<\/li>\n<li style=\"padding-left: 30px;\">Merit d\u00edj (2014)<\/li>\n<li style=\"padding-left: 30px;\">Szent-Gy\u00f6rgyi Albert posztdoktori \u00f6szt\u00f6nd\u00edj, Nemzeti kiv\u00e1l\u00f3s\u00e1g program (2013)<\/li>\n<li style=\"padding-left: 30px;\">European Hematology Association (EHA) kutat\u00f3i \u00f6szt\u00f6nd\u00edj (2009)<\/li>\n<li style=\"padding-left: 30px;\">Richter-Gedeon Rt. P\u00e1lyad\u00edja a PhD k\u00e9pz\u00e9s sor\u00e1n v\u00e9gzett kutat\u00e1si tev\u00e9kenys\u00e9g\u00e9rt (2006)<\/li>\n<\/ul>\n<h4><strong>T\u00e9mavezet\u0151i tev\u00e9kenys\u00e9g<\/strong><\/h4>\n<ul>\n<li style=\"padding-left: 30px;\">7 PhD hallgat\u00f3 t\u00e9mavezet\u0151je (5 fokozatott szerzett, 3 akt\u00edv PhD hallgat\u00f3)<\/li>\n<li style=\"padding-left: 30px;\">10 TDK hallgat\u00f3 t\u00e9mavezet\u0151je<\/li>\n<li style=\"padding-left: 30px;\">17 szakdolgozat t\u00e9mavezet\u0151je (16 jeles min\u0151s\u00edt\u00e9s)<\/li>\n<li style=\"padding-left: 30px;\">8 rektori p\u00e1lyamunka t\u00e9mavezet\u0151je (3 <em>I.<\/em>, 3 <em>II.<\/em> d\u00edj\u00a0\u00e9s 2 <em>rektori dics\u00e9ret<\/em>)<\/li>\n<li style=\"padding-left: 30px;\">8 OTDK el\u0151ad\u00e1s t\u00e9mavezet\u0151je (5 <em>I.<\/em>, 1 <em>II.<\/em>, \u00e9s 2 <em>k\u00fcl\u00f6nd\u00edj<\/em>)<\/li>\n<li style=\"padding-left: 30px;\">15 egyetemi TDK el\u0151ad\u00e1s t\u00e9mavezet\u0151je (11 <em>I.,<\/em> 3 <em>II.<\/em> d\u00edj \u00e9s 1 <em>III<\/em>. d\u00edj)<\/li>\n<\/ul>\n<h4><strong>Publik\u00e1ci\u00f3s aktivit\u00e1s<\/strong><\/h4>\n<ul>\n<li style=\"padding-left: 30px;\">Tudom\u00e1nyos k\u00f6zlem\u00e9nyek sz\u00e1ma: 87<\/li>\n<li style=\"padding-left: 30px;\">\u00d6sszes\u00edtett impakt faktor: 330,725<\/li>\n<li style=\"padding-left: 30px;\">Id\u00e9zetts\u00e9g: 1676<\/li>\n<li style=\"padding-left: 30px;\">Hirsch index: 19<\/li>\n<\/ul>\n<h4><strong>B\u00edr\u00e1l\u00f3i tev\u00e9kenys\u00e9g<\/strong><\/h4>\n<ul>\n<li style=\"padding-left: 30px;\">Oncotarget<\/li>\n<li style=\"padding-left: 30px;\">Expert Review of Hematology<\/li>\n<li style=\"padding-left: 30px;\">Pathology and Oncology Research<\/li>\n<\/ul>\n<h4><strong>Egy\u00e9b k\u00e9pzetts\u00e9g<\/strong><\/h4>\n<ul>\n<li style=\"padding-left: 30px;\">Exom-szekven\u00e1l\u00e1s adatelemz\u00e9s tanfolyam, Imperial College London (2012)<\/li>\n<li style=\"padding-left: 30px;\">\n<p>Bioinformatika tanfolyam: Joint EBI-Wellcome Trust Summer school in bioinformatics, Cambridge (2011)<\/p>\n<\/li>\n<\/ul>\n<h4><strong>Elnyert p\u00e1ly\u00e1zatok<\/strong><\/h4>\n<ul>\n<li style=\"padding-left: 30px;\">\n<p>Epigenetic model of Follicular Lymphoma. (Eur\u00f3pai Hematol\u00f3gus T\u00e1rsas\u00e1g (EHA) posztdoktori kutat\u00f3i p\u00e1ly\u00e1zata). Futamid\u0151: 3 \u00e9v (2010-2012). T\u00e1mogat\u00e1si \u00f6sszeg: 90.000 Eur\u00f3.<\/p>\n<\/li>\n<li style=\"padding-left: 30px;\">\n<p>Aberr\u00e1ns epigenetikai szab\u00e1lyoz\u00e1s \u00e9s annak ter\u00e1pi\u00e1s vonatkoz\u00e1sai follicularis lymphom\u00e1ban. (Szent-Gy\u00f6rgyi Albert posztdoktori \u00f6szt\u00f6nd\u00edj). Futamid\u0151: 1 \u00e9v (2013.05-2014.05). T\u00e1mogat\u00e1si \u00f6sszeg: 6 milli\u00f3 Forint.<\/p>\n<\/li>\n<li style=\"padding-left: 30px;\">\n<p>Famili\u00e1ris myelodysplasias szindr\u00f3m\u00e1k (MDS) \u00e9s akut myeloid leuk\u00e9mi\u00e1k (AML) genetikai h\u00e1tter\u00e9nek vizsg\u00e1lata. (OTKA-PD p\u00e1ly\u00e1zat). Futamid\u0151: 2 \u00e9v (2013.09-2015.09). T\u00e1mogat\u00e1si \u00f6sszeg: 8 milli\u00f3 Forint.<\/p>\n<\/li>\n<li style=\"padding-left: 30px;\">\n<p>Szem\u00e9lyre szabott daganat-ter\u00e1pa: B-sejtes lymphom\u00e1k epigenetikai h\u00e1tter\u00e9nek vizsg\u00e1lata (MTA Lend\u00fclet p\u00e1ly\u00e1zat, MTA-SE Molekul\u00e1ris Onkohematol\u00f3gia Munkacsoport) (2015-2020).<\/p>\n<\/li>\n<li style=\"padding-left: 30px;\">\n<p><span style=\"font-size: 1rem;\">\u00daj ter\u00e1pi\u00e1s c\u00e9lpontok azonos\u00edt\u00e1sa \u00e9s nyomonk\u00f6vet\u00e9se folyad\u00e9kbiopszi\u00e1s mint\u00e1kb\u00f3l B-sejtes limf\u00f3m\u00e1kban. (NKFIH_KH17 p\u00e1ly\u00e1zat. Futamid\u0151: 2 \u00e9v (2017.12.01-2019.11.30). T\u00e1mogat\u00e1si \u00f6sszeg: 19.2 milli\u00f3 Forint.<\/span><\/p>\n<\/li>\n<li style=\"padding-left: 30px;\">\n<p><span style=\"font-size: 1rem;\">Kr\u00f3nikus Myeloid Leuk\u00e9mia (CML) Ter\u00e1pia Asszisztens &#8211; CTA; A c\u00e9lzott ter\u00e1pia hat\u00e9konys\u00e1g\u00e1nak \u00e9rt\u00e9kel\u00e9s\u00e9t seg\u00edt\u0151 online rendszer kidolgoz\u00e1sa. (Semmelweis Egyetem Innov\u00e1ci\u00f3s p\u00e1ly\u00e1zata) (2018-2019). T\u00e1mogat\u00e1si \u00f6sszeg: 10 milli\u00f3 Forint.<\/span><\/p>\n<\/li>\n<\/ul>\n","protected":false},"excerpt":{"rendered":"<p>Szem\u00e9lyes Adatok N\u00e9v: B\u00f6d\u00f6r Csaba Sz\u00fclet\u00e9s ideje: 1982. j\u00fanius 7. Sz\u00fclet\u00e9s helye: Nyitra K\u00e9pzetts\u00e9g Klinikai laborat\u00f3riumi genetikus szakvizsga (2023) Molekul\u00e1ris biol\u00f3giai diagnosztika szakvizsga (2023) Magyar Tudom\u00e1nyos Akad\u00e9mia doktora (2021) Klinikai Biok\u00e9mikus szakvizsga (2021), Semmelweis Egyetem &hellip;<\/p>\n","protected":false},"author":36,"featured_media":0,"parent":0,"menu_order":0,"comment_status":"closed","ping_status":"closed","template":"","meta":{"footnotes":""},"class_list":["post-2","page","type-page","status-publish","hentry"],"_links":{"self":[{"href":"https:\/\/scholar.semmelweis.hu\/bodorc\/wp-json\/wp\/v2\/pages\/2"}],"collection":[{"href":"https:\/\/scholar.semmelweis.hu\/bodorc\/wp-json\/wp\/v2\/pages"}],"about":[{"href":"https:\/\/scholar.semmelweis.hu\/bodorc\/wp-json\/wp\/v2\/types\/page"}],"author":[{"embeddable":true,"href":"https:\/\/scholar.semmelweis.hu\/bodorc\/wp-json\/wp\/v2\/users\/36"}],"replies":[{"embeddable":true,"href":"https:\/\/scholar.semmelweis.hu\/bodorc\/wp-json\/wp\/v2\/comments?post=2"}],"version-history":[{"count":78,"href":"https:\/\/scholar.semmelweis.hu\/bodorc\/wp-json\/wp\/v2\/pages\/2\/revisions"}],"predecessor-version":[{"id":1240,"href":"https:\/\/scholar.semmelweis.hu\/bodorc\/wp-json\/wp\/v2\/pages\/2\/revisions\/1240"}],"wp:attachment":[{"href":"https:\/\/scholar.semmelweis.hu\/bodorc\/wp-json\/wp\/v2\/media?parent=2"}],"curies":[{"name":"wp","href":"https:\/\/api.w.org\/{rel}","templated":true}]}}

Önéletrajz

<h4><span style="color: #333333;"><strong>Személyes Adatok</strong></span></h4>
<p style="padding-left: 30px;">Név: Bödör Csaba<br />
Születés ideje: 1982. június 7.<br />
Születés helye: Nyitra</p>
<h4><span style="color: #333333;"><strong>Képzettség</strong></span></h4>
<ul style="list-style-type: disc;">
<li>Klinikai laboratóriumi genetikus szakvizsga (2023)</li>
<li>Molekuláris biológiai diagnosztika szakvizsga (2023)</li>
<li>Magyar Tudományos Akadémia doktora (2021)</li>
<li>Klinikai Biokémikus szakvizsga (2021), Semmelweis Egyetem</li>
<li>Habilitáció (2021): Semmelweis Egyetem</li>
<li>MSc fokozat (2020): <em>Egészségügyi szakmenedzser</em>, Semmelweis Egyetem Egészségügyi Menedzserképző Központ</li>
<li>PhD fokozat (2008): Patológiai Tudományok Doktori Iskola, <em>Molekuláris Onkológia</em> program, Semmelweis Egyetem</li>
<li>MSc fokozat (2005): Eötvös Loránd Tudományegyetem, Természettudományi Kar, <em>Molekuláris biológia</em> szakirány</li>
</ul>
<h4><strong>Munkahelyek</strong></h4>
<ul style="list-style-type: disc;">
<li>2022 óta: egyetemi tanár, Semmelweis Egyetem, Patológiai és Kísérleti Rákkutató Intézet</li>
<li>2021 óta: HCEMM kutatócsoportvezető, HCEMM-SE Molekuláris Onkohematológia Kutatócsoport</li>
<li>2017 óta: Molekuláris Diagnosztika részlegvezető, SE- I. sz. Patológiai és Kísérleti Rákkutató Intézet</li>
<li>2015-2020: Magyar Tudományos Akadémia; MTA-SE Lendület Molekuláris Onkohematológia Kutatócsoport-vezető</li>
<li>2014 óta: Semmelweis Egyetem, <a href="http://semmelweis.hu/patologia1/">I. sz. Patológiai és Kísérleti Rákkutató Intézet</a> (Tudományos főmunkatárs)</li>
<li>2013 óta: <a href="http://www.bci.qmul.ac.uk/">Barts Cancer Institute</a>, Centre for Haemato-Oncology, London (Vendégkutató)</li>
<li>2010-2013: <a href="http://www.bci.qmul.ac.uk/">Barts Cancer Institute</a>, Centre for Haemato-Oncology, London (Posztdoktor kutató)</li>
<li>2008-2009: Semmelweis Egyetem, <a href="http://semmelweis.hu/patologia1/">I. sz. Patológiai és Kísérleti Rákkutató Intézet</a> (Tudományos munkatárs)</li>
<li>2005-2008: Semmelweis Egyetem, <a href="http://semmelweis.hu/patologia1/">I. sz. Patológiai és Kísérleti Rákkutató Intézet</a> (PhD hallgató)</li>
</ul>
<h4><strong>Kutatási terület</strong></h4>
<ul>
<li style="padding-left: 30px;">Hematológiai daganatos megbetegedések patogenezise</li>
<li style="padding-left: 30px;">Genomika, epigenetika</li>
<li style="padding-left: 30px;">Személyre szabott terápia</li>
</ul>
<h4><strong>Társasági tagságok</strong></h4>
<ul>
<li style="padding-left: 30px;"><a href="http://www.ehaweb.org/">Európai Hematológus Társaság</a> (2009 óta)</li>
<li style="padding-left: 30px;"><a href="http://www.mhtt.hu/info.aspx?sp=1">Magyar Hematológiai és Transzfúziológiai Társaság</a> (vezetőségi tagság 2012 óta)</li>
<li style="padding-left: 30px;"><a href="http://www.mhtt.hu/info.aspx?sp=1">Magyar Hematológiai és Transzfúziológiai Társaság</a> (titkár 2017 óta)</li>
<li style="padding-left: 30px;"><a href="http://mszmt.hu/">Magyar Személyre Szabott Medicína Társaság</a> (2012 óta)</li>
<li style="padding-left: 30px;"><a href="http://mszmt.hu/">Magyar Személyre Szabott Medicína Társaság</a>, vezetőségi tag (2020 óta)</li>
<li>
<p><strong>     </strong>Magyar Tudományos Akadémia Bioinformatikai Osztályközi Állandó Bizottsága (2018 óta)</p>
</li>
</ul>
<h4><strong>Díjak és elismerések</strong></h4>
<ul>
<li style="padding-left: 30px;">Merit díj (2019, 2021, 2023)</li>
<li>      Kiváló TDK nevelő díj (2018)</li>
<li style="padding-left: 30px;">Prima Primissima alapítvány Junior Príma díja (2014)</li>
<li style="padding-left: 30px;">Merit díj (2014)</li>
<li style="padding-left: 30px;">Szent-Györgyi Albert posztdoktori ösztöndíj, Nemzeti kiválóság program (2013)</li>
<li style="padding-left: 30px;">European Hematology Association (EHA) kutatói ösztöndíj (2009)</li>
<li style="padding-left: 30px;">Richter-Gedeon Rt. Pályadíja a PhD képzés során végzett kutatási tevékenységért (2006)</li>
</ul>
<h4><strong>Témavezetői tevékenység</strong></h4>
<ul>
<li style="padding-left: 30px;">7 PhD hallgató témavezetője (5 fokozatott szerzett, 3 aktív PhD hallgató)</li>
<li style="padding-left: 30px;">10 TDK hallgató témavezetője</li>
<li style="padding-left: 30px;">17 szakdolgozat témavezetője (16 jeles minősítés)</li>
<li style="padding-left: 30px;">8 rektori pályamunka témavezetője (3 <em>I.</em>, 3 <em>II.</em> díj és 2 <em>rektori dicséret</em>)</li>
<li style="padding-left: 30px;">8 OTDK előadás témavezetője (5 <em>I.</em>, 1 <em>II.</em>, és 2 <em>különdíj</em>)</li>
<li style="padding-left: 30px;">15 egyetemi TDK előadás témavezetője (11 <em>I.,</em> 3 <em>II.</em> díj és 1 <em>III</em>. díj)</li>
</ul>
<h4><strong>Publikációs aktivitás</strong></h4>
<ul>
<li style="padding-left: 30px;">Tudományos közlemények száma: 87</li>
<li style="padding-left: 30px;">Összesített impakt faktor: 330,725</li>
<li style="padding-left: 30px;">Idézettség: 1676</li>
<li style="padding-left: 30px;">Hirsch index: 19</li>
</ul>
<h4><strong>Bírálói tevékenység</strong></h4>
<ul>
<li style="padding-left: 30px;">Oncotarget</li>
<li style="padding-left: 30px;">Expert Review of Hematology</li>
<li style="padding-left: 30px;">Pathology and Oncology Research</li>
</ul>
<h4><strong>Egyéb képzettség</strong></h4>
<ul>
<li style="padding-left: 30px;">Exom-szekvenálás adatelemzés tanfolyam, Imperial College London (2012)</li>
<li style="padding-left: 30px;">
<p>Bioinformatika tanfolyam: Joint EBI-Wellcome Trust Summer school in bioinformatics, Cambridge (2011)</p>
</li>
</ul>
<h4><strong>Elnyert pályázatok</strong></h4>
<ul>
<li style="padding-left: 30px;">
<p>Epigenetic model of Follicular Lymphoma. (Európai Hematológus Társaság (EHA) posztdoktori kutatói pályázata). Futamidő: 3 év (2010-2012). Támogatási összeg: 90.000 Euró.</p>
</li>
<li style="padding-left: 30px;">
<p>Aberráns epigenetikai szabályozás és annak terápiás vonatkozásai follicularis lymphomában. (Szent-Györgyi Albert posztdoktori ösztöndíj). Futamidő: 1 év (2013.05-2014.05). Támogatási összeg: 6 millió Forint.</p>
</li>
<li style="padding-left: 30px;">
<p>Familiáris myelodysplasias szindrómák (MDS) és akut myeloid leukémiák (AML) genetikai hátterének vizsgálata. (OTKA-PD pályázat). Futamidő: 2 év (2013.09-2015.09). Támogatási összeg: 8 millió Forint.</p>
</li>
<li style="padding-left: 30px;">
<p>Személyre szabott daganat-terápa: B-sejtes lymphomák epigenetikai hátterének vizsgálata (MTA Lendület pályázat, MTA-SE Molekuláris Onkohematológia Munkacsoport) (2015-2020).</p>
</li>
<li style="padding-left: 30px;">
<p><span style="font-size: 1rem;">Új terápiás célpontok azonosítása és nyomonkövetése folyadékbiopsziás mintákból B-sejtes limfómákban. (NKFIH_KH17 pályázat. Futamidő: 2 év (2017.12.01-2019.11.30). Támogatási összeg: 19.2 millió Forint.</span></p>
</li>
<li style="padding-left: 30px;">
<p><span style="font-size: 1rem;">Krónikus Myeloid Leukémia (CML) Terápia Asszisztens &#8211; CTA; A célzott terápia hatékonyságának értékelését segítő online rendszer kidolgozása. (Semmelweis Egyetem Innovációs pályázata) (2018-2019). Támogatási összeg: 10 millió Forint.</span></p>
</li>
</ul>

<p>Személyes Adatok Név: Bödör Csaba Születés ideje: 1982. június 7. Születés helye: Nyitra Képzettség Klinikai laboratóriumi genetikus szakvizsga (2023) Molekuláris biológiai diagnosztika szakvizsga (2023) Magyar Tudományos Akadémia doktora (2021) Klinikai Biokémikus szakvizsga (2021), Semmelweis Egyetem &hellip;</p>
