{"id":10,"date":"2015-10-06T20:13:12","date_gmt":"2015-10-06T18:13:12","guid":{"rendered":"http:\/\/scholar.semmelweis.hu\/barnag\/?page_id=10"},"modified":"2023-04-04T15:29:49","modified_gmt":"2023-04-04T13:29:49","slug":"publikaciok","status":"publish","type":"page","link":"https:\/\/scholar.semmelweis.hu\/barnag\/publikaciok\/","title":{"rendered":"Publik\u00e1ci\u00f3k"},"content":{"rendered":"<p><a href=\"https:\/\/vm.mtmt.hu\/\/search\/slist.php?lang=0&amp;top10=0&amp;AuthorID=10023553\">Publik\u00e1ci\u00f3s lista<\/a> az MTMT adazb\u00e1zisa alapj\u00e1n.<br \/>Az elm\u00falt \u00e9vek legfontosabb k\u00f6zlem\u00e9nyei:<\/p>\n<div class=\"authors\"><span class=\"author-name\"><a href=\"https:\/\/m2.mtmt.hu\/api\/author\/10072763\" target=\"_blank\" rel=\"noopener\">1. Czeti, \u00c1gnes<\/a>\u00a0<\/span>;\u00a0<span class=\"author-name\"><a href=\"https:\/\/m2.mtmt.hu\/api\/author\/10040820\" target=\"_blank\" rel=\"noopener\">Szal\u00f3ki, G\u00e1bor<sup>*<\/sup><\/a>\u00a0<\/span>;\u00a0<span class=\"author-name\"><a href=\"https:\/\/m2.mtmt.hu\/api\/author\/10045995\" target=\"_blank\" rel=\"noopener\">Varga, Gergely<\/a>\u00a0<\/span>;\u00a0<span class=\"author-name\"><a href=\"https:\/\/m2.mtmt.hu\/api\/author\/10081399\" target=\"_blank\" rel=\"noopener\">Szita, Vir\u00e1g R\u00e9ka<\/a>\u00a0<\/span>;\u00a0<span class=\"author-name\"><a href=\"https:\/\/m2.mtmt.hu\/api\/author\/10026923\" target=\"_blank\" rel=\"noopener\">Koml\u00f3si, Zsolt Istv\u00e1n<\/a>\u00a0<\/span>;\u00a0<span class=\"author-name\"><a href=\"https:\/\/m2.mtmt.hu\/api\/author\/10068530\" target=\"_blank\" rel=\"noopener\">Tak\u00e1cs, Ferenc<\/a>\u00a0<\/span>;\u00a0<span class=\"author-name\"><a href=\"https:\/\/m2.mtmt.hu\/api\/author\/10035394\" target=\"_blank\" rel=\"noopener\">M\u00e1rk, \u00c1gnes<\/a>\u00a0<\/span>;\u00a0<span class=\"author-name\"><a href=\"https:\/\/m2.mtmt.hu\/api\/author\/10023574\" target=\"_blank\" rel=\"noopener\">Tim\u00e1r, Botond<\/a>\u00a0<\/span>;\u00a0<span class=\"author-name\"><a href=\"https:\/\/m2.mtmt.hu\/api\/author\/10000495\" target=\"_blank\" rel=\"noopener\">Matolcsy, Andr\u00e1s<\/a>\u00a0<\/span>;\u00a0<span class=\"author-name\"><a href=\"https:\/\/m2.mtmt.hu\/api\/author\/10023553\" target=\"_blank\" rel=\"noopener\">Barna, G\u00e1bor \u2709 <\/a><\/span><a href=\"https:\/\/m2.mtmt.hu\/api\/publication\/32121246\" target=\"_blank\" rel=\"noopener\">Limitations of VS38c labeling in the detection of plasma cell myeloma by flow cytometry<\/a><\/div>\n<div class=\"pub-info\"><span class=\"journal-title\">CYTOMETRY PART A<\/span>\u00a0<span class=\"journal-volume\">101<\/span>\u00a0:\u00a0<span class=\"journal-issue\">2<\/span>\u00a0<span class=\"page\">pp. 159-166. , 8 p.\u00a0<\/span><span class=\"year\">(2022) f\u00fcggetlen id\u00e9zet: 1<\/span><\/div>\n<div>\n<div class=\"authors\"><span class=\"author-name\"><a href=\"https:\/\/m2.mtmt.hu\/api\/author\/10068530\" target=\"_blank\" rel=\"noopener\">2. Tak\u00e1cs, Ferenc<\/a>\u00a0<\/span>;\u00a0<span class=\"author-name\"><a href=\"https:\/\/m2.mtmt.hu\/api\/author\/10071606\" target=\"_blank\" rel=\"noopener\">Kotmayer, Lili<\/a>\u00a0<\/span>;\u00a0<span class=\"author-name\"><a href=\"https:\/\/m2.mtmt.hu\/api\/author\/10072763\" target=\"_blank\" rel=\"noopener\">Czeti, \u00c1gnes<\/a>\u00a0<\/span>;\u00a0<span class=\"author-name\"><a href=\"https:\/\/m2.mtmt.hu\/api\/author\/10040820\" target=\"_blank\" rel=\"noopener\">Szal\u00f3ki, G\u00e1bor<\/a>\u00a0<\/span>;\u00a0<span class=\"author-name\"><a href=\"https:\/\/m2.mtmt.hu\/api\/author\/10081879\" target=\"_blank\" rel=\"noopener\">L\u00e1szl\u00f3, Tam\u00e1s<\/a>\u00a0<\/span>;\u00a0<span class=\"author-name\"><a href=\"https:\/\/m2.mtmt.hu\/api\/author\/10048765\" target=\"_blank\" rel=\"noopener\">Mikala, G\u00e1bor<\/a>\u00a0<\/span>;\u00a0<span class=\"author-name\"><a href=\"https:\/\/m2.mtmt.hu\/api\/author\/10035394\" target=\"_blank\" rel=\"noopener\">M\u00e1rk, \u00c1gnes<\/a>\u00a0<\/span>;\u00a0<span class=\"author-name\"><a href=\"https:\/\/m2.mtmt.hu\/api\/author\/10023840\" target=\"_blank\" rel=\"noopener\">Masszi, Andr\u00e1s<\/a>\u00a0<\/span>;\u00a0<span class=\"author-name\"><a href=\"https:\/\/m2.mtmt.hu\/api\/author\/10023861\" target=\"_blank\" rel=\"noopener\">Farkas, P\u00e9ter<\/a>\u00a0<\/span>;\u00a0<span class=\"author-name\">Plander, M\u00e1rk\u00a0<\/span>et al.<\/div>\n<div class=\"title\"><a href=\"https:\/\/m2.mtmt.hu\/api\/publication\/33104808\" target=\"_blank\" rel=\"noopener\">Revealing a Phenotypical Appearance of Ibrutinib Resistance in Patients With Chronic Lymphocytic Leukaemia by Flow Cytometry<\/a><\/div>\n<div class=\"pub-info\"><span class=\"journal-title\">PATHOLOGY AND ONCOLOGY RESEARCH<\/span>\u00a0<span class=\"journal-volume\">28<\/span>\u00a0<span class=\"page\">Paper: 1610659 , 7 p.\u00a0<\/span><span class=\"year\">(2022)<\/span><\/div>\n<div>3. <span class=\"author-name\" style=\"font-size: 1rem\"><a href=\"https:\/\/m2.mtmt.hu\/api\/author\/10044183\" target=\"_blank\" rel=\"noopener\">Kriston, Csilla<\/a>\u00a0<\/span><span style=\"font-size: 1rem\">;\u00a0<\/span><span class=\"author-name\" style=\"font-size: 1rem\"><a href=\"https:\/\/m2.mtmt.hu\/api\/author\/10079418\" target=\"_blank\" rel=\"noopener\">Hernadfoi, Mark<\/a>\u00a0<\/span><span style=\"font-size: 1rem\">;\u00a0<\/span><span class=\"author-name\" style=\"font-size: 1rem\">Plander, Mark\u00a0<\/span><span style=\"font-size: 1rem\">;\u00a0<\/span><span class=\"author-name\" style=\"font-size: 1rem\"><a href=\"https:\/\/m2.mtmt.hu\/api\/author\/10035394\" target=\"_blank\" rel=\"noopener\">Mark, Agnes<\/a>\u00a0<\/span><span style=\"font-size: 1rem\">;\u00a0<\/span><span class=\"author-name\" style=\"font-size: 1rem\"><a href=\"https:\/\/m2.mtmt.hu\/api\/author\/10068530\" target=\"_blank\" rel=\"noopener\">Takacs, Ferenc<\/a>\u00a0<\/span><span style=\"font-size: 1rem\">;\u00a0<\/span><span class=\"author-name\" style=\"font-size: 1rem\"><a href=\"https:\/\/m2.mtmt.hu\/api\/author\/10072763\" target=\"_blank\" rel=\"noopener\">Czeti, Agnes<\/a>\u00a0<\/span><span style=\"font-size: 1rem\">;\u00a0<\/span><span class=\"author-name\" style=\"font-size: 1rem\"><a href=\"https:\/\/m2.mtmt.hu\/api\/author\/10040820\" target=\"_blank\" rel=\"noopener\">Szaloki, Gabor<\/a>\u00a0<\/span><span style=\"font-size: 1rem\">;\u00a0<\/span><span class=\"author-name\" style=\"font-size: 1rem\">Szabo, Orsolya\u00a0<\/span><span style=\"font-size: 1rem\">;\u00a0<\/span><span class=\"author-name\" style=\"font-size: 1rem\"><a href=\"https:\/\/m2.mtmt.hu\/api\/author\/10000495\" target=\"_blank\" rel=\"noopener\">Matolcsy, Andras<\/a>\u00a0<\/span><span style=\"font-size: 1rem\">;\u00a0<\/span><span class=\"author-name\" style=\"font-size: 1rem\"><a href=\"https:\/\/m2.mtmt.hu\/api\/author\/10023553\" target=\"_blank\" rel=\"noopener\">Barna, Gabor \u2709<\/a><\/span><\/p>\n<div class=\"title\"><a href=\"https:\/\/m2.mtmt.hu\/api\/publication\/32045954\" target=\"_blank\" rel=\"noopener\">Lenalidomide abrogates the survival effect of bone marrow stromal cells in chronic lymphocytic leukemia<\/a><\/div>\n<div class=\"pub-info\"><span class=\"journal-title\">HEMATOLOGICAL ONCOLOGY<\/span>\u00a0<span class=\"journal-volume\">39<\/span>\u00a0:\u00a0<span class=\"journal-issue\">4<\/span>\u00a0<span class=\"page\">pp. 513-520. , 8 p.\u00a0<\/span><span class=\"year\">(2021) f\u00fcggetlen id\u00e9zet: 2<\/span><\/div>\n<div>4. <span class=\"author-name\" style=\"font-size: 1rem\"><a href=\"https:\/\/m2.mtmt.hu\/api\/author\/10068530\" target=\"_blank\" rel=\"noopener\">Tak\u00e1cs, Ferenc<\/a>\u00a0<\/span><span style=\"font-size: 1rem\">;\u00a0<\/span><span class=\"author-name\" style=\"font-size: 1rem\"><a href=\"https:\/\/m2.mtmt.hu\/api\/author\/10048765\" target=\"_blank\" rel=\"noopener\">Mikala, G\u00e1bor<\/a>\u00a0<\/span><span style=\"font-size: 1rem\">;\u00a0<\/span><span class=\"author-name\" style=\"font-size: 1rem\"><a href=\"https:\/\/m2.mtmt.hu\/api\/author\/10032345\" target=\"_blank\" rel=\"noopener\">Nagy, No\u00e9mi<\/a>\u00a0<\/span><span style=\"font-size: 1rem\">;\u00a0<\/span><span class=\"author-name\" style=\"font-size: 1rem\"><a href=\"https:\/\/m2.mtmt.hu\/api\/author\/10063277\" target=\"_blank\" rel=\"noopener\">Reszegi, Andrea<\/a>\u00a0<\/span><span style=\"font-size: 1rem\">;\u00a0<\/span><span class=\"author-name\" style=\"font-size: 1rem\"><a href=\"https:\/\/m2.mtmt.hu\/api\/author\/10072763\" target=\"_blank\" rel=\"noopener\">Czeti, \u00c1gnes<\/a>\u00a0<\/span><span style=\"font-size: 1rem\">;\u00a0<\/span><span class=\"author-name\" style=\"font-size: 1rem\"><a href=\"https:\/\/m2.mtmt.hu\/api\/author\/10040820\" target=\"_blank\" rel=\"noopener\">Szal\u00f3ki, G\u00e1bor<\/a>\u00a0<\/span><span style=\"font-size: 1rem\">;\u00a0<\/span><span class=\"author-name\" style=\"font-size: 1rem\"><a href=\"https:\/\/m2.mtmt.hu\/api\/author\/10023553\" target=\"_blank\" rel=\"noopener\">Barna, G\u00e1bor \u2709<\/a><\/span><\/p>\n<div class=\"title\"><a href=\"https:\/\/m2.mtmt.hu\/api\/publication\/31832832\" target=\"_blank\" rel=\"noopener\">Identification of a novel resistance mechanism in venetoclax treatment and its prediction in chronic lymphocytic leukemia<\/a><\/div>\n<div class=\"pub-info\"><span class=\"journal-title\">ACTA ONCOLOGICA<\/span>\u00a0<span class=\"journal-volume\">60<\/span>\u00a0:\u00a0<span class=\"journal-issue\">4<\/span>\u00a0<span class=\"page\">pp. 528-530. , 3 p.\u00a0<\/span><span class=\"year\">(2021) f\u00fcggetlen id\u00e9zet: 2<\/span><\/div>\n<div>5. <span class=\"author-name\" style=\"font-size: 1rem\"><a href=\"https:\/\/m2.mtmt.hu\/api\/author\/10032930\" target=\"_blank\" rel=\"noopener\">Dunai, ZA \u2709<\/a>\u00a0<\/span><span style=\"font-size: 1rem\">;\u00a0<\/span><span class=\"author-name\" style=\"font-size: 1rem\">Imre, G\u00a0<\/span><span style=\"font-size: 1rem\">;\u00a0<\/span><span class=\"author-name\" style=\"font-size: 1rem\"><a href=\"https:\/\/m2.mtmt.hu\/api\/author\/10023553\" target=\"_blank\" rel=\"noopener\">Barna, G<\/a>\u00a0<\/span><span style=\"font-size: 1rem\">;\u00a0<\/span><span class=\"author-name\" style=\"font-size: 1rem\"><a href=\"https:\/\/m2.mtmt.hu\/api\/author\/10020914\" target=\"_blank\" rel=\"noopener\">Korcsmaros, T<\/a>\u00a0<\/span><span style=\"font-size: 1rem\">;\u00a0<\/span><span class=\"author-name\" style=\"font-size: 1rem\"><a href=\"https:\/\/m2.mtmt.hu\/api\/author\/10040839\" target=\"_blank\" rel=\"noopener\">Petak, I<\/a>\u00a0<\/span><span style=\"font-size: 1rem\">;\u00a0<\/span><span class=\"author-name\" style=\"font-size: 1rem\"><a href=\"https:\/\/m2.mtmt.hu\/api\/author\/10020188\" target=\"_blank\" rel=\"noopener\">Bauer, PI<\/a>\u00a0<\/span><span style=\"font-size: 1rem\">;\u00a0<\/span><span class=\"author-name\" style=\"font-size: 1rem\"><a href=\"https:\/\/m2.mtmt.hu\/api\/author\/10001567\" target=\"_blank\" rel=\"noopener\">Mihalik, R<\/a><\/span><\/p>\n<div class=\"title\"><a href=\"https:\/\/m2.mtmt.hu\/api\/publication\/2042473\" target=\"_blank\" rel=\"noopener\">Staurosporine induces necroptotic cell death under caspase-compromised conditions in U937 cells<\/a><\/div>\n<div class=\"pub-info\"><span class=\"journal-title\">PLOS ONE<\/span>\u00a0<span class=\"journal-volume\">7<\/span>\u00a0:\u00a0<span class=\"journal-issue\">7<\/span>\u00a0<span class=\"page\">Paper: e41945 , 14 p.\u00a0<\/span><span class=\"year\">(2012) f\u00fcggetlen id\u00e9zet: 86<\/span><\/div>\n<div>6. <span class=\"author-name\" style=\"font-size: 1rem\"><a href=\"https:\/\/m2.mtmt.hu\/api\/author\/10023553\" target=\"_blank\" rel=\"noopener\">Barna, G \u2709<\/a>\u00a0<\/span><span style=\"font-size: 1rem\">;\u00a0<\/span><span class=\"author-name\" style=\"font-size: 1rem\"><a href=\"https:\/\/m2.mtmt.hu\/api\/author\/10001567\" target=\"_blank\" rel=\"noopener\">Mihalik, R<sup>*<\/sup><\/a>\u00a0<\/span><span style=\"font-size: 1rem\">;\u00a0<\/span><span class=\"author-name\" style=\"font-size: 1rem\"><a href=\"https:\/\/m2.mtmt.hu\/api\/author\/10023574\" target=\"_blank\" rel=\"noopener\">Timar, B<\/a>\u00a0<\/span><span style=\"font-size: 1rem\">;\u00a0<\/span><span class=\"author-name\" style=\"font-size: 1rem\">Tombol, J\u00a0<\/span><span style=\"font-size: 1rem\">;\u00a0<\/span><span class=\"author-name\" style=\"font-size: 1rem\"><a href=\"https:\/\/m2.mtmt.hu\/api\/author\/10022063\" target=\"_blank\" rel=\"noopener\">Csende, Z<\/a>\u00a0<\/span><span style=\"font-size: 1rem\">;\u00a0<\/span><span class=\"author-name\" style=\"font-size: 1rem\"><a href=\"https:\/\/m2.mtmt.hu\/api\/author\/10000745\" target=\"_blank\" rel=\"noopener\">Sebestyen, A<\/a>\u00a0<\/span><span style=\"font-size: 1rem\">;\u00a0<\/span><span class=\"author-name\" style=\"font-size: 1rem\"><a href=\"https:\/\/m2.mtmt.hu\/api\/author\/10025100\" target=\"_blank\" rel=\"noopener\">Bodor, C<\/a>\u00a0<\/span><span style=\"font-size: 1rem\">;\u00a0<\/span><span class=\"author-name\" style=\"font-size: 1rem\"><a href=\"https:\/\/m2.mtmt.hu\/api\/author\/10025102\" target=\"_blank\" rel=\"noopener\">Csernus, B<\/a>\u00a0<\/span><span style=\"font-size: 1rem\">;\u00a0<\/span><span class=\"author-name\" style=\"font-size: 1rem\"><a href=\"https:\/\/m2.mtmt.hu\/api\/author\/10025104\" target=\"_blank\" rel=\"noopener\">Reiniger, L<\/a>\u00a0<\/span><span style=\"font-size: 1rem\">;\u00a0<\/span><span class=\"author-name\" style=\"font-size: 1rem\"><a href=\"https:\/\/m2.mtmt.hu\/api\/author\/10040839\" target=\"_blank\" rel=\"noopener\">Petak, I<\/a>\u00a0<\/span><span style=\"font-size: 1rem\">et al.<\/span><\/p>\n<div class=\"title\"><a href=\"https:\/\/m2.mtmt.hu\/api\/publication\/1815999\" target=\"_blank\" rel=\"noopener\">ROR1 expression is not a unique marker of CLL<\/a><\/div>\n<div class=\"pub-info\"><span class=\"journal-title\">HEMATOLOGICAL ONCOLOGY<\/span>\u00a0<span class=\"journal-volume\">29<\/span>\u00a0:\u00a0<span class=\"journal-issue\">1<\/span>\u00a0<span class=\"page\">pp. 17-21. , 5 p.\u00a0<\/span><span class=\"year\">(2011) f\u00fcggetlen id\u00e9zet: 61<\/span><\/div>\n<\/div>\n<\/div>\n<\/div>\n<\/div>\n<\/div>\n","protected":false},"excerpt":{"rendered":"<p><a href=\"https:\/\/vm.mtmt.hu\/\/search\/slist.php?lang=0&amp;top10=0&amp;AuthorID=10023553\">Publik\u00e1ci\u00f3s lista<\/a> az MTMT adazb\u00e1zisa alapj\u00e1n.Az elm\u00falt \u00e9vek legfontosabb k\u00f6zlem\u00e9nyei: <a href=\"https:\/\/m2.mtmt.hu\/api\/author\/10072763\" target=\"_blank\" rel=\"noopener\">1. Czeti, \u00c1gnes<\/a> \u00a0;\u00a0 <a href=\"https:\/\/m2.mtmt.hu\/api\/author\/10040820\" target=\"_blank\" rel=\"noopener\">Szal\u00f3ki, G\u00e1bor*<\/a> \u00a0;\u00a0 <a href=\"https:\/\/m2.mtmt.hu\/api\/author\/10045995\" target=\"_blank\" rel=\"noopener\">Varga, Gergely<\/a> \u00a0;\u00a0 <a href=\"https:\/\/m2.mtmt.hu\/api\/author\/10081399\" target=\"_blank\" rel=\"noopener\">Szita, Vir\u00e1g R\u00e9ka<\/a> \u00a0;\u00a0 <a href=\"https:\/\/m2.mtmt.hu\/api\/author\/10026923\" target=\"_blank\" rel=\"noopener\">Koml\u00f3si, Zsolt Istv\u00e1n<\/a> \u00a0;\u00a0 <a href=\"https:\/\/m2.mtmt.hu\/api\/author\/10068530\" target=\"_blank\" rel=\"noopener\">Tak\u00e1cs, Ferenc<\/a> \u00a0;\u00a0 <a href=\"https:\/\/m2.mtmt.hu\/api\/author\/10035394\" target=\"_blank\" rel=\"noopener\">M\u00e1rk, \u00c1gnes<\/a> \u00a0;\u00a0 <a href=\"https:\/\/m2.mtmt.hu\/api\/author\/10023574\" target=\"_blank\" rel=\"noopener\">Tim\u00e1r, Botond<\/a> \u00a0;\u00a0 <a href=\"https:\/\/m2.mtmt.hu\/api\/author\/10000495\" target=\"_blank\" rel=\"noopener\">Matolcsy, Andr\u00e1s<\/a> \u00a0;\u00a0 <a href=\"https:\/\/m2.mtmt.hu\/api\/author\/10023553\" target=\"_blank\" rel=\"noopener\">Barna, G\u00e1bor \u2709 <\/a> <a href=\"https:\/\/m2.mtmt.hu\/api\/publication\/32121246\" target=\"_blank\" rel=\"noopener\">Limitations of VS38c labeling in the detection of plasma cell myeloma by flow cytometry<\/a> CYTOMETRY PART A\u00a0101\u00a0:\u00a02\u00a0pp. 159-166. , 8 p.\u00a0(2022) f\u00fcggetlen id\u00e9zet: 1 <a href=\"https:\/\/m2.mtmt.hu\/api\/author\/10068530\" target=\"_blank\" rel=\"noopener\">2. Tak\u00e1cs, Ferenc<\/a> \u00a0;\u00a0 <a href=\"https:\/\/m2.mtmt.hu\/api\/author\/10071606\" target=\"_blank\" rel=\"noopener\">Kotmayer, Lili<\/a> \u00a0;\u00a0 <a href=\"https:\/\/m2.mtmt.hu\/api\/author\/10072763\" target=\"_blank\" rel=\"noopener\">Czeti, \u00c1gnes<\/a> \u00a0;\u00a0 <a href=\"https:\/\/m2.mtmt.hu\/api\/author\/10040820\" target=\"_blank\" rel=\"noopener\">Szal\u00f3ki, G\u00e1bor<\/a> \u00a0;\u00a0 <a href=\"https:\/\/m2.mtmt.hu\/api\/author\/10081879\" target=\"_blank\" rel=\"noopener\">L\u00e1szl\u00f3, Tam\u00e1s<\/a> \u00a0;\u00a0 <a href=\"https:\/\/m2.mtmt.hu\/api\/author\/10048765\" target=\"_blank\" rel=\"noopener\">Mikala, G\u00e1bor<\/a> \u00a0;\u00a0 <a href=\"https:\/\/m2.mtmt.hu\/api\/author\/10035394\" target=\"_blank\" rel=\"noopener\">M\u00e1rk, \u00c1gnes<\/a> \u00a0;\u00a0 <a href=\"https:\/\/m2.mtmt.hu\/api\/author\/10023840\" target=\"_blank\" rel=\"noopener\">Masszi, Andr\u00e1s<\/a> \u00a0;\u00a0 <a href=\"https:\/\/m2.mtmt.hu\/api\/author\/10023861\" target=\"_blank\" rel=\"noopener\">Farkas, P\u00e9ter<\/a> &hellip;<\/p>\n","protected":false},"author":36,"featured_media":0,"parent":0,"menu_order":0,"comment_status":"closed","ping_status":"closed","template":"","meta":{"footnotes":""},"class_list":["post-10","page","type-page","status-publish","hentry"],"_links":{"self":[{"href":"https:\/\/scholar.semmelweis.hu\/barnag\/wp-json\/wp\/v2\/pages\/10"}],"collection":[{"href":"https:\/\/scholar.semmelweis.hu\/barnag\/wp-json\/wp\/v2\/pages"}],"about":[{"href":"https:\/\/scholar.semmelweis.hu\/barnag\/wp-json\/wp\/v2\/types\/page"}],"author":[{"embeddable":true,"href":"https:\/\/scholar.semmelweis.hu\/barnag\/wp-json\/wp\/v2\/users\/36"}],"replies":[{"embeddable":true,"href":"https:\/\/scholar.semmelweis.hu\/barnag\/wp-json\/wp\/v2\/comments?post=10"}],"version-history":[{"count":4,"href":"https:\/\/scholar.semmelweis.hu\/barnag\/wp-json\/wp\/v2\/pages\/10\/revisions"}],"predecessor-version":[{"id":39,"href":"https:\/\/scholar.semmelweis.hu\/barnag\/wp-json\/wp\/v2\/pages\/10\/revisions\/39"}],"wp:attachment":[{"href":"https:\/\/scholar.semmelweis.hu\/barnag\/wp-json\/wp\/v2\/media?parent=10"}],"curies":[{"name":"wp","href":"https:\/\/api.w.org\/{rel}","templated":true}]}}